{"id":1401,"date":"2021-06-28T14:13:43","date_gmt":"2021-06-28T14:13:43","guid":{"rendered":"https:\/\/www.foretprivee.ca\/centreduquebec\/?post_type=events&#038;p=1401"},"modified":"2023-04-18T13:11:02","modified_gmt":"2023-04-18T13:11:02","slug":"fiscalite-forestiere","status":"publish","type":"events","link":"https:\/\/www.foretprivee.ca\/centreduquebec\/events\/fiscalite-forestiere\/","title":{"rendered":"Fiscalit\u00e9 foresti\u00e8re"},"content":{"rendered":"<p><strong>D\u00e9tails :<\/strong><\/p>\n<p>Ce cours vise \u00e0 fournir les principaux renseignements en mati\u00e8re de fiscalit\u00e9 foresti\u00e8re, en regard de la Loi de l&rsquo;imp\u00f4t sur le revenu (les d\u00e9ductibles, les avantages et les d\u00e9savantages d&rsquo;un l\u00e8gue de terre, etc.).<\/p>\n<p>20 participants maximum.<\/p>\n<p><strong>Formateur : Patrick Samson, CPA, CGA<\/strong><\/p>\n<p><a href=\"https:\/\/www.foretprivee.ca\/centreduquebec\/wp-content\/uploads\/sites\/5\/2023\/04\/2023-04-14-formation-page-2.pdf\"><span style=\"color: #85c041\">COMPL\u00c9TEZ LE FORMULAIRE <\/span><span style=\"color: #85c041\">D\u2019INSCRIPTION<\/span><\/a><\/p>\n","protected":false},"excerpt":{"rendered":"<p>D\u00e9tails : Ce cours vise \u00e0 fournir les principaux renseignements en mati\u00e8re de fiscalit\u00e9 foresti\u00e8re, en regard de la Loi de l&rsquo;imp\u00f4t sur le revenu (les d\u00e9ductibles, les avantages et les d\u00e9savantages d&rsquo;un l\u00e8gue de terre, etc.). 20 participants maximum. Formateur : Patrick Samson, CPA, CGA COMPL\u00c9TEZ LE FORMULAIRE D\u2019INSCRIPTION<\/p>\n","protected":false},"featured_media":0,"menu_order":0,"template":"","event_type":[11],"class_list":["post-1401","events","type-events","status-publish","hentry","event_type-formations"],"acf":[],"_links":{"self":[{"href":"https:\/\/www.foretprivee.ca\/centreduquebec\/wp-json\/wp\/v2\/events\/1401","targetHints":{"allow":["GET"]}}],"collection":[{"href":"https:\/\/www.foretprivee.ca\/centreduquebec\/wp-json\/wp\/v2\/events"}],"about":[{"href":"https:\/\/www.foretprivee.ca\/centreduquebec\/wp-json\/wp\/v2\/types\/events"}],"wp:attachment":[{"href":"https:\/\/www.foretprivee.ca\/centreduquebec\/wp-json\/wp\/v2\/media?parent=1401"}],"wp:term":[{"taxonomy":"event_type","embeddable":true,"href":"https:\/\/www.foretprivee.ca\/centreduquebec\/wp-json\/wp\/v2\/event_type?post=1401"}],"curies":[{"name":"wp","href":"https:\/\/api.w.org\/{rel}","templated":true}]}}

Fiscalité forestière

<p><strong>Détails :</strong></p>
<p>Ce cours vise à fournir les principaux renseignements en matière de fiscalité forestière, en regard de la Loi de l&rsquo;impôt sur le revenu (les déductibles, les avantages et les désavantages d&rsquo;un lègue de terre, etc.).</p>
<p>20 participants maximum.</p>
<p><strong>Formateur : Patrick Samson, CPA, CGA</strong></p>
<p><a href="https://www.foretprivee.ca/centreduquebec/wp-content/uploads/sites/5/2023/04/2023-04-14-formation-page-2.pdf"><span style="color: #85c041">COMPLÉTEZ LE FORMULAIRE </span><span style="color: #85c041">D’INSCRIPTION</span></a></p>

<p>Détails : Ce cours vise à fournir les principaux renseignements en matière de fiscalité forestière, en regard de la Loi de l&rsquo;impôt sur le revenu (les déductibles, les avantages et les désavantages d&rsquo;un lègue de terre, etc.). 20 participants maximum. Formateur : Patrick Samson, CPA, CGA COMPLÉTEZ LE FORMULAIRE D’INSCRIPTION</p>
