{"id":738,"date":"2019-01-16T19:03:14","date_gmt":"2019-01-16T19:03:14","guid":{"rendered":"https:\/\/www.foretprivee.ca\/centreduquebec\/?post_type=events&#038;p=738"},"modified":"2019-01-16T19:03:14","modified_gmt":"2019-01-16T19:03:14","slug":"abattage-controle-niveau-1-ou-avec-certification-4","status":"publish","type":"events","link":"https:\/\/www.foretprivee.ca\/centreduquebec\/events\/abattage-controle-niveau-1-ou-avec-certification-4\/","title":{"rendered":"ABATTAGE CONTR\u00d4L\u00c9 \u2013 NIVEAU 1 OU AVEC CERTIFICATION"},"content":{"rendered":"<p><strong>Organis\u00e9 par :<\/strong> Syndicat des producteurs de bois Mauricie \/ Centre-du-Qu\u00e9bec<br \/>\n<strong>T\u00e9l\u00e9phone :<\/strong> (819) 697-2922, poste 221<br \/>\n<strong>Co\u00fbt :<\/strong> Niveau 1 : 20$ \/ Avec certification : 200 $ ou 400 $<\/p>\n<p><strong>D\u00e9tails :<\/strong><br \/>\n<span style=\"color: #85c041;\"><a style=\"color: #85c041;\" href=\"https:\/\/www.foretprivee.ca\/centreduquebec\/wp-content\/uploads\/sites\/5\/2019\/01\/SPBCQ-SPBM_Inscription_formation.pdf\" target=\"_blank\" rel=\"noopener\">COMPL\u00c9TEZ LE FORMULAIRE D\u2019INSCRIPTION<\/a><\/span><\/p>\n","protected":false},"excerpt":{"rendered":"<p>Organis\u00e9 par : Syndicat des producteurs de bois Mauricie \/ Centre-du-Qu\u00e9bec T\u00e9l\u00e9phone : (819) 697-2922, poste 221 Co\u00fbt : Niveau 1 : 20$ \/ Avec certification : 200 $ ou 400 $ D\u00e9tails : COMPL\u00c9TEZ LE FORMULAIRE D\u2019INSCRIPTION<\/p>\n","protected":false},"featured_media":0,"menu_order":0,"template":"","event_type":[11],"class_list":["post-738","events","type-events","status-publish","hentry","event_type-formations"],"acf":[],"_links":{"self":[{"href":"https:\/\/www.foretprivee.ca\/centreduquebec\/wp-json\/wp\/v2\/events\/738","targetHints":{"allow":["GET"]}}],"collection":[{"href":"https:\/\/www.foretprivee.ca\/centreduquebec\/wp-json\/wp\/v2\/events"}],"about":[{"href":"https:\/\/www.foretprivee.ca\/centreduquebec\/wp-json\/wp\/v2\/types\/events"}],"wp:attachment":[{"href":"https:\/\/www.foretprivee.ca\/centreduquebec\/wp-json\/wp\/v2\/media?parent=738"}],"wp:term":[{"taxonomy":"event_type","embeddable":true,"href":"https:\/\/www.foretprivee.ca\/centreduquebec\/wp-json\/wp\/v2\/event_type?post=738"}],"curies":[{"name":"wp","href":"https:\/\/api.w.org\/{rel}","templated":true}]}}

ABATTAGE CONTRÔLÉ – NIVEAU 1 OU AVEC CERTIFICATION

<p><strong>Organisé par :</strong> Syndicat des producteurs de bois Mauricie / Centre-du-Québec<br />
<strong>Téléphone :</strong> (819) 697-2922, poste 221<br />
<strong>Coût :</strong> Niveau 1 : 20$ / Avec certification : 200 $ ou 400 $</p>
<p><strong>Détails :</strong><br />
<span style="color: #85c041;"><a style="color: #85c041;" href="https://www.foretprivee.ca/centreduquebec/wp-content/uploads/sites/5/2019/01/SPBCQ-SPBM_Inscription_formation.pdf" target="_blank" rel="noopener">COMPLÉTEZ LE FORMULAIRE D’INSCRIPTION</a></span></p>

<p>Organisé par : Syndicat des producteurs de bois Mauricie / Centre-du-Québec Téléphone : (819) 697-2922, poste 221 Coût : Niveau 1 : 20$ / Avec certification : 200 $ ou 400 $ Détails : COMPLÉTEZ LE FORMULAIRE D’INSCRIPTION</p>
