{"id":743,"date":"2019-01-16T19:13:52","date_gmt":"2019-01-16T19:13:52","guid":{"rendered":"https:\/\/www.foretprivee.ca\/centreduquebec\/?post_type=events&#038;p=743"},"modified":"2020-06-12T13:01:25","modified_gmt":"2020-06-12T13:01:25","slug":"amenagement-dun-boise-prive","status":"publish","type":"events","link":"https:\/\/www.foretprivee.ca\/centreduquebec\/events\/amenagement-dun-boise-prive\/","title":{"rendered":"AM\u00c9NAGEMENT D\u2019UN BOIS\u00c9 PRIV\u00c9"},"content":{"rendered":"<p><strong>Organis\u00e9 par :<\/strong> Syndicat des producteurs de bois Mauricie \/ Centre-du-Qu\u00e9bec<br \/>\n<strong>T\u00e9l\u00e9phone :<\/strong> (819) 697-2922, poste 240<br \/>\n<strong>Co\u00fbt :<\/strong> 20.00 $<\/p>\n<p><strong>D\u00e9tails :<\/strong><br \/>\nInformez-vous sur les avantages li\u00e9s \u00e0 la r\u00e9alisation de travaux sylvicoles sur votre terre et sur les impacts de ceux-ci sur la rentabilit\u00e9 de votre bois\u00e9, la biodiversit\u00e9, la lutte aux changements climatiques et plus encore. <em>20 participants maximum<\/em>.<\/p>\n<p><a href=\"https:\/\/www.foretprivee.ca\/centreduquebec\/wp-content\/uploads\/sites\/5\/2019\/01\/SPBCQ-SPBM_Inscription_formation.pdf\" target=\"_blank\" rel=\"noopener\"><span style=\"color: #85c041\">COMPL\u00c9TEZ LE FORMULAIRE D\u2019INSCRIPTION<\/span><\/a><\/p>\n","protected":false},"excerpt":{"rendered":"<p>Organis\u00e9 par : Syndicat des producteurs de bois Mauricie \/ Centre-du-Qu\u00e9bec T\u00e9l\u00e9phone : (819) 697-2922, poste 240 Co\u00fbt : 20.00 $ D\u00e9tails : Informez-vous sur les avantages li\u00e9s \u00e0 la r\u00e9alisation de travaux sylvicoles sur votre terre et sur les impacts de ceux-ci sur la rentabilit\u00e9 de votre bois\u00e9, la biodiversit\u00e9, la lutte aux changements &hellip; <\/p>\n<p class=\"link-more\"><a href=\"https:\/\/www.foretprivee.ca\/centreduquebec\/events\/amenagement-dun-boise-prive\/\" class=\"more-link\">Lire la suite<\/a><\/p>\n","protected":false},"featured_media":0,"menu_order":0,"template":"","event_type":[11],"class_list":["post-743","events","type-events","status-publish","hentry","event_type-formations"],"acf":[],"_links":{"self":[{"href":"https:\/\/www.foretprivee.ca\/centreduquebec\/wp-json\/wp\/v2\/events\/743","targetHints":{"allow":["GET"]}}],"collection":[{"href":"https:\/\/www.foretprivee.ca\/centreduquebec\/wp-json\/wp\/v2\/events"}],"about":[{"href":"https:\/\/www.foretprivee.ca\/centreduquebec\/wp-json\/wp\/v2\/types\/events"}],"wp:attachment":[{"href":"https:\/\/www.foretprivee.ca\/centreduquebec\/wp-json\/wp\/v2\/media?parent=743"}],"wp:term":[{"taxonomy":"event_type","embeddable":true,"href":"https:\/\/www.foretprivee.ca\/centreduquebec\/wp-json\/wp\/v2\/event_type?post=743"}],"curies":[{"name":"wp","href":"https:\/\/api.w.org\/{rel}","templated":true}]}}

AMÉNAGEMENT D’UN BOISÉ PRIVÉ

<p><strong>Organisé par :</strong> Syndicat des producteurs de bois Mauricie / Centre-du-Québec<br />
<strong>Téléphone :</strong> (819) 697-2922, poste 240<br />
<strong>Coût :</strong> 20.00 $</p>
<p><strong>Détails :</strong><br />
Informez-vous sur les avantages liés à la réalisation de travaux sylvicoles sur votre terre et sur les impacts de ceux-ci sur la rentabilité de votre boisé, la biodiversité, la lutte aux changements climatiques et plus encore. <em>20 participants maximum</em>.</p>
<p><a href="https://www.foretprivee.ca/centreduquebec/wp-content/uploads/sites/5/2019/01/SPBCQ-SPBM_Inscription_formation.pdf" target="_blank" rel="noopener"><span style="color: #85c041">COMPLÉTEZ LE FORMULAIRE D’INSCRIPTION</span></a></p>

<p>Organisé par : Syndicat des producteurs de bois Mauricie / Centre-du-Québec Téléphone : (819) 697-2922, poste 240 Coût : 20.00 $ Détails : Informez-vous sur les avantages liés à la réalisation de travaux sylvicoles sur votre terre et sur les impacts de ceux-ci sur la rentabilité de votre boisé, la biodiversité, la lutte aux changements &hellip; </p>
<p class="link-more"><a href="https://www.foretprivee.ca/centreduquebec/events/amenagement-dun-boise-prive/" class="more-link">Lire la suite</a></p>
