{"id":746,"date":"2019-01-16T19:18:10","date_gmt":"2019-01-16T19:18:10","guid":{"rendered":"https:\/\/www.foretprivee.ca\/centreduquebec\/?post_type=events&#038;p=746"},"modified":"2020-06-12T13:00:43","modified_gmt":"2020-06-12T13:00:43","slug":"identification-des-arbres-feuillus-et-resineux","status":"publish","type":"events","link":"https:\/\/www.foretprivee.ca\/centreduquebec\/events\/identification-des-arbres-feuillus-et-resineux\/","title":{"rendered":"IDENTIFICATION DES ARBRES FEUILLUS ET R\u00c9SINEUX"},"content":{"rendered":"<p><strong>Organis\u00e9 par :<\/strong> Syndicat des producteurs de bois Mauricie \/ Centre-du-Qu\u00e9bec<br \/>\n<strong>T\u00e9l\u00e9phone :<\/strong> (819) 697-2922, poste 240<br \/>\n<strong>Co\u00fbt :<\/strong> 20.00 $<\/p>\n<p><strong>D\u00e9tails :<\/strong><br \/>\nCet atelier d\u2019une demi-journ\u00e9e vous donnera plein de trucs permettant l\u2019identification rapide des arbustes, des arbres feuillus ainsi que des arbres r\u00e9sineux. <em>15 participants maximum<\/em>.<\/p>\n<p><a href=\"http:\/\/www.foretprivee.ca\/centreduquebec\/wp-content\/uploads\/sites\/5\/2020\/03\/2020-03-04-formation-page-2.pdf\" target=\"_blank\" rel=\"noopener\"><span style=\"color: #85c041\">COMPL\u00c9TEZ LE FORMULAIRE D\u2019INSCRIPTION<\/span><\/a><\/p>\n","protected":false},"excerpt":{"rendered":"<p>Organis\u00e9 par : Syndicat des producteurs de bois Mauricie \/ Centre-du-Qu\u00e9bec T\u00e9l\u00e9phone : (819) 697-2922, poste 240 Co\u00fbt : 20.00 $ D\u00e9tails : Cet atelier d\u2019une demi-journ\u00e9e vous donnera plein de trucs permettant l\u2019identification rapide des arbustes, des arbres feuillus ainsi que des arbres r\u00e9sineux. 15 participants maximum. COMPL\u00c9TEZ LE FORMULAIRE D\u2019INSCRIPTION<\/p>\n","protected":false},"featured_media":0,"menu_order":0,"template":"","event_type":[11],"class_list":["post-746","events","type-events","status-publish","hentry","event_type-formations"],"acf":[],"_links":{"self":[{"href":"https:\/\/www.foretprivee.ca\/centreduquebec\/wp-json\/wp\/v2\/events\/746","targetHints":{"allow":["GET"]}}],"collection":[{"href":"https:\/\/www.foretprivee.ca\/centreduquebec\/wp-json\/wp\/v2\/events"}],"about":[{"href":"https:\/\/www.foretprivee.ca\/centreduquebec\/wp-json\/wp\/v2\/types\/events"}],"wp:attachment":[{"href":"https:\/\/www.foretprivee.ca\/centreduquebec\/wp-json\/wp\/v2\/media?parent=746"}],"wp:term":[{"taxonomy":"event_type","embeddable":true,"href":"https:\/\/www.foretprivee.ca\/centreduquebec\/wp-json\/wp\/v2\/event_type?post=746"}],"curies":[{"name":"wp","href":"https:\/\/api.w.org\/{rel}","templated":true}]}}

IDENTIFICATION DES ARBRES FEUILLUS ET RÉSINEUX

<p><strong>Organisé par :</strong> Syndicat des producteurs de bois Mauricie / Centre-du-Québec<br />
<strong>Téléphone :</strong> (819) 697-2922, poste 240<br />
<strong>Coût :</strong> 20.00 $</p>
<p><strong>Détails :</strong><br />
Cet atelier d’une demi-journée vous donnera plein de trucs permettant l’identification rapide des arbustes, des arbres feuillus ainsi que des arbres résineux. <em>15 participants maximum</em>.</p>
<p><a href="http://www.foretprivee.ca/centreduquebec/wp-content/uploads/sites/5/2020/03/2020-03-04-formation-page-2.pdf" target="_blank" rel="noopener"><span style="color: #85c041">COMPLÉTEZ LE FORMULAIRE D’INSCRIPTION</span></a></p>

<p>Organisé par : Syndicat des producteurs de bois Mauricie / Centre-du-Québec Téléphone : (819) 697-2922, poste 240 Coût : 20.00 $ Détails : Cet atelier d’une demi-journée vous donnera plein de trucs permettant l’identification rapide des arbustes, des arbres feuillus ainsi que des arbres résineux. 15 participants maximum. COMPLÉTEZ LE FORMULAIRE D’INSCRIPTION</p>
