{"id":19,"date":"2018-12-13T20:11:26","date_gmt":"2018-12-13T20:11:26","guid":{"rendered":"https:\/\/www.foretprivee.ca\/centreduquebec\/?page_id=19"},"modified":"2019-02-07T19:31:13","modified_gmt":"2019-02-07T19:31:13","slug":"territoires-et-cartes","status":"publish","type":"page","link":"https:\/\/www.foretprivee.ca\/centreduquebec\/mon-syndicat\/territoires-et-cartes\/","title":{"rendered":"Territoires et cartes"},"content":{"rendered":"\t\t<div data-elementor-type=\"wp-post\" data-elementor-id=\"19\" class=\"elementor elementor-19 elementor-bc-flex-widget\" data-elementor-post-type=\"page\">\n\t\t\t\t\t\t<section class=\"elementor-section elementor-top-section elementor-element elementor-element-551b8af1 elementor-section-boxed elementor-section-height-default elementor-section-height-default\" data-id=\"551b8af1\" data-element_type=\"section\" data-e-type=\"section\">\n\t\t\t\t\t\t<div class=\"elementor-container elementor-column-gap-default\">\n\t\t\t\t\t<div class=\"elementor-column elementor-col-50 elementor-top-column elementor-element elementor-element-39fb924d\" data-id=\"39fb924d\" data-element_type=\"column\" data-e-type=\"column\">\n\t\t\t<div class=\"elementor-widget-wrap elementor-element-populated\">\n\t\t\t\t\t\t<div class=\"elementor-element elementor-element-6e30c512 elementor-widget elementor-widget-text-editor\" data-id=\"6e30c512\" data-element_type=\"widget\" data-e-type=\"widget\" data-widget_type=\"text-editor.default\">\n\t\t\t\t<div class=\"elementor-widget-container\">\n\t\t\t\t\t\t\t\t\t<h4>MISE EN MARCH\u00c9<\/h4><p>Le territoire pour la mise en march\u00e9 du bois n\u2019englobe pas toutes les municipalit\u00e9s de la r\u00e9gion administrative du Centre-du-Qu\u00e9bec. Consultez la carte et la liste des municipalit\u00e9s vis\u00e9es par notre Plan conjoint.<\/p>\t\t\t\t\t\t\t\t<\/div>\n\t\t\t\t<\/div>\n\t\t\t\t<div class=\"elementor-element elementor-element-8bbc8da elementor-widget elementor-widget-pdf-downloader\" data-id=\"8bbc8da\" data-element_type=\"widget\" data-e-type=\"widget\" data-widget_type=\"pdf-downloader.default\">\n\t\t\t\t<div class=\"elementor-widget-container\">\n\t\t\t\t\t\t\t<div class=\"penega-pdf-repeater-container\">\n\t\t\t<ul>\n\t            \t\t\t\t\t<a href=\"https:\/\/www.foretprivee.ca\/centreduquebec\/wp-content\/uploads\/sites\/5\/2018\/12\/TerritoireSPBCQ.pdf\" target=\"_blank\">\n\t                \t<li>\n                            <div class=\"pdf-text-box\">\n                                Liste des municipalit\u00e9s vis\u00e9es par notre Plan conjoint                            <\/div>\n                            <div class=\"pdf-icone-box\">\n                                <img decoding=\"async\" data-src=\"\/wp-content\/themes\/penega\/assets\/images\/icone-pdf-downloader.png\" src=\"data:image\/svg+xml;base64,PHN2ZyB3aWR0aD0iMSIgaGVpZ2h0PSIxIiB4bWxucz0iaHR0cDovL3d3dy53My5vcmcvMjAwMC9zdmciPjwvc3ZnPg==\" class=\"lazyload\">\n                            <\/div>\n                \t\t<\/li>\n\t\t\t\t\t<\/a>\n\t                \t        <\/ul>\n\t\t<\/div>\n\t\t\t\t\t\t<\/div>\n\t\t\t\t<\/div>\n\t\t\t\t<div class=\"elementor-element elementor-element-412c48d elementor-widget elementor-widget-image\" data-id=\"412c48d\" data-element_type=\"widget\" data-e-type=\"widget\" data-widget_type=\"image.default\">\n\t\t\t\t<div class=\"elementor-widget-container\">\n\t\t\t\t\t\t\t\t\t\t\t\t\t\t\t\t<a href=\"http:\/\/www.foretprivee.ca\/centreduquebec\/wp-content\/uploads\/sites\/5\/2018\/12\/TerritoireSPBCQ.png\" data-elementor-open-lightbox=\"yes\" data-elementor-lightbox-title=\"TerritoireSPBCQ\" data-e-action-hash=\"#elementor-action%3Aaction%3Dlightbox%26settings%3DeyJpZCI6MTMzLCJ1cmwiOiJodHRwczpcL1wvd3d3LmZvcmV0cHJpdmVlLmNhXC9jZW50cmVkdXF1ZWJlY1wvd3AtY29udGVudFwvdXBsb2Fkc1wvc2l0ZXNcLzVcLzIwMThcLzEyXC9UZXJyaXRvaXJlU1BCQ1EuanBnIn0%3D\">\n\t\t\t\t\t\t\t<img fetchpriority=\"high\" decoding=\"async\" width=\"525\" height=\"492\" src=\"https:\/\/www.foretprivee.ca\/centreduquebec\/wp-content\/uploads\/sites\/5\/2018\/12\/TerritoireSPBCQ-1024x960.jpg\" class=\"attachment-large size-large wp-image-133\" alt=\"\" srcset=\"https:\/\/www.foretprivee.ca\/centreduquebec\/wp-content\/uploads\/sites\/5\/2018\/12\/TerritoireSPBCQ-1024x960.jpg 1024w, https:\/\/www.foretprivee.ca\/centreduquebec\/wp-content\/uploads\/sites\/5\/2018\/12\/TerritoireSPBCQ-300x281.jpg 300w, https:\/\/www.foretprivee.ca\/centreduquebec\/wp-content\/uploads\/sites\/5\/2018\/12\/TerritoireSPBCQ-768x720.jpg 768w, https:\/\/www.foretprivee.ca\/centreduquebec\/wp-content\/uploads\/sites\/5\/2018\/12\/TerritoireSPBCQ.jpg 1121w\" sizes=\"100vw\" \/>\t\t\t\t\t\t\t\t<\/a>\n\t\t\t\t\t\t\t\t\t\t\t\t\t\t\t<\/div>\n\t\t\t\t<\/div>\n\t\t\t\t<div class=\"elementor-element elementor-element-ea159a7 elementor-widget elementor-widget-spacer\" data-id=\"ea159a7\" data-element_type=\"widget\" data-e-type=\"widget\" data-widget_type=\"spacer.default\">\n\t\t\t\t<div class=\"elementor-widget-container\">\n\t\t\t\t\t\t\t<div class=\"elementor-spacer\">\n\t\t\t<div class=\"elementor-spacer-inner\"><\/div>\n\t\t<\/div>\n\t\t\t\t\t\t<\/div>\n\t\t\t\t<\/div>\n\t\t\t\t<div class=\"elementor-element elementor-element-105b512 elementor-widget elementor-widget-text-editor\" data-id=\"105b512\" data-element_type=\"widget\" data-e-type=\"widget\" data-widget_type=\"text-editor.default\">\n\t\t\t\t<div class=\"elementor-widget-container\">\n\t\t\t\t\t\t\t\t\t<h4>SERVICE D\u2019AM\u00c9NAGEMENT FORESTIER<\/h4><p style=\"font-style: normal; font-variant-ligatures: normal; font-variant-caps: normal; font-size: 16px;\">Le Syndicat offre, en plus de la mise en march\u00e9, un service d\u2019am\u00e9nagement forestier pour tout le territoire la r\u00e9gion du Centre-du-Qu\u00e9bec.<\/p><p style=\"font-style: normal; font-variant-ligatures: normal; font-variant-caps: normal; font-size: 16px;\">N\u2019h\u00e9sitez pas \u00e0 communiquer avec monsieur Mathieu Roberge, technicien forestier de ce secteur au 819 697-2922, poste 243.<\/p>\t\t\t\t\t\t\t\t<\/div>\n\t\t\t\t<\/div>\n\t\t\t\t\t<\/div>\n\t\t<\/div>\n\t\t\t\t<div class=\"elementor-column elementor-col-50 elementor-top-column elementor-element elementor-element-b2aa5b2\" data-id=\"b2aa5b2\" data-element_type=\"column\" data-e-type=\"column\">\n\t\t\t<div class=\"elementor-widget-wrap\">\n\t\t\t\t\t\t\t<\/div>\n\t\t<\/div>\n\t\t\t\t\t<\/div>\n\t\t<\/section>\n\t\t\t\t<\/div>\n\t\t","protected":false},"excerpt":{"rendered":"<p>MISE EN MARCH\u00c9 Le territoire pour la mise en march\u00e9 du bois n\u2019englobe pas toutes les municipalit\u00e9s de la r\u00e9gion administrative du Centre-du-Qu\u00e9bec. Consultez la carte et la liste des municipalit\u00e9s vis\u00e9es par notre Plan conjoint. Liste des municipalit\u00e9s vis\u00e9es par notre Plan conjoint SERVICE D\u2019AM\u00c9NAGEMENT FORESTIER Le Syndicat offre, en plus de la mise &hellip; <\/p>\n<p class=\"link-more\"><a href=\"https:\/\/www.foretprivee.ca\/centreduquebec\/mon-syndicat\/territoires-et-cartes\/\" class=\"more-link\">Lire la suite<\/a><\/p>\n","protected":false},"author":1,"featured_media":0,"parent":5,"menu_order":0,"comment_status":"closed","ping_status":"closed","template":"","meta":{"_acf_changed":false,"footnotes":""},"class_list":["post-19","page","type-page","status-publish","hentry"],"acf":[],"_links":{"self":[{"href":"https:\/\/www.foretprivee.ca\/centreduquebec\/wp-json\/wp\/v2\/pages\/19","targetHints":{"allow":["GET"]}}],"collection":[{"href":"https:\/\/www.foretprivee.ca\/centreduquebec\/wp-json\/wp\/v2\/pages"}],"about":[{"href":"https:\/\/www.foretprivee.ca\/centreduquebec\/wp-json\/wp\/v2\/types\/page"}],"author":[{"embeddable":true,"href":"https:\/\/www.foretprivee.ca\/centreduquebec\/wp-json\/wp\/v2\/users\/1"}],"replies":[{"embeddable":true,"href":"https:\/\/www.foretprivee.ca\/centreduquebec\/wp-json\/wp\/v2\/comments?post=19"}],"version-history":[{"count":0,"href":"https:\/\/www.foretprivee.ca\/centreduquebec\/wp-json\/wp\/v2\/pages\/19\/revisions"}],"up":[{"embeddable":true,"href":"https:\/\/www.foretprivee.ca\/centreduquebec\/wp-json\/wp\/v2\/pages\/5"}],"wp:attachment":[{"href":"https:\/\/www.foretprivee.ca\/centreduquebec\/wp-json\/wp\/v2\/media?parent=19"}],"curies":[{"name":"wp","href":"https:\/\/api.w.org\/{rel}","templated":true}]}}

<div data-elementor-type="wp-post" data-elementor-id="19" class="elementor elementor-19 elementor-bc-flex-widget" data-elementor-post-type="page">
						<section class="elementor-section elementor-top-section elementor-element elementor-element-551b8af1 elementor-section-boxed elementor-section-height-default elementor-section-height-default" data-id="551b8af1" data-element_type="section" data-e-type="section">
						<div class="elementor-container elementor-column-gap-default">
					<div class="elementor-column elementor-col-50 elementor-top-column elementor-element elementor-element-39fb924d" data-id="39fb924d" data-element_type="column" data-e-type="column">
			<div class="elementor-widget-wrap elementor-element-populated">
						<div class="elementor-element elementor-element-6e30c512 elementor-widget elementor-widget-text-editor" data-id="6e30c512" data-element_type="widget" data-e-type="widget" data-widget_type="text-editor.default">
				<div class="elementor-widget-container">
									<h4>MISE EN MARCHÉ</h4><p>Le territoire pour la mise en marché du bois n’englobe pas toutes les municipalités de la région administrative du Centre-du-Québec. Consultez la carte et la liste des municipalités visées par notre Plan conjoint.</p>								</div>
				</div>
				<div class="elementor-element elementor-element-8bbc8da elementor-widget elementor-widget-pdf-downloader" data-id="8bbc8da" data-element_type="widget" data-e-type="widget" data-widget_type="pdf-downloader.default">
				<div class="elementor-widget-container">
							<div class="penega-pdf-repeater-container">
			<ul>
	            					<a href="https://www.foretprivee.ca/centreduquebec/wp-content/uploads/sites/5/2018/12/TerritoireSPBCQ.pdf" target="_blank">
	                	<li>
                            <div class="pdf-text-box">
                                Liste des municipalités visées par notre Plan conjoint                            </div>
                            <div class="pdf-icone-box">
                                <img decoding="async" data-src="/wp-content/themes/penega/assets/images/icone-pdf-downloader.png" src="data:image/svg+xml;base64,PHN2ZyB3aWR0aD0iMSIgaGVpZ2h0PSIxIiB4bWxucz0iaHR0cDovL3d3dy53My5vcmcvMjAwMC9zdmciPjwvc3ZnPg==" class="lazyload">
                            </div>
                		</li>
					</a>
	                	        </ul>
		</div>
						</div>
				</div>
				<div class="elementor-element elementor-element-412c48d elementor-widget elementor-widget-image" data-id="412c48d" data-element_type="widget" data-e-type="widget" data-widget_type="image.default">
				<div class="elementor-widget-container">
																<a href="http://www.foretprivee.ca/centreduquebec/wp-content/uploads/sites/5/2018/12/TerritoireSPBCQ.png" data-elementor-open-lightbox="yes" data-elementor-lightbox-title="TerritoireSPBCQ" data-e-action-hash="#elementor-action%3Aaction%3Dlightbox%26settings%3DeyJpZCI6MTMzLCJ1cmwiOiJodHRwczpcL1wvd3d3LmZvcmV0cHJpdmVlLmNhXC9jZW50cmVkdXF1ZWJlY1wvd3AtY29udGVudFwvdXBsb2Fkc1wvc2l0ZXNcLzVcLzIwMThcLzEyXC9UZXJyaXRvaXJlU1BCQ1EuanBnIn0%3D">
							<img fetchpriority="high" decoding="async" width="525" height="492" src="https://www.foretprivee.ca/centreduquebec/wp-content/uploads/sites/5/2018/12/TerritoireSPBCQ-1024x960.jpg" class="attachment-large size-large wp-image-133" alt="" srcset="https://www.foretprivee.ca/centreduquebec/wp-content/uploads/sites/5/2018/12/TerritoireSPBCQ-1024x960.jpg 1024w, https://www.foretprivee.ca/centreduquebec/wp-content/uploads/sites/5/2018/12/TerritoireSPBCQ-300x281.jpg 300w, https://www.foretprivee.ca/centreduquebec/wp-content/uploads/sites/5/2018/12/TerritoireSPBCQ-768x720.jpg 768w, https://www.foretprivee.ca/centreduquebec/wp-content/uploads/sites/5/2018/12/TerritoireSPBCQ.jpg 1121w" sizes="100vw" />								</a>
															</div>
				</div>
				<div class="elementor-element elementor-element-ea159a7 elementor-widget elementor-widget-spacer" data-id="ea159a7" data-element_type="widget" data-e-type="widget" data-widget_type="spacer.default">
				<div class="elementor-widget-container">
							<div class="elementor-spacer">
			<div class="elementor-spacer-inner"></div>
		</div>
						</div>
				</div>
				<div class="elementor-element elementor-element-105b512 elementor-widget elementor-widget-text-editor" data-id="105b512" data-element_type="widget" data-e-type="widget" data-widget_type="text-editor.default">
				<div class="elementor-widget-container">
									<h4>SERVICE D’AMÉNAGEMENT FORESTIER</h4><p style="font-style: normal; font-variant-ligatures: normal; font-variant-caps: normal; font-size: 16px;">Le Syndicat offre, en plus de la mise en marché, un service d’aménagement forestier pour tout le territoire la région du Centre-du-Québec.</p><p style="font-style: normal; font-variant-ligatures: normal; font-variant-caps: normal; font-size: 16px;">N’hésitez pas à communiquer avec monsieur Mathieu Roberge, technicien forestier de ce secteur au 819 697-2922, poste 243.</p>								</div>
				</div>
					</div>
		</div>
				<div class="elementor-column elementor-col-50 elementor-top-column elementor-element elementor-element-b2aa5b2" data-id="b2aa5b2" data-element_type="column" data-e-type="column">
			<div class="elementor-widget-wrap">
							</div>
		</div>
					</div>
		</section>
				</div>

<p>MISE EN MARCHÉ Le territoire pour la mise en marché du bois n’englobe pas toutes les municipalités de la région administrative du Centre-du-Québec. Consultez la carte et la liste des municipalités visées par notre Plan conjoint. Liste des municipalités visées par notre Plan conjoint SERVICE D’AMÉNAGEMENT FORESTIER Le Syndicat offre, en plus de la mise &hellip; </p>
<p class="link-more"><a href="https://www.foretprivee.ca/centreduquebec/mon-syndicat/territoires-et-cartes/" class="more-link">Lire la suite</a></p>
