{"id":2017,"date":"2024-02-20T17:00:11","date_gmt":"2024-02-20T17:00:11","guid":{"rendered":"https:\/\/www.foretprivee.ca\/mauricie\/?post_type=events&#038;p=2017"},"modified":"2026-04-14T13:51:48","modified_gmt":"2026-04-14T13:51:48","slug":"initation-aux-comestibles-sauvages-nordiques","status":"publish","type":"events","link":"https:\/\/www.foretprivee.ca\/mauricie\/events\/initation-aux-comestibles-sauvages-nordiques\/","title":{"rendered":"INITATION AUX COMESTIBLES SAUVAGES NORDIQUES"},"content":{"rendered":"<p><strong>D\u00e9tails :<\/strong><\/p>\n<p>Venez d\u00e9couvrir les petits fruits, l\u00e9gumes, laitues foresti\u00e8res et racines sauvages, ainsi que les noix nordiques en excursion de cueillette sur le terrain, en session de cuisine sur l&rsquo;heure du midi et enfin en cours th\u00e9orique en apr\u00e8s-midi, pour une journ\u00e9e bien remplie en apprentissages et en d\u00e9gustation avec Yvan Perreault, un formateur aguerri en produits forestiers non ligneux. 30<em> participants maximum.<\/em><\/p>\n<p>Rendez-vous \u00e0 compter de 9h &#8211; 9h30 au verger Barry, une ferme pommicole anim\u00e9e par Vincent Barry qui s&rsquo;inscrit dans une longue lign\u00e9e familiale de fermiers travaillant la terre \u00e0 cet endroit depuis le R\u00e9gime Fran\u00e7ais! Cela se trouve au 1433 blvd Lanaudi\u00e8re dans le lieu-dit d&rsquo;Orvilliers entre Ste-Anne-de-la-P\u00e9rade et Grondines; le boulevard Lanaudi\u00e8re est en fait une section de la route 138 qui longe le fleuve.<\/p>\n<p>Sur l&rsquo;heure du midi, il y aura la cheffe Catherine Marcotte, qui travaille depuis longtemps de fa\u00e7on experte en cuisine avec les produits comestibles de la for\u00eat, \u00e9tant aussi cueilleuse tr\u00e8s exp\u00e9riment\u00e9e, qui vous proposera une ardoise foresti\u00e8re, incluant des plats et des boissons aux saveurs sauvages, pour un montant allant de 12,50$ \u00e0 28$, \u00e0 la tabl\u00e9e du restaurant du verger, L&rsquo;Hirondelle.<\/p>\n<p>De retour de l&rsquo;avant-midi de cueillette, nous offrirons \u00e0 la cheffe les ressources comestibles sauvages qui commandent de l\u00e9gers appr\u00eat en cuisine, pour bonifier le menu; et nous assemblerons en parall\u00e8le une salade de laitues sauvages. Il y aura aussi l&rsquo;option d&rsquo;apporter son lunche et d ele manger sur place.<\/p>\n<p>Sur l&rsquo;heure du midi ou en fin de journ\u00e9e, ceux qui le voudront auront grand plaisir \u00e0 aller faire des emplettes \u00e0 la\u00a0<strong>cidrerie L&rsquo;oasis perdue<\/strong>\u00a0ainsi qu&rsquo;\u00e0 la boutique qui se trouvent sur place. Il y aura notamment des produits forestiers en vente \u00e0 la boutique, entre autres, les incomparables gel\u00e9es de petits fruits sauvages faites maison!<\/p>\n<p><a href=\"https:\/\/www.foretprivee.ca\/mauricie\/wp-content\/uploads\/sites\/3\/2026\/03\/2026-03-19-EF_Formations-page-2.pdf\"><span style=\"color: #85c041\">COMPL\u00c9TEZ LE FORMULAIRE D\u2019INSCRIPTION<\/span><\/a><\/p>\n","protected":false},"excerpt":{"rendered":"<p>D\u00e9tails : Venez d\u00e9couvrir les petits fruits, l\u00e9gumes, laitues foresti\u00e8res et racines sauvages, ainsi que les noix nordiques en excursion de cueillette sur le terrain, en session de cuisine sur l&rsquo;heure du midi et enfin en cours th\u00e9orique en apr\u00e8s-midi, pour une journ\u00e9e bien remplie en apprentissages et en d\u00e9gustation avec Yvan Perreault, un formateur &hellip; <\/p>\n<p class=\"link-more\"><a href=\"https:\/\/www.foretprivee.ca\/mauricie\/events\/initation-aux-comestibles-sauvages-nordiques\/\" class=\"more-link\">Lire la suite<\/a><\/p>\n","protected":false},"featured_media":0,"menu_order":0,"template":"","event_type":[12],"class_list":["post-2017","events","type-events","status-publish","hentry","event_type-formations"],"acf":[],"_links":{"self":[{"href":"https:\/\/www.foretprivee.ca\/mauricie\/wp-json\/wp\/v2\/events\/2017","targetHints":{"allow":["GET"]}}],"collection":[{"href":"https:\/\/www.foretprivee.ca\/mauricie\/wp-json\/wp\/v2\/events"}],"about":[{"href":"https:\/\/www.foretprivee.ca\/mauricie\/wp-json\/wp\/v2\/types\/events"}],"wp:attachment":[{"href":"https:\/\/www.foretprivee.ca\/mauricie\/wp-json\/wp\/v2\/media?parent=2017"}],"wp:term":[{"taxonomy":"event_type","embeddable":true,"href":"https:\/\/www.foretprivee.ca\/mauricie\/wp-json\/wp\/v2\/event_type?post=2017"}],"curies":[{"name":"wp","href":"https:\/\/api.w.org\/{rel}","templated":true}]}}

<p><strong>Détails :</strong></p>
<p>Venez découvrir les petits fruits, légumes, laitues forestières et racines sauvages, ainsi que les noix nordiques en excursion de cueillette sur le terrain, en session de cuisine sur l&rsquo;heure du midi et enfin en cours théorique en après-midi, pour une journée bien remplie en apprentissages et en dégustation avec Yvan Perreault, un formateur aguerri en produits forestiers non ligneux. 30<em> participants maximum.</em></p>
<p>Rendez-vous à compter de 9h &#8211; 9h30 au verger Barry, une ferme pommicole animée par Vincent Barry qui s&rsquo;inscrit dans une longue lignée familiale de fermiers travaillant la terre à cet endroit depuis le Régime Français! Cela se trouve au 1433 blvd Lanaudière dans le lieu-dit d&rsquo;Orvilliers entre Ste-Anne-de-la-Pérade et Grondines; le boulevard Lanaudière est en fait une section de la route 138 qui longe le fleuve.</p>
<p>Sur l&rsquo;heure du midi, il y aura la cheffe Catherine Marcotte, qui travaille depuis longtemps de façon experte en cuisine avec les produits comestibles de la forêt, étant aussi cueilleuse très expérimentée, qui vous proposera une ardoise forestière, incluant des plats et des boissons aux saveurs sauvages, pour un montant allant de 12,50$ à 28$, à la tablée du restaurant du verger, L&rsquo;Hirondelle.</p>
<p>De retour de l&rsquo;avant-midi de cueillette, nous offrirons à la cheffe les ressources comestibles sauvages qui commandent de légers apprêt en cuisine, pour bonifier le menu; et nous assemblerons en parallèle une salade de laitues sauvages. Il y aura aussi l&rsquo;option d&rsquo;apporter son lunche et d ele manger sur place.</p>
<p>Sur l&rsquo;heure du midi ou en fin de journée, ceux qui le voudront auront grand plaisir à aller faire des emplettes à la <strong>cidrerie L&rsquo;oasis perdue</strong> ainsi qu&rsquo;à la boutique qui se trouvent sur place. Il y aura notamment des produits forestiers en vente à la boutique, entre autres, les incomparables gelées de petits fruits sauvages faites maison!</p>
<p><a href="https://www.foretprivee.ca/mauricie/wp-content/uploads/sites/3/2026/03/2026-03-19-EF_Formations-page-2.pdf"><span style="color: #85c041">COMPLÉTEZ LE FORMULAIRE D’INSCRIPTION</span></a></p>

<p>Détails : Venez découvrir les petits fruits, légumes, laitues forestières et racines sauvages, ainsi que les noix nordiques en excursion de cueillette sur le terrain, en session de cuisine sur l&rsquo;heure du midi et enfin en cours théorique en après-midi, pour une journée bien remplie en apprentissages et en dégustation avec Yvan Perreault, un formateur &hellip; </p>
<p class="link-more"><a href="https://www.foretprivee.ca/mauricie/events/initation-aux-comestibles-sauvages-nordiques/" class="more-link">Lire la suite</a></p>
