{"id":944,"date":"2019-05-08T12:20:53","date_gmt":"2019-05-08T12:20:53","guid":{"rendered":"http:\/\/www.foretprivee.ca\/mauricie\/?post_type=events&#038;p=944"},"modified":"2020-06-12T13:27:01","modified_gmt":"2020-06-12T13:27:01","slug":"initiation-a-la-cueillette-des-plantes-comestibles-22-aout-2020","status":"publish","type":"events","link":"https:\/\/www.foretprivee.ca\/mauricie\/events\/initiation-a-la-cueillette-des-plantes-comestibles-22-aout-2020\/","title":{"rendered":"INITIATION \u00c0 LA CUEILLETTE DES PLANTES COMESTIBLES (22 AO\u00dbT 2020)"},"content":{"rendered":"<p><strong>Organis\u00e9 par :<\/strong> Syndicat des producteurs de bois Mauricie \/ Centre-du-Qu\u00e9bec<br \/>\n<strong>T\u00e9l\u00e9phone :<\/strong> (819) 697-2922, poste 240<br \/>\n<strong>Co\u00fbt :<\/strong> 20 $<\/p>\n<p><strong>D\u00e9tails :\u00a0<span style=\"float: none;background-color: #ffffff;color: #333333;cursor: text;font-family: 'Open Sans','Helvetica Neue',helvetica,arial,sans-serif;font-size: 16px;font-style: normal;font-variant: normal;font-weight: 400;letter-spacing: normal;text-align: left;text-decoration: none;text-indent: 0px\">Initiation \u00e0 l&rsquo;identification et la r\u00e9colte de la flore laurentienne. <\/span><\/strong>15 participants maximum<\/p>\n<p><a href=\"http:\/\/www.foretprivee.ca\/mauricie\/wp-content\/uploads\/sites\/3\/2020\/03\/2020-03-04-formation-page-2.pdf\"><span style=\"color: #85c041\">COMPL\u00c9TEZ LE FORMULAIRE D\u2019INSCRIPTION<\/span><\/a><\/p>\n","protected":false},"excerpt":{"rendered":"<p>Organis\u00e9 par : Syndicat des producteurs de bois Mauricie \/ Centre-du-Qu\u00e9bec T\u00e9l\u00e9phone : (819) 697-2922, poste 240 Co\u00fbt : 20 $ D\u00e9tails :\u00a0Initiation \u00e0 l&rsquo;identification et la r\u00e9colte de la flore laurentienne. 15 participants maximum COMPL\u00c9TEZ LE FORMULAIRE D\u2019INSCRIPTION<\/p>\n","protected":false},"featured_media":0,"menu_order":0,"template":"","event_type":[12],"class_list":["post-944","events","type-events","status-publish","hentry","event_type-formations"],"acf":[],"_links":{"self":[{"href":"https:\/\/www.foretprivee.ca\/mauricie\/wp-json\/wp\/v2\/events\/944","targetHints":{"allow":["GET"]}}],"collection":[{"href":"https:\/\/www.foretprivee.ca\/mauricie\/wp-json\/wp\/v2\/events"}],"about":[{"href":"https:\/\/www.foretprivee.ca\/mauricie\/wp-json\/wp\/v2\/types\/events"}],"wp:attachment":[{"href":"https:\/\/www.foretprivee.ca\/mauricie\/wp-json\/wp\/v2\/media?parent=944"}],"wp:term":[{"taxonomy":"event_type","embeddable":true,"href":"https:\/\/www.foretprivee.ca\/mauricie\/wp-json\/wp\/v2\/event_type?post=944"}],"curies":[{"name":"wp","href":"https:\/\/api.w.org\/{rel}","templated":true}]}}

INITIATION À LA CUEILLETTE DES PLANTES COMESTIBLES (22 AOÛT 2020)

<p><strong>Organisé par :</strong> Syndicat des producteurs de bois Mauricie / Centre-du-Québec<br />
<strong>Téléphone :</strong> (819) 697-2922, poste 240<br />
<strong>Coût :</strong> 20 $</p>
<p><strong>Détails : <span style="float: none;background-color: #ffffff;color: #333333;cursor: text;font-family: 'Open Sans','Helvetica Neue',helvetica,arial,sans-serif;font-size: 16px;font-style: normal;font-variant: normal;font-weight: 400;letter-spacing: normal;text-align: left;text-decoration: none;text-indent: 0px">Initiation à l&rsquo;identification et la récolte de la flore laurentienne. </span></strong>15 participants maximum</p>
<p><a href="http://www.foretprivee.ca/mauricie/wp-content/uploads/sites/3/2020/03/2020-03-04-formation-page-2.pdf"><span style="color: #85c041">COMPLÉTEZ LE FORMULAIRE D’INSCRIPTION</span></a></p>

<p>Organisé par : Syndicat des producteurs de bois Mauricie / Centre-du-Québec Téléphone : (819) 697-2922, poste 240 Coût : 20 $ Détails : Initiation à l&rsquo;identification et la récolte de la flore laurentienne. 15 participants maximum COMPLÉTEZ LE FORMULAIRE D’INSCRIPTION</p>
