{"id":22,"date":"2018-12-13T20:04:07","date_gmt":"2018-12-13T20:04:07","guid":{"rendered":"https:\/\/www.foretprivee.ca\/mauricie\/?page_id=22"},"modified":"2022-07-07T19:08:51","modified_gmt":"2022-07-07T19:08:51","slug":"devenir-membre","status":"publish","type":"page","link":"https:\/\/www.foretprivee.ca\/mauricie\/mon-syndicat\/devenir-membre\/","title":{"rendered":"Devenir membre"},"content":{"rendered":"\t\t<div data-elementor-type=\"wp-post\" data-elementor-id=\"22\" class=\"elementor elementor-22\" data-elementor-post-type=\"page\">\n\t\t\t\t\t\t<section class=\"elementor-section elementor-top-section elementor-element elementor-element-2422a8e5 elementor-section-boxed elementor-section-height-default elementor-section-height-default\" data-id=\"2422a8e5\" data-element_type=\"section\" data-e-type=\"section\">\n\t\t\t\t\t\t<div class=\"elementor-container elementor-column-gap-default\">\n\t\t\t\t\t<div class=\"elementor-column elementor-col-50 elementor-top-column elementor-element elementor-element-1099fa5d\" data-id=\"1099fa5d\" data-element_type=\"column\" data-e-type=\"column\">\n\t\t\t<div class=\"elementor-widget-wrap elementor-element-populated\">\n\t\t\t\t\t\t<div class=\"elementor-element elementor-element-933c52a elementor-widget elementor-widget-text-editor\" data-id=\"933c52a\" data-element_type=\"widget\" data-e-type=\"widget\" data-widget_type=\"text-editor.default\">\n\t\t\t\t<div class=\"elementor-widget-container\">\n\t\t\t\t\t\t\t\t\t<h4>POURQUOI DEVENIR MEMBRE DU SYNDICAT ?<\/h4><ul><li>La possibilit\u00e9 de voter \u00e0 l\u2019assembl\u00e9e des membres ainsi que de se pr\u00e9senter comme administrateur;<\/li><li>L&rsquo;assurance d&rsquo;obtenir rapidement les informations les plus r\u00e9centes et pertinentes concernant le Syndicat;<\/li><li>Donne \u00e0 l\u2019organisation une meilleure repr\u00e9sentativit\u00e9 des propri\u00e9taires de for\u00eats priv\u00e9es de la Mauricie et de Lanaudi\u00e8re, permet une force de n\u00e9gociation aupr\u00e8s des acheteurs et une repr\u00e9sentation dans le milieu pour l&rsquo;am\u00e9nagement multiressources;<\/li><li>La participation au programme privil\u00e8ge vous offrant, chez plusieurs commer\u00e7ants, 5%, 10%, 15%, 20% ou 45% de rabais.<\/li><\/ul><p><a href=\"mailto:spb@spbois.qc.ca\">Communiquez avec nous si vous \u00eates commer\u00e7ant et d\u00e9sirez afficher des offres avantageuses \u00e0 nos membres.\u00a0<\/a><\/p><p style=\"text-align: left\"><strong><span style=\"color: #7ba303\">\u00a0<\/span><\/strong><\/p><h4 style=\"text-align: left\">COMMENT DEVENIR MEMBRE DU SYNDICAT ?<\/h4><ol><li style=\"text-align: left\">Poss\u00e9der une superficie foresti\u00e8re d&rsquo;au moins 4 hectares;<\/li><li style=\"text-align: left\">Imprimer le formulaire d&rsquo;adh\u00e9sion :<strong> <a href=\"http:\/\/www.foretprivee.ca\/mauricie\/wp-content\/uploads\/sites\/3\/2018\/12\/Adhesion_SPBM.pdf\" rel=\"noopener\">Formulaire d&rsquo;adh\u00e9sion;<\/a><\/strong><\/li><li style=\"text-align: left\">Faites nous parvenir le formulaire compl\u00e9t\u00e9 ainsi qu&rsquo;une copie de votre compte de taxes municipales au bureau du Syndicat (par courriel, par t\u00e9l\u00e9copieur ou par la poste).<\/li><\/ol>\t\t\t\t\t\t\t\t<\/div>\n\t\t\t\t<\/div>\n\t\t\t\t<div class=\"elementor-element elementor-element-011dbae elementor-widget-divider--view-line elementor-widget elementor-widget-divider\" data-id=\"011dbae\" data-element_type=\"widget\" data-e-type=\"widget\" data-widget_type=\"divider.default\">\n\t\t\t\t<div class=\"elementor-widget-container\">\n\t\t\t\t\t\t\t<div class=\"elementor-divider\">\n\t\t\t<span class=\"elementor-divider-separator\">\n\t\t\t\t\t\t<\/span>\n\t\t<\/div>\n\t\t\t\t\t\t<\/div>\n\t\t\t\t<\/div>\n\t\t\t\t<div class=\"elementor-element elementor-element-7e3f84e elementor-widget elementor-widget-text-editor\" data-id=\"7e3f84e\" data-element_type=\"widget\" data-e-type=\"widget\" data-widget_type=\"text-editor.default\">\n\t\t\t\t<div class=\"elementor-widget-container\">\n\t\t\t\t\t\t\t\t\t<p style=\"text-align: left\"><span style=\"color: #7ba303\">ATTENTION &#8211;<\/span> Veuillez noter qu&rsquo;il n&rsquo;est pas obligatoire d&rsquo;\u00eatre membre du Syndicat pour faire la vente de bois. Le Syndicat repr\u00e9sente l&rsquo;ensemble des propri\u00e9taires forestiers sans consid\u00e9ration de la\u00a0superficie bois\u00e9e. Faites nous simplement parvenir le compte de taxes municipales de votre terre.<\/p><p style=\"text-align: left\">En tant que <a href=\"http:\/\/mffp.gouv.qc.ca\/les-forets\/forets-privees\/etre-reconnu-producteur-forestier\/\" target=\"_blank\" rel=\"noopener\">producteur forestier reconnu par le Minist\u00e8re<\/a> il est possible de b\u00e9n\u00e9ficier des diff\u00e9rents <a href=\"http:\/\/www.foretprivee.ca\/mauricie\/mes-services\/services-en-amenagement-forestier\/\">programmes d&rsquo;aides<\/a> pour l&rsquo;am\u00e9nagement de votre for\u00eat, consultez votre conseiller forestier pour de plus amples informations.<\/p><p style=\"text-align: left\">Visionnez la vid\u00e9o explicative de comment devenir producteur forestier (FPFQ)<\/p>\t\t\t\t\t\t\t\t<\/div>\n\t\t\t\t<\/div>\n\t\t\t\t<div class=\"elementor-element elementor-element-e7937db elementor-widget elementor-widget-video\" data-id=\"e7937db\" data-element_type=\"widget\" data-e-type=\"widget\" data-settings=\"{&quot;youtube_url&quot;:&quot;https:\\\/\\\/www.youtube.com\\\/watch?v=6Pd4MUgcVKY&quot;,&quot;video_type&quot;:&quot;youtube&quot;,&quot;controls&quot;:&quot;yes&quot;}\" data-widget_type=\"video.default\">\n\t\t\t\t<div class=\"elementor-widget-container\">\n\t\t\t\t\t\t\t<div class=\"elementor-wrapper elementor-open-inline\">\n\t\t\t<div class=\"elementor-video\"><\/div>\t\t<\/div>\n\t\t\t\t\t\t<\/div>\n\t\t\t\t<\/div>\n\t\t\t\t<div class=\"elementor-element elementor-element-3b8ea09 elementor-widget-divider--view-line elementor-widget elementor-widget-divider\" data-id=\"3b8ea09\" data-element_type=\"widget\" data-e-type=\"widget\" data-widget_type=\"divider.default\">\n\t\t\t\t<div class=\"elementor-widget-container\">\n\t\t\t\t\t\t\t<div class=\"elementor-divider\">\n\t\t\t<span class=\"elementor-divider-separator\">\n\t\t\t\t\t\t<\/span>\n\t\t<\/div>\n\t\t\t\t\t\t<\/div>\n\t\t\t\t<\/div>\n\t\t\t\t<div class=\"elementor-element elementor-element-782f6bd elementor-widget elementor-widget-text-editor\" data-id=\"782f6bd\" data-element_type=\"widget\" data-e-type=\"widget\" data-widget_type=\"text-editor.default\">\n\t\t\t\t<div class=\"elementor-widget-container\">\n\t\t\t\t\t\t\t\t\t<h4>PROGRAMME PRIVIL\u00c8GE AUX MEMBRES<\/h4><p>Vous devez \u00eatre membre du Syndicat pour obtenir les rabais mentionn\u00e9s ci-dessous.<\/p><table><tbody><tr><td style=\"background-color: #572600;text-align: left;vertical-align: top\">\u00a0<\/td><td style=\"vertical-align: top;text-align: left\"><p><strong>L\u2019\u00c9QUIPEUR<span style=\"font-size: 12px\"><br \/>Partout au Qu\u00e9bec<br \/><\/span><\/strong><span style=\"font-size: 12px\">V\u00eatements, chaussures, bottes<\/span><strong><span style=\"font-size: 12px\"><br \/><\/span><span style=\"color: #7ba303\"><a href=\"https:\/\/www.foretprivee.ca\/mauricie\/wp-content\/uploads\/sites\/3\/2022\/07\/document-achat-Equipeur.pdf\">COUPON RABAIS OBLIGATOIRE<\/a><\/span><span style=\"font-size: 12px;font-family: Arial;color: #000000\"><span style=\"color: #572600\"><br \/><\/span><\/span><\/strong><em style=\"font-family: inherit;font-size: inherit\"><span style=\"color: #7ba303\">10 % sur marchandise \u00e0 prix r\u00e9gulier<\/span><\/em><\/p><\/td><td style=\"background-color: #7ba303;text-align: left;vertical-align: top\">\u00a0<\/td><td style=\"vertical-align: top;text-align: left\"><strong>G\u00c9N\u00c9RAL SURPLUS 2000 INC.<\/strong><span style=\"font-size: 12px;font-family: Arial;color: #000000\"><strong><span style=\"color: #572600\"><br \/>362, 6e Avenue, Grand-M\u00e8re<br \/><\/span><\/strong><span style=\"color: #572600\">M<\/span><\/span><span style=\"font-size: 12px;font-family: Arial;color: #000000\"><span style=\"color: #572600\">achinerie, outils pour bois et m\u00e9tal<\/span><strong><span style=\"color: #572600\"><br \/><\/span><\/strong><\/span><em><span style=\"color: #7ba303\">10 % outillage manuel et outils <\/span><\/em><span style=\"font-size: 12px;font-family: Arial;color: #000000\"><strong><span style=\"color: #572600\"><br \/><\/span><\/strong><\/span><em><span style=\"color: #7ba303\">pneumatiques, hydrauliques, \u00e9lectriques<\/span><\/em> <em><span style=\"color: #7ba303\">\u00e0 prix r\u00e9gulier<\/span><\/em><\/td><\/tr><tr><td style=\"background-color: #ffffff;text-align: left;vertical-align: top\">\u00a0<\/td><td style=\"vertical-align: top;text-align: left\">\u00a0<\/td><td style=\"text-align: left;vertical-align: top\">\u00a0<\/td><td style=\"vertical-align: top;text-align: left\">\u00a0<\/td><\/tr><tr><td style=\"background-color: #7ba303;text-align: left;vertical-align: top\">\u00a0<\/td><td style=\"text-align: left;vertical-align: middle\"><strong>AMSOIL INC. &#8211; \u00c9TIENNE JEANSON<\/strong><span style=\"font-size: 12px;font-family: Arial;color: #000000\"><strong><span style=\"color: #572600\"><br \/>11480, des Forges, Trois-Rivi\u00e8res<br \/><\/span><\/strong><span style=\"color: #572600\"> Huiles, lubrifiants, graisse, autres<\/span><strong><span style=\"color: #572600\"><br \/><\/span><\/strong><\/span><em><span style=\"color: #7ba303\">25 % du prix au d\u00e9tail<\/span><\/em><\/td><td style=\"background-color: #572600;text-align: left;vertical-align: top\">\u00a0<\/td><td style=\"text-align: left;vertical-align: middle\"><strong>AIGUISAGE J.B.D. INC.<\/strong><span style=\"font-size: 12px;font-family: Arial;color: #000000\"><strong><span style=\"color: #572600\"><br \/>9172, des H\u00eatres, Shawinigan<br \/><\/span><\/strong><span style=\"color: #572600\"> Aiguisage, vente d\u2019outils de coupe<\/span><strong><span style=\"color: #572600\"><br \/><\/span><\/strong><\/span><em><span style=\"color: #7ba303\"> 10 % pour tout ce qui s\u2019aiguise<\/span><\/em><\/td><\/tr><tr><td style=\"background-color: #ffffff;text-align: left;vertical-align: top\">\u00a0<\/td><td style=\"vertical-align: top;text-align: left\">\u00a0<\/td><td style=\"background-color: #ffffff;text-align: left;vertical-align: top\">\u00a0<\/td><td style=\"text-align: left;vertical-align: top\">\u00a0<\/td><\/tr><tr><td style=\"background-color: #572600\">\u00a0<\/td><td style=\"vertical-align: top\"><strong>SPI S\u00c9CURIT\u00c9<\/strong><br \/><span style=\"font-size: 12px;font-family: Arial;color: #000000\"><strong><span style=\"color: #572600\">5545, boul. Jean-XXIII, Trois-Rivi\u00e8res<\/span><span style=\"color: #572600\"><br \/><\/span><\/strong><\/span><span style=\"font-size: 12px;font-family: Arial;color: #000000\"><span style=\"color: #572600\">\u00c9quipements de s\u00e9curit\u00e9<\/span><\/span><br \/><em><span style=\"color: #7ba303\">20 % sur marchandise \u00e0 prix r\u00e9gulier<\/span><\/em><\/td><td style=\"background-color: #7ba303\">\u00a0<\/td><td style=\"vertical-align: top\"><strong>SPI S\u00c9CURIT\u00c9<\/strong><br \/><strong><span style=\"font-size: 12px\">4900, boulevard Royal, Shawinigan<\/span><\/strong><br \/><span style=\"font-size: 12px\">\u00c9quipements de s\u00e9curit\u00e9<\/span><br \/><em><span style=\"color: #7ba303\">10 % sur marchandise \u00e0 prix r\u00e9gulier<\/span><\/em><\/td><\/tr><tr><td style=\"background-color: #ffffff;vertical-align: top\">\u00a0<\/td><td style=\"vertical-align: top\">\u00a0<\/td><td style=\"background-color: #ffffff\">\u00a0<\/td><td>\u00a0<\/td><\/tr><tr><td style=\"background-color: #7ba303;vertical-align: top\">\u00a0<\/td><td style=\"vertical-align: top\"><strong>GUILLEVIN INTERNATIONAL<\/strong><br \/><span style=\"font-size: 12px;font-family: Arial;color: #000000\"><span style=\"color: #572600\"><strong>2240, R\u00e9collets Ouest, Trois-Rivi\u00e8res<\/strong><\/span><\/span><br \/><span style=\"font-size: 12px;font-family: Arial;color: #000000\"><span style=\"color: #572600\">\u00c9quipements de s\u00e9curit\u00e9, bottes, outil<strong>s<\/strong><\/span><\/span><br \/><em><span style=\"color: #7ba303\"> 20 % sur tout en magasin<\/span><\/em><\/td><td style=\"background-color: #572600\">\u00a0<\/td><td><strong>GARAGE G. GUILLEMETTE<\/strong><span style=\"font-size: 12px;font-family: Arial;color: #000000\"><strong><span style=\"color: #572600\"><br \/>1760, rue D\u00e9sir\u00e9, Thetford Mines<br \/><\/span><\/strong><span style=\"color: #572600\"> D\u00e9taillant Echo, Shindaiwa, Stihl<\/span><strong><span style=\"color: #572600\"><br \/><\/span><\/strong><\/span><em><span style=\"color: #7ba303\"> 10 % sur marchandise \u00e0 prix r\u00e9gulier<\/span><\/em><\/td><\/tr><tr><td style=\"background-color: #ffffff;vertical-align: top\">\u00a0<\/td><td style=\"vertical-align: top\">\u00a0<\/td><td style=\"background-color: #ffffff\">\u00a0<\/td><td>\u00a0<\/td><\/tr><tr><td style=\"background-color: #572600\">\u00a0<\/td><td><strong>ATELIER D.V. M\u00c9CANIQUE<\/strong><span style=\"font-size: 12px;font-family: Arial;color: #000000\"><strong><span style=\"color: #572600\"><br \/>4321, 50e Avenue, Grand-M\u00e8re<br \/><\/span><\/strong><span style=\"color: #572600\"> D\u00e9taillant Echo et Husqvarna<\/span><strong><span style=\"color: #572600\"><br \/><\/span><\/strong> <\/span><em><span style=\"color: #7ba303\">10 % sur marchandise \u00e0 prix r\u00e9gulier<\/span><\/em><\/td><td style=\"background-color: #7ba303\">\u00a0<\/td><td><strong>LOCATION C.D.A. INC.<\/strong><em><span style=\"color: #7ba303\"><br \/><\/span><\/em><span style=\"font-size: 12px;font-family: Arial;color: #000000\"><strong><span style=\"color: #572600\">620, boulevard St-Laurent Est, Louiseville<\/span><\/strong><\/span><em><span style=\"color: #7ba303\"><br \/><\/span><\/em><span style=\"font-size: 12px\"><span style=\"font-family: Arial;color: #000000\"><span style=\"color: #572600\">Concessionnaire Lou-Tec<\/span><\/span><\/span><em><span style=\"color: #7ba303\"><br \/>10 % \u00e9quipement forestier (prix r\u00e9gulier)<\/span><\/em><span style=\"font-size: 12px;font-family: Arial;color: #000000\"><strong><span style=\"color: #572600\"><br \/><\/span><\/strong><\/span><\/td><\/tr><tr><td style=\"background-color: #ffffff\">\u00a0<\/td><td>\u00a0<\/td><td>\u00a0<\/td><td>\u00a0<\/td><\/tr><tr><td style=\"background-color: #7ba303\">\u00a0<\/td><td><strong>BELLEMARE MOTO<\/strong> <span style=\"font-size: 12px;font-family: Arial;color: #000000\"><strong><span style=\"color: #572600\"><br \/>1571, Principale, St-\u00c9tienne-des-Gr\u00e8s<br \/>D\u00e9taillant Stihl, Echo, Oregon<br \/><\/span><\/strong><\/span><em><span style=\"color: #7ba303\">10 % sur \u00e9quipement forestier<br \/>(Stihl, Echo et Oregon)<\/span><\/em><\/td><td style=\"background-color: #572600\">\u00a0<\/td><td><strong>LAGAC\u00c9 SPORTS<span style=\"font-size: 12px\"><br \/>4452, Grand Portage (Rt 348), St-\u00c9douard<br \/><\/span><\/strong><span style=\"font-size: 12px\"> D\u00e9taillant Oregon, pneus, lubrifiant<\/span><strong><span style=\"font-size: 12px\"><br \/><\/span><\/strong><em><span style=\"color: #7ba303\">10 % articles s\u00e9lectionn\u00e9s <\/span><\/em><em><span style=\"color: #7ba303\">\u00e0 prix r\u00e9gulier <\/span><\/em><strong><span style=\"font-size: 12px\"><br \/><\/span><\/strong><em><span style=\"color: #7ba303\"> 10 \u00e0 45 % sur pneus et roues<\/span><\/em><\/td><\/tr><tr><td style=\"background-color: #ffffff\">\u00a0<\/td><td>\u00a0<\/td><td>\u00a0<\/td><td>\u00a0<\/td><\/tr><tr><td style=\"background-color: #572600\">\u00a0<\/td><td><strong>BOISERIES PLUS ENR.<\/strong> <span style=\"font-size: 12px;font-family: Arial;color: #000000\"><strong><span style=\"color: #572600\"><br \/>2150, Lamothe Est, Trois-Rivi\u00e8res<br \/><\/span><\/strong><span style=\"color: #572600\"> Fabriquant de moulure et rev\u00eatement<\/span><strong><span style=\"color: #572600\"><br \/><\/span><\/strong><\/span><em><span style=\"color: #7ba303\">10 % sur le machinage de votre bois, moulurage et planage<\/span><\/em><\/td><td style=\"background-color: #7ba303\">\u00a0<\/td><td><strong>LOCATION D&rsquo;OUTIL ST-GR\u00c9GOIRE<\/strong><br \/><span style=\"font-size: 12px;font-family: Arial;color: #000000\"><strong><span style=\"color: #572600\">3850, avenue Arseneault, B\u00e9cancour<\/span><\/strong><\/span><br \/><span style=\"font-size: 12px\"> <span style=\"font-family: Arial;color: #000000\"><span style=\"color: #572600\">Vente outils et \u00e9quipements forestiers <\/span><\/span><\/span><br \/><em><span style=\"color: #7ba303\">10 % produits Husqvarna \u00e0 prix r\u00e9gulier<\/span><\/em><\/td><\/tr><tr><td style=\"background-color: #ffffff\">\u00a0<\/td><td>\u00a0<\/td><td>\u00a0<\/td><td>\u00a0<\/td><\/tr><tr><td style=\"background-color: #7ba303\">\u00a0<\/td><td><strong>CENTRE DE LOCATION DUPUIS<\/strong><span style=\"font-size: 12px;font-family: Arial;color: #000000\"><strong><span style=\"color: #572600\"><br \/>217, rue St-Jacques, St-Jacques<br \/><\/span><\/strong><span style=\"color: #572600\"> D\u00e9taillant Echo, Shindaiwa, Stihl<\/span><strong><span style=\"color: #572600\"><br \/><\/span><\/strong><\/span><em><span style=\"color: #7ba303\"> 10 % sur marchandise \u00e0 prix r\u00e9gulier<\/span><\/em><\/td><td style=\"background-color: #572600\">\u00a0<\/td><td><strong>MACHINERIES BARON &amp; TOUSIGNANT<\/strong><br \/><span style=\"font-size: 12px;font-family: Arial;color: #000000\"><strong><span style=\"color: #572600\">7515, boul. des Forges, Trois-Rivi\u00e8res <\/span><\/strong><\/span><br \/><span style=\"font-size: 12px\"><span style=\"font-family: Arial;color: #000000\"><span style=\"color: #572600\">\u00c9quipements forestiers, Stilh, Husqvarna<\/span><\/span><\/span><br \/><em><span style=\"color: #7ba303\"> 10 % \u00e9quipement forestier \u00e0 prix r\u00e9gulier<\/span><\/em><\/td><\/tr><tr><td style=\"background-color: #ffffff\">\u00a0<\/td><td>\u00a0<\/td><td>\u00a0<\/td><td>\u00a0<\/td><\/tr><tr><td style=\"background-color: #572600\">\u00a0<\/td><td><strong>CENTRE MULTI-\u00c9QUIPEMENTS<\/strong><span style=\"font-size: 12px;font-family: Arial;color: #000000\"><strong><span style=\"color: #572600\"><br \/>389, Bois-Francs Nord, Victoriaville<br \/><\/span><\/strong><span style=\"color: #572600\"> Vente, service, d\u00e9taillant Stihl<\/span><strong><span style=\"color: #572600\"><br \/><\/span><\/strong><\/span><em><span style=\"color: #7ba303\"> 10 % sur marchandise \u00e0 prix r\u00e9gulier<\/span><\/em><\/td><td style=\"background-color: #7ba303\">\u00a0<\/td><td><strong>REMORKOTO<\/strong><br \/><span style=\"font-size: 12px;font-family: Arial;color: #000000\"><strong><span style=\"color: #572600\">9612, boul. des H\u00eatres, Shawinigan<\/span><\/strong><\/span><br \/><span style=\"font-size: 12px\"> <span style=\"font-family: Arial;color: #000000\"><span style=\"color: #572600\">Vente, r\u00e9paration, location et pi\u00e8ces<\/span><\/span><\/span><br \/><em><span style=\"color: #7ba303\">10 % pi\u00e8ces, roues et pneus, accessoires<\/span><\/em><br \/><em><span style=\"color: #7ba303\"> de remorque et roulotte \u00e0 prix r\u00e9gulier<\/span><\/em><\/td><\/tr><tr><td style=\"background-color: #ffffff\">\u00a0<\/td><td>\u00a0<\/td><td>\u00a0<\/td><td>\u00a0<\/td><\/tr><tr><td style=\"background-color: #7ba303\">\u00a0<\/td><td><strong>CENTRE MULTI-SERVICES ENR.<\/strong><span style=\"font-size: 12px;font-family: Arial;color: #000000\"><strong><span style=\"color: #572600\"><br \/>480, Notre-Dame, St-Alexis-des-Monts<br \/><\/span><\/strong><span style=\"color: #572600\"> D\u00e9taillant Stihl<\/span><strong><span style=\"color: #572600\"><br \/><\/span><\/strong><\/span><em><span style=\"color: #7ba303\"> 10 % sur \u00e9quipement forestier \u00e0 prix r\u00e9gulier<\/span><\/em><\/td><td style=\"background-color: #572600\">\u00a0<\/td><td><strong>REMORQUE BELLE-VOITURE<\/strong><br \/><span style=\"font-size: 12px;font-family: Arial;color: #000000\"><strong><span style=\"color: #572600\">585, Principale, St-Boniface<\/span><\/strong><\/span><br \/><span style=\"font-size: 12px\"><span style=\"font-family: Arial;color: #000000\"><span style=\"color: #572600\">Vente, r\u00e9paration, location et pi\u00e8ces<\/span><\/span><\/span><br \/><em><span style=\"color: #7ba303\"> 10 % pi\u00e8ces et accessoires \u00e0 prix r\u00e9gulier<\/span><\/em><\/td><\/tr><tr><td style=\"background-color: #ffffff\">\u00a0<\/td><td>\u00a0<\/td><td>\u00a0<\/td><td>\u00a0<\/td><\/tr><tr><td style=\"background-color: #572600\">\u00a0<\/td><td><strong>COOP ST-CASIMIR<\/strong> <span style=\"font-size: 12px;font-family: Arial;color: #000000\"><strong><span style=\"color: #572600\"><br \/>685, rue de la Montagne, St-Casimir<br \/><\/span><\/strong><span style=\"color: #572600\"> Concessionnaire Unimat<\/span><strong><span style=\"color: #572600\"><br \/><\/span><\/strong><\/span><em><span style=\"color: #7ba303\"> 10 % sur \u00e9quipements Stihl \u00e0 prix r\u00e9gulier<\/span><\/em><\/td><td style=\"background-color: #7ba303\">\u00a0<\/td><td><strong>LOCATION D&rsquo;OUTILS GGL INC.<\/strong><br \/><span style=\"font-size: 12px;font-family: Arial;color: #000000\"><strong><span style=\"color: #572600\">450, Notre-Dame, Notre-Dame-du-Bon-Conseil<\/span><\/strong><\/span><br \/><span style=\"font-size: 12px;font-family: Arial;color: #000000\"><span style=\"color: #572600\">\u00c9quipements forestiers, Husqvarna, Echo<\/span><\/span><br \/><em><span style=\"color: #7ba303\"> 5 % sur unit\u00e9s \u00e0 prix r\u00e9gulier<\/span><\/em><br \/><em><span style=\"color: #7ba303\"> 10 % accessoires\/main-d\u2019\u0153uvre<\/span><\/em><\/td><\/tr><tr><td style=\"background-color: #ffffff\">\u00a0<\/td><td>\u00a0<\/td><td>\u00a0<\/td><td>\u00a0<\/td><\/tr><tr><td style=\"background-color: #7ba303\">\u00a0<\/td><td><strong>DENIS G\u00c9LINAS MOTOS INC.<\/strong><span style=\"font-size: 12px;font-family: Arial;color: #000000\"><strong><span style=\"color: #572600\"><br \/>1430, boul. Ducharme, La Tuque<br \/><\/span><\/strong><span style=\"color: #572600\"> D\u00e9taillant Husqvarna, vente de pi\u00e8ces<\/span><strong><span style=\"color: #572600\"><br \/><\/span><\/strong><\/span><em><span style=\"color: #7ba303\"> 10 % sur accessoires et \u00e9quipement forestier \u00e0 prix r\u00e9gulier<\/span><\/em><\/td><td style=\"background-color: #572600\">\u00a0<\/td><td><strong>GARAGE R. MC MAHON INC.<\/strong><span style=\"font-size: 12px;font-family: Arial;color: #000000\"><strong><span style=\"color: #572600\"><br \/>1160, Petit-Saint-Esprit, Nicolet<br \/><\/span><\/strong><span style=\"color: #572600\">Shindaiwa, Tanaka, Husqvarna, Stihl<\/span><strong><span style=\"color: #572600\"><br \/><\/span><\/strong><\/span><em><span style=\"color: #7ba303\">5 % sur pi\u00e8ces de scie \u00e0 cha\u00eene<\/span><\/em><br \/><em><span style=\"color: #7ba303\"> \u00e0 prix r\u00e9gulier (en inventaire seulement)<\/span><\/em><\/td><\/tr><tr><td style=\"background-color: #ffffff\">\u00a0<\/td><td>\u00a0<\/td><td>\u00a0<\/td><td>\u00a0<\/td><\/tr><tr><td style=\"background-color: #572600\">\u00a0<\/td><td><strong>\u00c9QUIPEMENTS J.M. DUBOIS<\/strong> <span style=\"font-size: 12px;font-family: Arial;color: #000000\"><strong><span style=\"color: #572600\"><br \/>1721, Principale, St-Cuthbert<br \/><\/span><\/strong><span style=\"color: #572600\"> D\u00e9taillant Stihl et Husqvarna<\/span><strong><span style=\"color: #572600\"><br \/><\/span><\/strong><\/span><em><span style=\"color: #7ba303\"> 10 % sur marchandise \u00e0 prix r\u00e9gulier<\/span><\/em><\/td><td style=\"background-color: #7ba303\">\u00a0<\/td><td><strong>J.M. SPORTS MAURICIE INC.<\/strong><br \/><span style=\"font-size: 12px;font-family: Arial;color: #000000\"><strong><span style=\"color: #572600\">890, Route 153, Saint-Tite<\/span><\/strong><\/span><br \/><span style=\"font-size: 12px\"><span style=\"font-family: Arial;color: #000000\"><span style=\"color: #572600\">D\u00e9taillant Cub Cadet, Stihl, Sinto<\/span><\/span><\/span><br \/><em><span style=\"color: #7ba303\">5 % sur pi\u00e8ces et accessoires\u00a0<\/span><\/em><\/td><\/tr><\/tbody><\/table>\t\t\t\t\t\t\t\t<\/div>\n\t\t\t\t<\/div>\n\t\t\t\t\t<\/div>\n\t\t<\/div>\n\t\t\t\t<div class=\"elementor-column elementor-col-50 elementor-top-column elementor-element elementor-element-461ba04\" data-id=\"461ba04\" data-element_type=\"column\" data-e-type=\"column\">\n\t\t\t<div class=\"elementor-widget-wrap\">\n\t\t\t\t\t\t\t<\/div>\n\t\t<\/div>\n\t\t\t\t\t<\/div>\n\t\t<\/section>\n\t\t\t\t<\/div>\n\t\t","protected":false},"excerpt":{"rendered":"<p>POURQUOI DEVENIR MEMBRE DU SYNDICAT ? La possibilit\u00e9 de voter \u00e0 l\u2019assembl\u00e9e des membres ainsi que de se pr\u00e9senter comme administrateur; L&rsquo;assurance d&rsquo;obtenir rapidement les informations les plus r\u00e9centes et pertinentes concernant le Syndicat; Donne \u00e0 l\u2019organisation une meilleure repr\u00e9sentativit\u00e9 des propri\u00e9taires de for\u00eats priv\u00e9es de la Mauricie et de Lanaudi\u00e8re, permet une force de &hellip; <\/p>\n<p class=\"link-more\"><a href=\"https:\/\/www.foretprivee.ca\/mauricie\/mon-syndicat\/devenir-membre\/\" class=\"more-link\">Lire la suite<\/a><\/p>\n","protected":false},"author":1,"featured_media":0,"parent":4,"menu_order":0,"comment_status":"closed","ping_status":"closed","template":"","meta":{"_acf_changed":false,"footnotes":""},"class_list":["post-22","page","type-page","status-publish","hentry"],"acf":[],"_links":{"self":[{"href":"https:\/\/www.foretprivee.ca\/mauricie\/wp-json\/wp\/v2\/pages\/22","targetHints":{"allow":["GET"]}}],"collection":[{"href":"https:\/\/www.foretprivee.ca\/mauricie\/wp-json\/wp\/v2\/pages"}],"about":[{"href":"https:\/\/www.foretprivee.ca\/mauricie\/wp-json\/wp\/v2\/types\/page"}],"author":[{"embeddable":true,"href":"https:\/\/www.foretprivee.ca\/mauricie\/wp-json\/wp\/v2\/users\/1"}],"replies":[{"embeddable":true,"href":"https:\/\/www.foretprivee.ca\/mauricie\/wp-json\/wp\/v2\/comments?post=22"}],"version-history":[{"count":0,"href":"https:\/\/www.foretprivee.ca\/mauricie\/wp-json\/wp\/v2\/pages\/22\/revisions"}],"up":[{"embeddable":true,"href":"https:\/\/www.foretprivee.ca\/mauricie\/wp-json\/wp\/v2\/pages\/4"}],"wp:attachment":[{"href":"https:\/\/www.foretprivee.ca\/mauricie\/wp-json\/wp\/v2\/media?parent=22"}],"curies":[{"name":"wp","href":"https:\/\/api.w.org\/{rel}","templated":true}]}}