{"id":26,"date":"2018-12-13T20:04:40","date_gmt":"2018-12-13T20:04:40","guid":{"rendered":"https:\/\/www.foretprivee.ca\/mauricie\/?page_id=26"},"modified":"2026-03-24T15:29:39","modified_gmt":"2026-03-24T15:29:39","slug":"production-de-bois-et-demande-de-contingent","status":"publish","type":"page","link":"https:\/\/www.foretprivee.ca\/mauricie\/mes-services\/production-de-bois-et-demande-de-contingent\/","title":{"rendered":"Production de bois et demande de contingent"},"content":{"rendered":"\t\t<div data-elementor-type=\"wp-post\" data-elementor-id=\"26\" class=\"elementor elementor-26\" data-elementor-post-type=\"page\">\n\t\t\t\t\t\t<section class=\"elementor-section elementor-top-section elementor-element elementor-element-3566407 elementor-section-boxed elementor-section-height-default elementor-section-height-default\" data-id=\"3566407\" data-element_type=\"section\" data-e-type=\"section\">\n\t\t\t\t\t\t<div class=\"elementor-container elementor-column-gap-default\">\n\t\t\t\t\t<div class=\"elementor-column elementor-col-66 elementor-top-column elementor-element elementor-element-b04f466\" data-id=\"b04f466\" data-element_type=\"column\" data-e-type=\"column\">\n\t\t\t<div class=\"elementor-widget-wrap elementor-element-populated\">\n\t\t\t\t\t\t<div class=\"elementor-element elementor-element-b707c67 elementor-widget elementor-widget-text-editor\" data-id=\"b707c67\" data-element_type=\"widget\" data-e-type=\"widget\" data-widget_type=\"text-editor.default\">\n\t\t\t\t<div class=\"elementor-widget-container\">\n\t\t\t\t\t\t\t\t\t<h4>PRODUCTION DE BOIS ET DEMANDE DE CONTINGENT<\/h4><p>Lorsqu\u2019un producteur d\u00e9sire couper du bois sur sa terre, il doit savoir si le bois \u00e0 couper est contingent\u00e9 ou non. Le <strong>bois contingent\u00e9<\/strong> englobe tout le bois qui est destin\u00e9 \u00e0 des march\u00e9s autres que ceux du sciage et du d\u00e9roulage. Si le producteur d\u00e9sire produire du bois pour ces march\u00e9s, il doit faire une demande de contingent pour obtenir une part de march\u00e9 (voir la section \u00ab fonctionnement de la demande de contingent \u00bb ci-dessous).<\/p><p>Lorsque <strong>le bois n\u2019est pas contingent\u00e9<\/strong>, le producteur doit prendre les informations n\u00e9cessaires avant d\u2019effectuer sa coupe de bois en consultant notre publication, en communiquant avec nous ou avec l\u2019usine.<\/p>\t\t\t\t\t\t\t\t<\/div>\n\t\t\t\t<\/div>\n\t\t\t\t<div class=\"elementor-element elementor-element-dc5d51f elementor-widget elementor-widget-Bouton\" data-id=\"dc5d51f\" data-element_type=\"widget\" data-e-type=\"widget\" data-widget_type=\"Bouton.default\">\n\t\t\t\t<div class=\"elementor-widget-container\">\n\t\t\t\t\t\t\t<div class=\"penega-button-container\">\n\t\t\t<a href=\"http:\/\/www.foretprivee.ca\/mauricie\/mes-services\/acheteurs-prix-offerts-et-normes-de-faconnage-des-usines\/\" class=\"btn-color  default\">Consultez les prix offerts<\/a>\n\t\t<\/div>\n\t\t\t\t\t\t<\/div>\n\t\t\t\t<\/div>\n\t\t\t\t<div class=\"elementor-element elementor-element-5a72381 elementor-widget-divider--view-line elementor-widget elementor-widget-divider\" data-id=\"5a72381\" data-element_type=\"widget\" data-e-type=\"widget\" data-widget_type=\"divider.default\">\n\t\t\t\t<div class=\"elementor-widget-container\">\n\t\t\t\t\t\t\t<div class=\"elementor-divider\">\n\t\t\t<span class=\"elementor-divider-separator\">\n\t\t\t\t\t\t<\/span>\n\t\t<\/div>\n\t\t\t\t\t\t<\/div>\n\t\t\t\t<\/div>\n\t\t\t\t<div class=\"elementor-element elementor-element-ad46314 elementor-widget elementor-widget-text-editor\" data-id=\"ad46314\" data-element_type=\"widget\" data-e-type=\"widget\" data-widget_type=\"text-editor.default\">\n\t\t\t\t<div class=\"elementor-widget-container\">\n\t\t\t\t\t\t\t\t\t<h4>FONCTIONNEMENT DE LA DEMANDE DE CONTINGENT<\/h4><p>Pour obtenir du contingent, vous devez en faire la demande au Syndicat en compl\u00e9tant le formulaire \u00e0 cet effet.<\/p>\t\t\t\t\t\t\t\t<\/div>\n\t\t\t\t<\/div>\n\t\t\t\t<div class=\"elementor-element elementor-element-f03eac0 elementor-widget elementor-widget-pdf-downloader\" data-id=\"f03eac0\" data-element_type=\"widget\" data-e-type=\"widget\" data-widget_type=\"pdf-downloader.default\">\n\t\t\t\t<div class=\"elementor-widget-container\">\n\t\t\t\t\t\t\t<div class=\"penega-pdf-repeater-container\">\n\t\t\t<ul>\n\t            \t\t\t\t\t<a href=\"https:\/\/www.foretprivee.ca\/mauricie\/wp-content\/uploads\/sites\/3\/2026\/03\/2026-2027-formulaire-contingent.pdf\" target=\"_blank\">\n\t                \t<li>\n                            <div class=\"pdf-text-box\">\n                                Formulaire de demande de contingent 2026-2027                            <\/div>\n                            <div class=\"pdf-icone-box\">\n                                <img decoding=\"async\" data-src=\"\/wp-content\/themes\/penega\/assets\/images\/icone-pdf-downloader.png\" src=\"data:image\/svg+xml;base64,PHN2ZyB3aWR0aD0iMSIgaGVpZ2h0PSIxIiB4bWxucz0iaHR0cDovL3d3dy53My5vcmcvMjAwMC9zdmciPjwvc3ZnPg==\" class=\"lazyload\">\n                            <\/div>\n                \t\t<\/li>\n\t\t\t\t\t<\/a>\n\t                \t        <\/ul>\n\t\t<\/div>\n\t\t\t\t\t\t<\/div>\n\t\t\t\t<\/div>\n\t\t\t\t<div class=\"elementor-element elementor-element-54f9240 elementor-widget elementor-widget-text-editor\" data-id=\"54f9240\" data-element_type=\"widget\" data-e-type=\"widget\" data-widget_type=\"text-editor.default\">\n\t\t\t\t<div class=\"elementor-widget-container\">\n\t\t\t\t\t\t\t\t\t<p>Le Syndicat fait parvenir ce formulaire vers la fin f\u00e9vrier de chaque ann\u00e9e aux producteurs ayant re\u00e7u un paiement pour la livraison de bois au cours des derni\u00e8res ann\u00e9es. Le producteur d\u00e9sirant couper du bois contingent\u00e9 pour l\u2019ann\u00e9e \u00e0 venir doit compl\u00e9ter et retourner ce formulaire avant le 1er avril pour la prochaine p\u00e9riode de contingent. La p\u00e9riode de contingent est du 1er juillet au 30 juin de l\u2019ann\u00e9e suivante. Prenez note qu\u2019un voyage de bois en longueur de 93\u2033 ou 96\u2033 repr\u00e9sente environ 7 cordes.<\/p><p>Selon les volumes \u00e0 livrer aux papeti\u00e8res et la demande des producteurs, le Syndicat attribue un contingent \u00e9tabli selon la superficie foresti\u00e8re productive de chaque producteur. Le SPBM vous fera ensuite parvenir, par courrier, le volume de bois qui vous a \u00e9t\u00e9 attribu\u00e9 en contingent. Ce volume est en vigueur pour toute la p\u00e9riode du contingent accord\u00e9 (du 1er juillet au 30 juin de l\u2019ann\u00e9e suivante).<\/p><p>Si le producteur croit ne pas pouvoir compl\u00e9ter le volume demand\u00e9, il doit communiquer avec le Syndicat pour l\u2019aviser. Nous pourrons, par la suite, r\u00e9\u00e9mettre les volumes non utilis\u00e9s \u00e0 d\u2019autres producteurs en cours d\u2019ann\u00e9e.<\/p><p>Si votre coupe de bois est plus importante que pr\u00e9vue, contactez-nous avant le d\u00e9but de la coupe et le Syndicat pourra peut-\u00eatre vous accorder du contingent suppl\u00e9mentaire, si le march\u00e9 le permet.<\/p><p>Vous d\u00e9sirez que le bois soit pay\u00e9 \u00e0 une tierce personne ? Compl\u00e9tez l\u2019un des formulaires ci-dessous :<\/p>\t\t\t\t\t\t\t\t<\/div>\n\t\t\t\t<\/div>\n\t\t\t\t<div class=\"elementor-element elementor-element-ad8d792 elementor-widget elementor-widget-pdf-downloader\" data-id=\"ad8d792\" data-element_type=\"widget\" data-e-type=\"widget\" data-widget_type=\"pdf-downloader.default\">\n\t\t\t\t<div class=\"elementor-widget-container\">\n\t\t\t\t\t\t\t<div class=\"penega-pdf-repeater-container\">\n\t\t\t<ul>\n\t            \t\t\t\t\t<a href=\"http:\/\/www.foretprivee.ca\/mauricie\/wp-content\/uploads\/sites\/3\/2019\/01\/SPBM_Droit_Coupe_2017.pdf\" target=\"_blank\">\n\t                \t<li>\n                            <div class=\"pdf-text-box\">\n                                Droit de coupe (formulaire abr\u00e9g\u00e9)                            <\/div>\n                            <div class=\"pdf-icone-box\">\n                                <img decoding=\"async\" data-src=\"\/wp-content\/themes\/penega\/assets\/images\/icone-pdf-downloader.png\" src=\"data:image\/svg+xml;base64,PHN2ZyB3aWR0aD0iMSIgaGVpZ2h0PSIxIiB4bWxucz0iaHR0cDovL3d3dy53My5vcmcvMjAwMC9zdmciPjwvc3ZnPg==\" class=\"lazyload\">\n                            <\/div>\n                \t\t<\/li>\n\t\t\t\t\t<\/a>\n\t                \t\t\t\t\t<a href=\"https:\/\/www.foretprivee.ca\/mauricie\/wp-content\/uploads\/sites\/3\/2022\/07\/Contrat-de-recolte-de-bois_contrat-2022_avec-champs.pdf\" target=\"_blank\">\n\t                \t<li>\n                            <div class=\"pdf-text-box\">\n                                Droit de coupe (formulaire complet)                            <\/div>\n                            <div class=\"pdf-icone-box\">\n                                <img decoding=\"async\" data-src=\"\/wp-content\/themes\/penega\/assets\/images\/icone-pdf-downloader.png\" src=\"data:image\/svg+xml;base64,PHN2ZyB3aWR0aD0iMSIgaGVpZ2h0PSIxIiB4bWxucz0iaHR0cDovL3d3dy53My5vcmcvMjAwMC9zdmciPjwvc3ZnPg==\" class=\"lazyload\">\n                            <\/div>\n                \t\t<\/li>\n\t\t\t\t\t<\/a>\n\t                \t        <\/ul>\n\t\t<\/div>\n\t\t\t\t\t\t<\/div>\n\t\t\t\t<\/div>\n\t\t\t\t<div class=\"elementor-element elementor-element-82701d1 elementor-widget elementor-widget-text-editor\" data-id=\"82701d1\" data-element_type=\"widget\" data-e-type=\"widget\" data-widget_type=\"text-editor.default\">\n\t\t\t\t<div class=\"elementor-widget-container\">\n\t\t\t\t\t\t\t\t\t<h4>AVANT DE COUPER LE BOIS<\/h4><p>Lorsque le producteur est pr\u00eat \u00e0 couper son bois, il doit obligatoirement communiquer avec le Syndicat une ou deux semaines AVANT de commencer la coupe pour aviser de la p\u00e9riode o\u00f9 le bois sera termin\u00e9 et ainsi demander son visa. Le visa est une autorisation, pour une p\u00e9riode d\u00e9termin\u00e9e, \u00e0 couper du bois pour le contingent re\u00e7u. De cette fa\u00e7on, le producteur peut s\u2019assurer de l\u2019\u00e9tat des march\u00e9s.<\/p><p>Les producteurs n\u2019ayant pas communiqu\u00e9 avec le Syndicat avant de couper, risquent de subir des d\u00e9lais plus longs pour la livraison du bois advenant un lourd inventaire. Dans le cas o\u00f9 l\u2019inventaire serait tr\u00e8s \u00e9lev\u00e9, le producteur risque, de perdre son bois.<\/p><h4>LE BOIS EST PR\u00caT POUR LA LIVRAISON<\/h4><p>Lorsque le bois est pr\u00eat pour la livraison, vous devez communiquer avec le Syndicat pour le mettre en inventaire. Par la suite, c\u2019est le Syndicat qui, le moment venu, donnera l\u2019autorisation au transporteur de livrer votre bois \u00e0 l\u2019usine concern\u00e9e.<\/p><p>D\u00e8s qu\u2019il est mis en inventaire, votre bois doit \u00eatre accessible en tout temps pour le transporteur.<\/p><p>Suivez les recommandations de votre conseiller \u00e0 la mise en march\u00e9 et visionnez cette vid\u00e9o concernant les bonnes pratiques d\u2019empilement de bois<\/p>\t\t\t\t\t\t\t\t<\/div>\n\t\t\t\t<\/div>\n\t\t\t\t<div class=\"elementor-element elementor-element-b8a5702 elementor-widget elementor-widget-video\" data-id=\"b8a5702\" data-element_type=\"widget\" data-e-type=\"widget\" data-settings=\"{&quot;youtube_url&quot;:&quot;https:\\\/\\\/youtu.be\\\/WQn0u4kA1-Q&quot;,&quot;video_type&quot;:&quot;youtube&quot;,&quot;controls&quot;:&quot;yes&quot;}\" data-widget_type=\"video.default\">\n\t\t\t\t<div class=\"elementor-widget-container\">\n\t\t\t\t\t\t\t<div class=\"elementor-wrapper elementor-open-inline\">\n\t\t\t<div class=\"elementor-video\"><\/div>\t\t<\/div>\n\t\t\t\t\t\t<\/div>\n\t\t\t\t<\/div>\n\t\t\t\t\t<\/div>\n\t\t<\/div>\n\t\t\t\t<div class=\"elementor-column elementor-col-33 elementor-top-column elementor-element elementor-element-bca170b\" data-id=\"bca170b\" data-element_type=\"column\" data-e-type=\"column\">\n\t\t\t<div class=\"elementor-widget-wrap\">\n\t\t\t\t\t\t\t<\/div>\n\t\t<\/div>\n\t\t\t\t\t<\/div>\n\t\t<\/section>\n\t\t\t\t<section class=\"elementor-section elementor-top-section elementor-element elementor-element-1a72ebf3 elementor-section-boxed elementor-section-height-default elementor-section-height-default\" data-id=\"1a72ebf3\" data-element_type=\"section\" data-e-type=\"section\">\n\t\t\t\t\t\t<div class=\"elementor-container elementor-column-gap-default\">\n\t\t\t\t\t<div class=\"elementor-column elementor-col-100 elementor-top-column elementor-element elementor-element-1234ec93\" data-id=\"1234ec93\" data-element_type=\"column\" data-e-type=\"column\">\n\t\t\t<div class=\"elementor-widget-wrap elementor-element-populated\">\n\t\t\t\t\t\t\t<\/div>\n\t\t<\/div>\n\t\t\t\t\t<\/div>\n\t\t<\/section>\n\t\t\t\t<section class=\"elementor-section elementor-top-section elementor-element elementor-element-92f56a4 elementor-section-boxed elementor-section-height-default elementor-section-height-default\" data-id=\"92f56a4\" data-element_type=\"section\" data-e-type=\"section\">\n\t\t\t\t\t\t<div class=\"elementor-container elementor-column-gap-default\">\n\t\t\t\t\t<div class=\"elementor-column elementor-col-100 elementor-top-column elementor-element elementor-element-45ef54e\" data-id=\"45ef54e\" data-element_type=\"column\" data-e-type=\"column\">\n\t\t\t<div class=\"elementor-widget-wrap elementor-element-populated\">\n\t\t\t\t\t\t<div class=\"elementor-element elementor-element-e7ab3c9 elementor-widget elementor-widget-outils\" data-id=\"e7ab3c9\" data-element_type=\"widget\" data-e-type=\"widget\" data-widget_type=\"outils.default\">\n\t\t\t\t<div class=\"elementor-widget-container\">\n\t\t\t\t\t\t\t<div class=\"penega-outils-container\">\n\t\t\t\t\t\t<div class=\"boutons\">\n\t\t\t\t\t\t\t<\/div>\n\t\t\t\t\t<\/div>\n\t\t\t\t\t\t<\/div>\n\t\t\t\t<\/div>\n\t\t\t\t\t<\/div>\n\t\t<\/div>\n\t\t\t\t\t<\/div>\n\t\t<\/section>\n\t\t\t\t<\/div>\n\t\t","protected":false},"excerpt":{"rendered":"<p>PRODUCTION DE BOIS ET DEMANDE DE CONTINGENT Lorsqu\u2019un producteur d\u00e9sire couper du bois sur sa terre, il doit savoir si le bois \u00e0 couper est contingent\u00e9 ou non. Le bois contingent\u00e9 englobe tout le bois qui est destin\u00e9 \u00e0 des march\u00e9s autres que ceux du sciage et du d\u00e9roulage. Si le producteur d\u00e9sire produire du &hellip; <\/p>\n<p class=\"link-more\"><a href=\"https:\/\/www.foretprivee.ca\/mauricie\/mes-services\/production-de-bois-et-demande-de-contingent\/\" class=\"more-link\">Lire la suite<\/a><\/p>\n","protected":false},"author":1,"featured_media":610,"parent":24,"menu_order":0,"comment_status":"closed","ping_status":"closed","template":"","meta":{"_acf_changed":false,"footnotes":""},"class_list":["post-26","page","type-page","status-publish","has-post-thumbnail","hentry"],"acf":[],"_links":{"self":[{"href":"https:\/\/www.foretprivee.ca\/mauricie\/wp-json\/wp\/v2\/pages\/26","targetHints":{"allow":["GET"]}}],"collection":[{"href":"https:\/\/www.foretprivee.ca\/mauricie\/wp-json\/wp\/v2\/pages"}],"about":[{"href":"https:\/\/www.foretprivee.ca\/mauricie\/wp-json\/wp\/v2\/types\/page"}],"author":[{"embeddable":true,"href":"https:\/\/www.foretprivee.ca\/mauricie\/wp-json\/wp\/v2\/users\/1"}],"replies":[{"embeddable":true,"href":"https:\/\/www.foretprivee.ca\/mauricie\/wp-json\/wp\/v2\/comments?post=26"}],"version-history":[{"count":0,"href":"https:\/\/www.foretprivee.ca\/mauricie\/wp-json\/wp\/v2\/pages\/26\/revisions"}],"up":[{"embeddable":true,"href":"https:\/\/www.foretprivee.ca\/mauricie\/wp-json\/wp\/v2\/pages\/24"}],"wp:featuredmedia":[{"embeddable":true,"href":"https:\/\/www.foretprivee.ca\/mauricie\/wp-json\/wp\/v2\/media\/610"}],"wp:attachment":[{"href":"https:\/\/www.foretprivee.ca\/mauricie\/wp-json\/wp\/v2\/media?parent=26"}],"curies":[{"name":"wp","href":"https:\/\/api.w.org\/{rel}","templated":true}]}}