{"version":"1.0","provider_name":"Syndicat des propri\u00e9taires forestiers de la r\u00e9gion de Qu\u00e9bec","provider_url":"https:\/\/www.foretprivee.ca\/regiondequebec","author_name":"sverreault","title":"R\u00e9seaux sociaux - Syndicat des propri\u00e9taires forestiers de la r\u00e9gion de Qu\u00e9bec","type":"rich","width":600,"height":338,"html":"<blockquote class=\"wp-embedded-content\" data-secret=\"t6j4zliyC2\"><a href=\"https:\/\/www.foretprivee.ca\/regiondequebec\/mes-communications\/reseaux-sociaux\/\">R\u00e9seaux sociaux<\/a><\/blockquote><iframe sandbox=\"allow-scripts\" security=\"restricted\" src=\"https:\/\/www.foretprivee.ca\/regiondequebec\/mes-communications\/reseaux-sociaux\/embed\/#?secret=t6j4zliyC2\" width=\"600\" height=\"338\" title=\"&laquo; R\u00e9seaux sociaux &raquo; &#8212; Syndicat des propri\u00e9taires forestiers de la r\u00e9gion de Qu\u00e9bec\" data-secret=\"t6j4zliyC2\" frameborder=\"0\" marginwidth=\"0\" marginheight=\"0\" scrolling=\"no\" class=\"wp-embedded-content\"><\/iframe><script type=\"text\/javascript\">\n\/* <![CDATA[ *\/\n\/*! This file is auto-generated *\/\n!function(d,l){\"use strict\";l.querySelector&&d.addEventListener&&\"undefined\"!=typeof URL&&(d.wp=d.wp||{},d.wp.receiveEmbedMessage||(d.wp.receiveEmbedMessage=function(e){var t=e.data;if((t||t.secret||t.message||t.value)&&!\/[^a-zA-Z0-9]\/.test(t.secret)){for(var s,r,n,a=l.querySelectorAll('iframe[data-secret=\"'+t.secret+'\"]'),o=l.querySelectorAll('blockquote[data-secret=\"'+t.secret+'\"]'),c=new RegExp(\"^https?:$\",\"i\"),i=0;i<o.length;i++)o[i].style.display=\"none\";for(i=0;i<a.length;i++)s=a[i],e.source===s.contentWindow&&(s.removeAttribute(\"style\"),\"height\"===t.message?(1e3<(r=parseInt(t.value,10))?r=1e3:~~r<200&&(r=200),s.height=r):\"link\"===t.message&&(r=new URL(s.getAttribute(\"src\")),n=new URL(t.value),c.test(n.protocol))&&n.host===r.host&&l.activeElement===s&&(d.top.location.href=t.value))}},d.addEventListener(\"message\",d.wp.receiveEmbedMessage,!1),l.addEventListener(\"DOMContentLoaded\",function(){for(var e,t,s=l.querySelectorAll(\"iframe.wp-embedded-content\"),r=0;r<s.length;r++)(t=(e=s[r]).getAttribute(\"data-secret\"))||(t=Math.random().toString(36).substring(2,12),e.src+=\"#?secret=\"+t,e.setAttribute(\"data-secret\",t)),e.contentWindow.postMessage({message:\"ready\",secret:t},\"*\")},!1)))}(window,document);\n\/\/# sourceURL=https:\/\/www.foretprivee.ca\/regiondequebec\/wp-includes\/js\/wp-embed.min.js\n\/* ]]> *\/\n<\/script>\n","description":"Suivez-nous sur nos r\u00e9seaux sociaux pour \u00eatre \u00e0 l\u2019aff\u00fbt des plus r\u00e9centes nouvelles, \u00e9ditoriaux, dossiers et \u00e9v\u00e9nements en lien avec notre syndicat. Notre page Facebook\u00a0permet la publication de nouvelles, enjeux, \u00e9ditoriaux, revues de presse, \u00e9v\u00e9nements, r\u00e9flexions, vid\u00e9os et photos.Aimez-nous! Consultez la cha\u00eene YouTube du Syndicat pour visionner toutes les vid\u00e9os. N\u00e9tiquette Avec nos r\u00e9seaux sociaux, &hellip; Lire la suite"}

Syndicat des propriétaires forestiers de la région de Québec

Réseaux sociaux - Syndicat des propriétaires forestiers de la région de Québec

<blockquote class="wp-embedded-content" data-secret="t6j4zliyC2"><a href="https://www.foretprivee.ca/regiondequebec/mes-communications/reseaux-sociaux/">Réseaux sociaux</a></blockquote><iframe sandbox="allow-scripts" security="restricted" src="https://www.foretprivee.ca/regiondequebec/mes-communications/reseaux-sociaux/embed/#?secret=t6j4zliyC2" width="600" height="338" title="&laquo; Réseaux sociaux &raquo; &#8212; Syndicat des propriétaires forestiers de la région de Québec" data-secret="t6j4zliyC2" frameborder="0" marginwidth="0" marginheight="0" scrolling="no" class="wp-embedded-content"></iframe><script type="text/javascript">
/* <![CDATA[ */
/*! This file is auto-generated */
!function(d,l){"use strict";l.querySelector&&d.addEventListener&&"undefined"!=typeof URL&&(d.wp=d.wp||{},d.wp.receiveEmbedMessage||(d.wp.receiveEmbedMessage=function(e){var t=e.data;if((t||t.secret||t.message||t.value)&&!/[^a-zA-Z0-9]/.test(t.secret)){for(var s,r,n,a=l.querySelectorAll('iframe[data-secret="'+t.secret+'"]'),o=l.querySelectorAll('blockquote[data-secret="'+t.secret+'"]'),c=new RegExp("^https?:$","i"),i=0;i<o.length;i++)o[i].style.display="none";for(i=0;i<a.length;i++)s=a[i],e.source===s.contentWindow&&(s.removeAttribute("style"),"height"===t.message?(1e3<(r=parseInt(t.value,10))?r=1e3:~~r<200&&(r=200),s.height=r):"link"===t.message&&(r=new URL(s.getAttribute("src")),n=new URL(t.value),c.test(n.protocol))&&n.host===r.host&&l.activeElement===s&&(d.top.location.href=t.value))}},d.addEventListener("message",d.wp.receiveEmbedMessage,!1),l.addEventListener("DOMContentLoaded",function(){for(var e,t,s=l.querySelectorAll("iframe.wp-embedded-content"),r=0;r<s.length;r++)(t=(e=s[r]).getAttribute("data-secret"))||(t=Math.random().toString(36).substring(2,12),e.src+="#?secret="+t,e.setAttribute("data-secret",t)),e.contentWindow.postMessage({message:"ready",secret:t},"*")},!1)))}(window,document);
//# sourceURL=https://www.foretprivee.ca/regiondequebec/wp-includes/js/wp-embed.min.js
/* ]]> */
</script>

Suivez-nous sur nos réseaux sociaux pour être à l’affût des plus récentes nouvelles, éditoriaux, dossiers et événements en lien avec notre syndicat. Notre page Facebook permet la publication de nouvelles, enjeux, éditoriaux, revues de presse, événements, réflexions, vidéos et photos.Aimez-nous! Consultez la chaîne YouTube du Syndicat pour visionner toutes les vidéos. Nétiquette Avec nos réseaux sociaux, &hellip; Lire la suite
