{"version":"1.0","provider_name":"Syndicat des propri\u00e9taires forestiers de la r\u00e9gion de Qu\u00e9bec","provider_url":"https:\/\/www.foretprivee.ca\/regiondequebec","author_name":"penega","title":"Territoires et cartes - Syndicat des propri\u00e9taires forestiers de la r\u00e9gion de Qu\u00e9bec","type":"rich","width":600,"height":338,"html":"<blockquote class=\"wp-embedded-content\" data-secret=\"heyW3xxBzg\"><a href=\"https:\/\/www.foretprivee.ca\/regiondequebec\/mon-syndicat\/territoires-et-cartes\/\">Territoires et cartes<\/a><\/blockquote><iframe sandbox=\"allow-scripts\" security=\"restricted\" src=\"https:\/\/www.foretprivee.ca\/regiondequebec\/mon-syndicat\/territoires-et-cartes\/embed\/#?secret=heyW3xxBzg\" width=\"600\" height=\"338\" title=\"&laquo; Territoires et cartes &raquo; &#8212; Syndicat des propri\u00e9taires forestiers de la r\u00e9gion de Qu\u00e9bec\" data-secret=\"heyW3xxBzg\" frameborder=\"0\" marginwidth=\"0\" marginheight=\"0\" scrolling=\"no\" class=\"wp-embedded-content\"><\/iframe><script type=\"text\/javascript\">\n\/* <![CDATA[ *\/\n\/*! This file is auto-generated *\/\n!function(d,l){\"use strict\";l.querySelector&&d.addEventListener&&\"undefined\"!=typeof URL&&(d.wp=d.wp||{},d.wp.receiveEmbedMessage||(d.wp.receiveEmbedMessage=function(e){var t=e.data;if((t||t.secret||t.message||t.value)&&!\/[^a-zA-Z0-9]\/.test(t.secret)){for(var s,r,n,a=l.querySelectorAll('iframe[data-secret=\"'+t.secret+'\"]'),o=l.querySelectorAll('blockquote[data-secret=\"'+t.secret+'\"]'),c=new RegExp(\"^https?:$\",\"i\"),i=0;i<o.length;i++)o[i].style.display=\"none\";for(i=0;i<a.length;i++)s=a[i],e.source===s.contentWindow&&(s.removeAttribute(\"style\"),\"height\"===t.message?(1e3<(r=parseInt(t.value,10))?r=1e3:~~r<200&&(r=200),s.height=r):\"link\"===t.message&&(r=new URL(s.getAttribute(\"src\")),n=new URL(t.value),c.test(n.protocol))&&n.host===r.host&&l.activeElement===s&&(d.top.location.href=t.value))}},d.addEventListener(\"message\",d.wp.receiveEmbedMessage,!1),l.addEventListener(\"DOMContentLoaded\",function(){for(var e,t,s=l.querySelectorAll(\"iframe.wp-embedded-content\"),r=0;r<s.length;r++)(t=(e=s[r]).getAttribute(\"data-secret\"))||(t=Math.random().toString(36).substring(2,12),e.src+=\"#?secret=\"+t,e.setAttribute(\"data-secret\",t)),e.contentWindow.postMessage({message:\"ready\",secret:t},\"*\")},!1)))}(window,document);\n\/\/# sourceURL=https:\/\/www.foretprivee.ca\/regiondequebec\/wp-includes\/js\/wp-embed.min.js\n\/* ]]> *\/\n<\/script>\n","description":"CARTE DU TERRITOIRE DU SPFRQ Le territoire du Syndicat des propri\u00e9taires forestiers de la r\u00e9gion de Qu\u00e9bec s\u2019\u00e9tend autour de la ville de Qu\u00e9bec, de part et d\u2019autre du fleuve Saint-Laurent. Ce vaste territoire de plus d\u2019un million d\u2019hectares est divis\u00e9 en neuf secteurs, auxquels sont rattach\u00e9s autant d\u2019administrateurs. R\u00e9alis\u00e9e par Jean-Fran\u00e7ois Maltais, tech.for.Donn\u00e9es: 4e &hellip; Lire la suite","thumbnail_url":"https:\/\/www.foretprivee.ca\/regiondequebec\/wp-content\/uploads\/sites\/4\/2019\/01\/Territoire-syndicat_crop.jpg","thumbnail_width":2472,"thumbnail_height":3266}

Syndicat des propriétaires forestiers de la région de Québec

Territoires et cartes - Syndicat des propriétaires forestiers de la région de Québec

<blockquote class="wp-embedded-content" data-secret="heyW3xxBzg"><a href="https://www.foretprivee.ca/regiondequebec/mon-syndicat/territoires-et-cartes/">Territoires et cartes</a></blockquote><iframe sandbox="allow-scripts" security="restricted" src="https://www.foretprivee.ca/regiondequebec/mon-syndicat/territoires-et-cartes/embed/#?secret=heyW3xxBzg" width="600" height="338" title="&laquo; Territoires et cartes &raquo; &#8212; Syndicat des propriétaires forestiers de la région de Québec" data-secret="heyW3xxBzg" frameborder="0" marginwidth="0" marginheight="0" scrolling="no" class="wp-embedded-content"></iframe><script type="text/javascript">
/* <![CDATA[ */
/*! This file is auto-generated */
!function(d,l){"use strict";l.querySelector&&d.addEventListener&&"undefined"!=typeof URL&&(d.wp=d.wp||{},d.wp.receiveEmbedMessage||(d.wp.receiveEmbedMessage=function(e){var t=e.data;if((t||t.secret||t.message||t.value)&&!/[^a-zA-Z0-9]/.test(t.secret)){for(var s,r,n,a=l.querySelectorAll('iframe[data-secret="'+t.secret+'"]'),o=l.querySelectorAll('blockquote[data-secret="'+t.secret+'"]'),c=new RegExp("^https?:$","i"),i=0;i<o.length;i++)o[i].style.display="none";for(i=0;i<a.length;i++)s=a[i],e.source===s.contentWindow&&(s.removeAttribute("style"),"height"===t.message?(1e3<(r=parseInt(t.value,10))?r=1e3:~~r<200&&(r=200),s.height=r):"link"===t.message&&(r=new URL(s.getAttribute("src")),n=new URL(t.value),c.test(n.protocol))&&n.host===r.host&&l.activeElement===s&&(d.top.location.href=t.value))}},d.addEventListener("message",d.wp.receiveEmbedMessage,!1),l.addEventListener("DOMContentLoaded",function(){for(var e,t,s=l.querySelectorAll("iframe.wp-embedded-content"),r=0;r<s.length;r++)(t=(e=s[r]).getAttribute("data-secret"))||(t=Math.random().toString(36).substring(2,12),e.src+="#?secret="+t,e.setAttribute("data-secret",t)),e.contentWindow.postMessage({message:"ready",secret:t},"*")},!1)))}(window,document);
//# sourceURL=https://www.foretprivee.ca/regiondequebec/wp-includes/js/wp-embed.min.js
/* ]]> */
</script>

CARTE DU TERRITOIRE DU SPFRQ Le territoire du Syndicat des propriétaires forestiers de la région de Québec s’étend autour de la ville de Québec, de part et d’autre du fleuve Saint-Laurent. Ce vaste territoire de plus d’un million d’hectares est divisé en neuf secteurs, auxquels sont rattachés autant d’administrateurs. Réalisée par Jean-François Maltais, tech.for.Données: 4e &hellip; Lire la suite
