{"version":"1.0","provider_name":"Syndicat des propri\u00e9taires forestiers de la r\u00e9gion de Qu\u00e9bec","provider_url":"https:\/\/www.foretprivee.ca\/regiondequebec","author_name":"penega","title":"Nouvelle page Facebook - Syndicat des propri\u00e9taires forestiers de la r\u00e9gion de Qu\u00e9bec","type":"rich","width":600,"height":338,"html":"<blockquote class=\"wp-embedded-content\" data-secret=\"gB6iVgRfWP\"><a href=\"https:\/\/www.foretprivee.ca\/regiondequebec\/nouvelles\/nouvelle-page-facebook\/\">Nouvelle page Facebook<\/a><\/blockquote><iframe sandbox=\"allow-scripts\" security=\"restricted\" src=\"https:\/\/www.foretprivee.ca\/regiondequebec\/nouvelles\/nouvelle-page-facebook\/embed\/#?secret=gB6iVgRfWP\" width=\"600\" height=\"338\" title=\"&laquo; Nouvelle page Facebook &raquo; &#8212; Syndicat des propri\u00e9taires forestiers de la r\u00e9gion de Qu\u00e9bec\" data-secret=\"gB6iVgRfWP\" frameborder=\"0\" marginwidth=\"0\" marginheight=\"0\" scrolling=\"no\" class=\"wp-embedded-content\"><\/iframe><script type=\"text\/javascript\">\n\/* <![CDATA[ *\/\n\/*! This file is auto-generated *\/\n!function(d,l){\"use strict\";l.querySelector&&d.addEventListener&&\"undefined\"!=typeof URL&&(d.wp=d.wp||{},d.wp.receiveEmbedMessage||(d.wp.receiveEmbedMessage=function(e){var t=e.data;if((t||t.secret||t.message||t.value)&&!\/[^a-zA-Z0-9]\/.test(t.secret)){for(var s,r,n,a=l.querySelectorAll('iframe[data-secret=\"'+t.secret+'\"]'),o=l.querySelectorAll('blockquote[data-secret=\"'+t.secret+'\"]'),c=new RegExp(\"^https?:$\",\"i\"),i=0;i<o.length;i++)o[i].style.display=\"none\";for(i=0;i<a.length;i++)s=a[i],e.source===s.contentWindow&&(s.removeAttribute(\"style\"),\"height\"===t.message?(1e3<(r=parseInt(t.value,10))?r=1e3:~~r<200&&(r=200),s.height=r):\"link\"===t.message&&(r=new URL(s.getAttribute(\"src\")),n=new URL(t.value),c.test(n.protocol))&&n.host===r.host&&l.activeElement===s&&(d.top.location.href=t.value))}},d.addEventListener(\"message\",d.wp.receiveEmbedMessage,!1),l.addEventListener(\"DOMContentLoaded\",function(){for(var e,t,s=l.querySelectorAll(\"iframe.wp-embedded-content\"),r=0;r<s.length;r++)(t=(e=s[r]).getAttribute(\"data-secret\"))||(t=Math.random().toString(36).substring(2,12),e.src+=\"#?secret=\"+t,e.setAttribute(\"data-secret\",t)),e.contentWindow.postMessage({message:\"ready\",secret:t},\"*\")},!1)))}(window,document);\n\/\/# sourceURL=https:\/\/www.foretprivee.ca\/regiondequebec\/wp-includes\/js\/wp-embed.min.js\n\/* ]]> *\/\n<\/script>\n","description":"@spfrq La page Facebook du Syndicat est un moyen rapide et tr\u00e8s simple d\u2019\u00eatre bien inform\u00e9 sur les diff\u00e9rentes activit\u00e9s ainsi que l\u2019actualit\u00e9 reli\u00e9es \u00e0 la for\u00eat priv\u00e9e de votre r\u00e9gion. Tapez @spfrq dans le moteur de recherche sur le Web afin de vous brancher, d\u2019aimer et de suivre votre organisation. Merci \u00e0 tous de &hellip; Lire la suite"}

Syndicat des propriétaires forestiers de la région de Québec

Nouvelle page Facebook - Syndicat des propriétaires forestiers de la région de Québec

<blockquote class="wp-embedded-content" data-secret="gB6iVgRfWP"><a href="https://www.foretprivee.ca/regiondequebec/nouvelles/nouvelle-page-facebook/">Nouvelle page Facebook</a></blockquote><iframe sandbox="allow-scripts" security="restricted" src="https://www.foretprivee.ca/regiondequebec/nouvelles/nouvelle-page-facebook/embed/#?secret=gB6iVgRfWP" width="600" height="338" title="&laquo; Nouvelle page Facebook &raquo; &#8212; Syndicat des propriétaires forestiers de la région de Québec" data-secret="gB6iVgRfWP" frameborder="0" marginwidth="0" marginheight="0" scrolling="no" class="wp-embedded-content"></iframe><script type="text/javascript">
/* <![CDATA[ */
/*! This file is auto-generated */
!function(d,l){"use strict";l.querySelector&&d.addEventListener&&"undefined"!=typeof URL&&(d.wp=d.wp||{},d.wp.receiveEmbedMessage||(d.wp.receiveEmbedMessage=function(e){var t=e.data;if((t||t.secret||t.message||t.value)&&!/[^a-zA-Z0-9]/.test(t.secret)){for(var s,r,n,a=l.querySelectorAll('iframe[data-secret="'+t.secret+'"]'),o=l.querySelectorAll('blockquote[data-secret="'+t.secret+'"]'),c=new RegExp("^https?:$","i"),i=0;i<o.length;i++)o[i].style.display="none";for(i=0;i<a.length;i++)s=a[i],e.source===s.contentWindow&&(s.removeAttribute("style"),"height"===t.message?(1e3<(r=parseInt(t.value,10))?r=1e3:~~r<200&&(r=200),s.height=r):"link"===t.message&&(r=new URL(s.getAttribute("src")),n=new URL(t.value),c.test(n.protocol))&&n.host===r.host&&l.activeElement===s&&(d.top.location.href=t.value))}},d.addEventListener("message",d.wp.receiveEmbedMessage,!1),l.addEventListener("DOMContentLoaded",function(){for(var e,t,s=l.querySelectorAll("iframe.wp-embedded-content"),r=0;r<s.length;r++)(t=(e=s[r]).getAttribute("data-secret"))||(t=Math.random().toString(36).substring(2,12),e.src+="#?secret="+t,e.setAttribute("data-secret",t)),e.contentWindow.postMessage({message:"ready",secret:t},"*")},!1)))}(window,document);
//# sourceURL=https://www.foretprivee.ca/regiondequebec/wp-includes/js/wp-embed.min.js
/* ]]> */
</script>

@spfrq La page Facebook du Syndicat est un moyen rapide et très simple d’être bien informé sur les différentes activités ainsi que l’actualité reliées à la forêt privée de votre région. Tapez @spfrq dans le moteur de recherche sur le Web afin de vous brancher, d’aimer et de suivre votre organisation. Merci à tous de &hellip; Lire la suite
