{"id":16,"date":"2018-12-13T20:20:11","date_gmt":"2018-12-13T20:20:11","guid":{"rendered":"https:\/\/www.foretprivee.ca\/regiondequebec\/?page_id=16"},"modified":"2026-03-23T17:53:27","modified_gmt":"2026-03-23T17:53:27","slug":"rapports-dactivite","status":"publish","type":"page","link":"https:\/\/www.foretprivee.ca\/regiondequebec\/mon-syndicat\/rapports-dactivite\/","title":{"rendered":"Rapports d&rsquo;activit\u00e9"},"content":{"rendered":"\t\t<div data-elementor-type=\"wp-post\" data-elementor-id=\"16\" class=\"elementor elementor-16\" data-elementor-post-type=\"page\">\n\t\t\t\t\t\t<section class=\"elementor-section elementor-top-section elementor-element elementor-element-cb85c8b elementor-section-boxed elementor-section-height-default elementor-section-height-default\" data-id=\"cb85c8b\" data-element_type=\"section\" data-e-type=\"section\">\n\t\t\t\t\t\t<div class=\"elementor-container elementor-column-gap-default\">\n\t\t\t\t\t<div class=\"elementor-column elementor-col-66 elementor-top-column elementor-element elementor-element-dc36a7b\" data-id=\"dc36a7b\" data-element_type=\"column\" data-e-type=\"column\">\n\t\t\t<div class=\"elementor-widget-wrap elementor-element-populated\">\n\t\t\t\t\t\t<div class=\"elementor-element elementor-element-2dc70d5 elementor-widget elementor-widget-text-editor\" data-id=\"2dc70d5\" data-element_type=\"widget\" data-e-type=\"widget\" data-widget_type=\"text-editor.default\">\n\t\t\t\t<div class=\"elementor-widget-container\">\n\t\t\t\t\t\t\t\t\t<p>Le Syndicat repr\u00e9sente environ 23 000 propri\u00e9taires de bois\u00e9s dans la r\u00e9gion. Il d\u00e9fend les int\u00e9r\u00eats g\u00e9n\u00e9raux de tous les propri\u00e9taires et les producteurs dans la mise en march\u00e9 des bois, la mise en valeur de la for\u00eat et les droits de propri\u00e9t\u00e9.<\/p><p>Il joue aussi un r\u00f4le central dans la mise en march\u00e9 des bois feuillus et r\u00e9sineux destin\u00e9s aux march\u00e9s de transformation, tels que les p\u00e2tes et papiers, le sciage, le d\u00e9roulage, les panneaux particules et autres produits.<\/p><p><b>Extrait du rapport d\u2019activit\u00e9 2025<\/b><\/p>\t\t\t\t\t\t\t\t<\/div>\n\t\t\t\t<\/div>\n\t\t\t\t\t<\/div>\n\t\t<\/div>\n\t\t\t\t<div class=\"elementor-column elementor-col-33 elementor-top-column elementor-element elementor-element-4e5a271\" data-id=\"4e5a271\" data-element_type=\"column\" data-e-type=\"column\">\n\t\t\t<div class=\"elementor-widget-wrap\">\n\t\t\t\t\t\t\t<\/div>\n\t\t<\/div>\n\t\t\t\t\t<\/div>\n\t\t<\/section>\n\t\t\t\t<section class=\"elementor-section elementor-top-section elementor-element elementor-element-57db11d elementor-section-boxed elementor-section-height-default elementor-section-height-default\" data-id=\"57db11d\" data-element_type=\"section\" data-e-type=\"section\">\n\t\t\t\t\t\t<div class=\"elementor-container elementor-column-gap-default\">\n\t\t\t\t\t<div class=\"elementor-column elementor-col-33 elementor-top-column elementor-element elementor-element-483dea3\" data-id=\"483dea3\" data-element_type=\"column\" data-e-type=\"column\">\n\t\t\t<div class=\"elementor-widget-wrap elementor-element-populated\">\n\t\t\t\t\t\t<div class=\"elementor-element elementor-element-08fa5fa elementor-widget elementor-widget-text-editor\" data-id=\"08fa5fa\" data-element_type=\"widget\" data-e-type=\"widget\" data-widget_type=\"text-editor.default\">\n\t\t\t\t<div class=\"elementor-widget-container\">\n\t\t\t\t\t\t\t\t\t<p>Les ventes pour l&rsquo;ann\u00e9e 2025 ont atteint 798 599 m\u00e8tres cubes solides, ce qui repr\u00e9sente une baisse d&rsquo;environ 6,2 % par rapport au volume de l&rsquo;ann\u00e9e derni\u00e8re.<\/p><p>Consultez le rapport d\u2019activit\u00e9 du SPFRQ pour conna\u00eetre les principaux faits saillants annuels.<\/p>\t\t\t\t\t\t\t\t<\/div>\n\t\t\t\t<\/div>\n\t\t\t\t<div class=\"elementor-element elementor-element-1bc8bc8 elementor-widget elementor-widget-pdf-downloader\" data-id=\"1bc8bc8\" data-element_type=\"widget\" data-e-type=\"widget\" data-widget_type=\"pdf-downloader.default\">\n\t\t\t\t<div class=\"elementor-widget-container\">\n\t\t\t\t\t\t\t<div class=\"penega-pdf-repeater-container\">\n\t\t\t<ul>\n\t            \t\t\t\t\t<a href=\"https:\/\/www.foretprivee.ca\/regiondequebec\/wp-content\/uploads\/sites\/4\/2026\/03\/Image-Rapport-activite-2025.png\" target=\"_blank\">\n\t                \t<li>\n                            <div class=\"pdf-text-box\">\n                                Rapport d'activit\u00e9 2025                            <\/div>\n                            <div class=\"pdf-icone-box\">\n                                <img decoding=\"async\" data-src=\"\/wp-content\/themes\/penega\/assets\/images\/icone-pdf-downloader.png\" src=\"data:image\/svg+xml;base64,PHN2ZyB3aWR0aD0iMSIgaGVpZ2h0PSIxIiB4bWxucz0iaHR0cDovL3d3dy53My5vcmcvMjAwMC9zdmciPjwvc3ZnPg==\" class=\"lazyload\">\n                            <\/div>\n                \t\t<\/li>\n\t\t\t\t\t<\/a>\n\t                \t\t\t\t\t<a href=\"https:\/\/www.foretprivee.ca\/regiondequebec\/wp-content\/uploads\/sites\/4\/2025\/03\/Rapport-Activite-2024-SPFRQ-Complet.pdf\" target=\"_blank\">\n\t                \t<li>\n                            <div class=\"pdf-text-box\">\n                                Rapport d'activit\u00e9 2024                            <\/div>\n                            <div class=\"pdf-icone-box\">\n                                <img decoding=\"async\" data-src=\"\/wp-content\/themes\/penega\/assets\/images\/icone-pdf-downloader.png\" src=\"data:image\/svg+xml;base64,PHN2ZyB3aWR0aD0iMSIgaGVpZ2h0PSIxIiB4bWxucz0iaHR0cDovL3d3dy53My5vcmcvMjAwMC9zdmciPjwvc3ZnPg==\" class=\"lazyload\">\n                            <\/div>\n                \t\t<\/li>\n\t\t\t\t\t<\/a>\n\t                \t\t\t\t\t<a href=\"https:\/\/www.foretprivee.ca\/regiondequebec\/wp-content\/uploads\/sites\/4\/2024\/03\/Rapport-Activite-2023-SPFRQ.pdf\" target=\"_blank\">\n\t                \t<li>\n                            <div class=\"pdf-text-box\">\n                                Rapport d'activit\u00e9 2023                            <\/div>\n                            <div class=\"pdf-icone-box\">\n                                <img decoding=\"async\" data-src=\"\/wp-content\/themes\/penega\/assets\/images\/icone-pdf-downloader.png\" src=\"data:image\/svg+xml;base64,PHN2ZyB3aWR0aD0iMSIgaGVpZ2h0PSIxIiB4bWxucz0iaHR0cDovL3d3dy53My5vcmcvMjAwMC9zdmciPjwvc3ZnPg==\" class=\"lazyload\">\n                            <\/div>\n                \t\t<\/li>\n\t\t\t\t\t<\/a>\n\t                \t\t\t\t\t<a href=\"https:\/\/www.foretprivee.ca\/regiondequebec\/wp-content\/uploads\/sites\/4\/2023\/04\/Rapport-Activite-2022-SPFRQ.pdf\" target=\"_blank\">\n\t                \t<li>\n                            <div class=\"pdf-text-box\">\n                                Rapport d'activit\u00e9 2022                            <\/div>\n                            <div class=\"pdf-icone-box\">\n                                <img decoding=\"async\" data-src=\"\/wp-content\/themes\/penega\/assets\/images\/icone-pdf-downloader.png\" src=\"data:image\/svg+xml;base64,PHN2ZyB3aWR0aD0iMSIgaGVpZ2h0PSIxIiB4bWxucz0iaHR0cDovL3d3dy53My5vcmcvMjAwMC9zdmciPjwvc3ZnPg==\" class=\"lazyload\">\n                            <\/div>\n                \t\t<\/li>\n\t\t\t\t\t<\/a>\n\t                \t\t\t\t\t<a href=\"https:\/\/www.foretprivee.ca\/regiondequebec\/wp-content\/uploads\/sites\/4\/2022\/05\/Rapport-Activite-2021-SPFRQ.pdf\" target=\"_blank\">\n\t                \t<li>\n                            <div class=\"pdf-text-box\">\n                                Rapport d'activit\u00e9 2021                            <\/div>\n                            <div class=\"pdf-icone-box\">\n                                <img decoding=\"async\" data-src=\"\/wp-content\/themes\/penega\/assets\/images\/icone-pdf-downloader.png\" src=\"data:image\/svg+xml;base64,PHN2ZyB3aWR0aD0iMSIgaGVpZ2h0PSIxIiB4bWxucz0iaHR0cDovL3d3dy53My5vcmcvMjAwMC9zdmciPjwvc3ZnPg==\" class=\"lazyload\">\n                            <\/div>\n                \t\t<\/li>\n\t\t\t\t\t<\/a>\n\t                \t        <\/ul>\n\t\t<\/div>\n\t\t\t\t\t\t<\/div>\n\t\t\t\t<\/div>\n\t\t\t\t\t<\/div>\n\t\t<\/div>\n\t\t\t\t<div class=\"elementor-column elementor-col-33 elementor-top-column elementor-element elementor-element-3400023\" data-id=\"3400023\" data-element_type=\"column\" data-e-type=\"column\">\n\t\t\t<div class=\"elementor-widget-wrap elementor-element-populated\">\n\t\t\t\t\t\t<div class=\"elementor-element elementor-element-e544c40 elementor-widget elementor-widget-image\" data-id=\"e544c40\" data-element_type=\"widget\" data-e-type=\"widget\" data-widget_type=\"image.default\">\n\t\t\t\t<div class=\"elementor-widget-container\">\n\t\t\t\t\t\t\t\t\t\t\t\t\t\t\t<img fetchpriority=\"high\" decoding=\"async\" width=\"525\" height=\"654\" src=\"https:\/\/www.foretprivee.ca\/regiondequebec\/wp-content\/uploads\/sites\/4\/2026\/03\/Image-Rapport-activite-2025.png\" class=\"attachment-large size-large wp-image-6634\" alt=\"\" srcset=\"https:\/\/www.foretprivee.ca\/regiondequebec\/wp-content\/uploads\/sites\/4\/2026\/03\/Image-Rapport-activite-2025.png 610w, https:\/\/www.foretprivee.ca\/regiondequebec\/wp-content\/uploads\/sites\/4\/2026\/03\/Image-Rapport-activite-2025-241x300.png 241w\" sizes=\"100vw\" \/>\t\t\t\t\t\t\t\t\t\t\t\t\t\t\t<\/div>\n\t\t\t\t<\/div>\n\t\t\t\t\t<\/div>\n\t\t<\/div>\n\t\t\t\t<div class=\"elementor-column elementor-col-33 elementor-top-column elementor-element elementor-element-8c8379e\" data-id=\"8c8379e\" data-element_type=\"column\" data-e-type=\"column\">\n\t\t\t<div class=\"elementor-widget-wrap\">\n\t\t\t\t\t\t\t<\/div>\n\t\t<\/div>\n\t\t\t\t\t<\/div>\n\t\t<\/section>\n\t\t\t\t<\/div>\n\t\t","protected":false},"excerpt":{"rendered":"<p>Le Syndicat repr\u00e9sente environ 23 000 propri\u00e9taires de bois\u00e9s dans la r\u00e9gion. Il d\u00e9fend les int\u00e9r\u00eats g\u00e9n\u00e9raux de tous les propri\u00e9taires et les producteurs dans la mise en march\u00e9 des bois, la mise en valeur de la for\u00eat et les droits de propri\u00e9t\u00e9. Il joue aussi un r\u00f4le central dans la mise en march\u00e9 des &hellip; <\/p>\n<p class=\"link-more\"><a href=\"https:\/\/www.foretprivee.ca\/regiondequebec\/mon-syndicat\/rapports-dactivite\/\" class=\"more-link\">Lire la suite<\/a><\/p>\n","protected":false},"author":1,"featured_media":0,"parent":4,"menu_order":0,"comment_status":"closed","ping_status":"closed","template":"","meta":{"_acf_changed":false,"footnotes":""},"class_list":["post-16","page","type-page","status-publish","hentry"],"acf":[],"_links":{"self":[{"href":"https:\/\/www.foretprivee.ca\/regiondequebec\/wp-json\/wp\/v2\/pages\/16","targetHints":{"allow":["GET"]}}],"collection":[{"href":"https:\/\/www.foretprivee.ca\/regiondequebec\/wp-json\/wp\/v2\/pages"}],"about":[{"href":"https:\/\/www.foretprivee.ca\/regiondequebec\/wp-json\/wp\/v2\/types\/page"}],"author":[{"embeddable":true,"href":"https:\/\/www.foretprivee.ca\/regiondequebec\/wp-json\/wp\/v2\/users\/1"}],"replies":[{"embeddable":true,"href":"https:\/\/www.foretprivee.ca\/regiondequebec\/wp-json\/wp\/v2\/comments?post=16"}],"version-history":[{"count":0,"href":"https:\/\/www.foretprivee.ca\/regiondequebec\/wp-json\/wp\/v2\/pages\/16\/revisions"}],"up":[{"embeddable":true,"href":"https:\/\/www.foretprivee.ca\/regiondequebec\/wp-json\/wp\/v2\/pages\/4"}],"wp:attachment":[{"href":"https:\/\/www.foretprivee.ca\/regiondequebec\/wp-json\/wp\/v2\/media?parent=16"}],"curies":[{"name":"wp","href":"https:\/\/api.w.org\/{rel}","templated":true}]}}

Rapports d&rsquo;activité

<div data-elementor-type="wp-post" data-elementor-id="16" class="elementor elementor-16" data-elementor-post-type="page">
						<section class="elementor-section elementor-top-section elementor-element elementor-element-cb85c8b elementor-section-boxed elementor-section-height-default elementor-section-height-default" data-id="cb85c8b" data-element_type="section" data-e-type="section">
						<div class="elementor-container elementor-column-gap-default">
					<div class="elementor-column elementor-col-66 elementor-top-column elementor-element elementor-element-dc36a7b" data-id="dc36a7b" data-element_type="column" data-e-type="column">
			<div class="elementor-widget-wrap elementor-element-populated">
						<div class="elementor-element elementor-element-2dc70d5 elementor-widget elementor-widget-text-editor" data-id="2dc70d5" data-element_type="widget" data-e-type="widget" data-widget_type="text-editor.default">
				<div class="elementor-widget-container">
									<p>Le Syndicat représente environ 23 000 propriétaires de boisés dans la région. Il défend les intérêts généraux de tous les propriétaires et les producteurs dans la mise en marché des bois, la mise en valeur de la forêt et les droits de propriété.</p><p>Il joue aussi un rôle central dans la mise en marché des bois feuillus et résineux destinés aux marchés de transformation, tels que les pâtes et papiers, le sciage, le déroulage, les panneaux particules et autres produits.</p><p><b>Extrait du rapport d’activité 2025</b></p>								</div>
				</div>
					</div>
		</div>
				<div class="elementor-column elementor-col-33 elementor-top-column elementor-element elementor-element-4e5a271" data-id="4e5a271" data-element_type="column" data-e-type="column">
			<div class="elementor-widget-wrap">
							</div>
		</div>
					</div>
		</section>
				<section class="elementor-section elementor-top-section elementor-element elementor-element-57db11d elementor-section-boxed elementor-section-height-default elementor-section-height-default" data-id="57db11d" data-element_type="section" data-e-type="section">
						<div class="elementor-container elementor-column-gap-default">
					<div class="elementor-column elementor-col-33 elementor-top-column elementor-element elementor-element-483dea3" data-id="483dea3" data-element_type="column" data-e-type="column">
			<div class="elementor-widget-wrap elementor-element-populated">
						<div class="elementor-element elementor-element-08fa5fa elementor-widget elementor-widget-text-editor" data-id="08fa5fa" data-element_type="widget" data-e-type="widget" data-widget_type="text-editor.default">
				<div class="elementor-widget-container">
									<p>Les ventes pour l&rsquo;année 2025 ont atteint 798 599 mètres cubes solides, ce qui représente une baisse d&rsquo;environ 6,2 % par rapport au volume de l&rsquo;année dernière.</p><p>Consultez le rapport d’activité du SPFRQ pour connaître les principaux faits saillants annuels.</p>								</div>
				</div>
				<div class="elementor-element elementor-element-1bc8bc8 elementor-widget elementor-widget-pdf-downloader" data-id="1bc8bc8" data-element_type="widget" data-e-type="widget" data-widget_type="pdf-downloader.default">
				<div class="elementor-widget-container">
							<div class="penega-pdf-repeater-container">
			<ul>
	            					<a href="https://www.foretprivee.ca/regiondequebec/wp-content/uploads/sites/4/2026/03/Image-Rapport-activite-2025.png" target="_blank">
	                	<li>
                            <div class="pdf-text-box">
                                Rapport d'activité 2025                            </div>
                            <div class="pdf-icone-box">
                                <img decoding="async" data-src="/wp-content/themes/penega/assets/images/icone-pdf-downloader.png" src="data:image/svg+xml;base64,PHN2ZyB3aWR0aD0iMSIgaGVpZ2h0PSIxIiB4bWxucz0iaHR0cDovL3d3dy53My5vcmcvMjAwMC9zdmciPjwvc3ZnPg==" class="lazyload">
                            </div>
                		</li>
					</a>
	                					<a href="https://www.foretprivee.ca/regiondequebec/wp-content/uploads/sites/4/2025/03/Rapport-Activite-2024-SPFRQ-Complet.pdf" target="_blank">
	                	<li>
                            <div class="pdf-text-box">
                                Rapport d'activité 2024                            </div>
                            <div class="pdf-icone-box">
                                <img decoding="async" data-src="/wp-content/themes/penega/assets/images/icone-pdf-downloader.png" src="data:image/svg+xml;base64,PHN2ZyB3aWR0aD0iMSIgaGVpZ2h0PSIxIiB4bWxucz0iaHR0cDovL3d3dy53My5vcmcvMjAwMC9zdmciPjwvc3ZnPg==" class="lazyload">
                            </div>
                		</li>
					</a>
	                					<a href="https://www.foretprivee.ca/regiondequebec/wp-content/uploads/sites/4/2024/03/Rapport-Activite-2023-SPFRQ.pdf" target="_blank">
	                	<li>
                            <div class="pdf-text-box">
                                Rapport d'activité 2023                            </div>
                            <div class="pdf-icone-box">
                                <img decoding="async" data-src="/wp-content/themes/penega/assets/images/icone-pdf-downloader.png" src="data:image/svg+xml;base64,PHN2ZyB3aWR0aD0iMSIgaGVpZ2h0PSIxIiB4bWxucz0iaHR0cDovL3d3dy53My5vcmcvMjAwMC9zdmciPjwvc3ZnPg==" class="lazyload">
                            </div>
                		</li>
					</a>
	                					<a href="https://www.foretprivee.ca/regiondequebec/wp-content/uploads/sites/4/2023/04/Rapport-Activite-2022-SPFRQ.pdf" target="_blank">
	                	<li>
                            <div class="pdf-text-box">
                                Rapport d'activité 2022                            </div>
                            <div class="pdf-icone-box">
                                <img decoding="async" data-src="/wp-content/themes/penega/assets/images/icone-pdf-downloader.png" src="data:image/svg+xml;base64,PHN2ZyB3aWR0aD0iMSIgaGVpZ2h0PSIxIiB4bWxucz0iaHR0cDovL3d3dy53My5vcmcvMjAwMC9zdmciPjwvc3ZnPg==" class="lazyload">
                            </div>
                		</li>
					</a>
	                					<a href="https://www.foretprivee.ca/regiondequebec/wp-content/uploads/sites/4/2022/05/Rapport-Activite-2021-SPFRQ.pdf" target="_blank">
	                	<li>
                            <div class="pdf-text-box">
                                Rapport d'activité 2021                            </div>
                            <div class="pdf-icone-box">
                                <img decoding="async" data-src="/wp-content/themes/penega/assets/images/icone-pdf-downloader.png" src="data:image/svg+xml;base64,PHN2ZyB3aWR0aD0iMSIgaGVpZ2h0PSIxIiB4bWxucz0iaHR0cDovL3d3dy53My5vcmcvMjAwMC9zdmciPjwvc3ZnPg==" class="lazyload">
                            </div>
                		</li>
					</a>
	                	        </ul>
		</div>
						</div>
				</div>
					</div>
		</div>
				<div class="elementor-column elementor-col-33 elementor-top-column elementor-element elementor-element-3400023" data-id="3400023" data-element_type="column" data-e-type="column">
			<div class="elementor-widget-wrap elementor-element-populated">
						<div class="elementor-element elementor-element-e544c40 elementor-widget elementor-widget-image" data-id="e544c40" data-element_type="widget" data-e-type="widget" data-widget_type="image.default">
				<div class="elementor-widget-container">
															<img fetchpriority="high" decoding="async" width="525" height="654" src="https://www.foretprivee.ca/regiondequebec/wp-content/uploads/sites/4/2026/03/Image-Rapport-activite-2025.png" class="attachment-large size-large wp-image-6634" alt="" srcset="https://www.foretprivee.ca/regiondequebec/wp-content/uploads/sites/4/2026/03/Image-Rapport-activite-2025.png 610w, https://www.foretprivee.ca/regiondequebec/wp-content/uploads/sites/4/2026/03/Image-Rapport-activite-2025-241x300.png 241w" sizes="100vw" />															</div>
				</div>
					</div>
		</div>
				<div class="elementor-column elementor-col-33 elementor-top-column elementor-element elementor-element-8c8379e" data-id="8c8379e" data-element_type="column" data-e-type="column">
			<div class="elementor-widget-wrap">
							</div>
		</div>
					</div>
		</section>
				</div>

<p>Le Syndicat représente environ 23 000 propriétaires de boisés dans la région. Il défend les intérêts généraux de tous les propriétaires et les producteurs dans la mise en marché des bois, la mise en valeur de la forêt et les droits de propriété. Il joue aussi un rôle central dans la mise en marché des &hellip; </p>
<p class="link-more"><a href="https://www.foretprivee.ca/regiondequebec/mon-syndicat/rapports-dactivite/" class="more-link">Lire la suite</a></p>
