{"id":18,"date":"2018-12-13T20:20:22","date_gmt":"2018-12-13T20:20:22","guid":{"rendered":"https:\/\/www.foretprivee.ca\/regiondequebec\/?page_id=18"},"modified":"2025-12-09T21:21:05","modified_gmt":"2025-12-09T21:21:05","slug":"territoires-et-cartes","status":"publish","type":"page","link":"https:\/\/www.foretprivee.ca\/regiondequebec\/mon-syndicat\/territoires-et-cartes\/","title":{"rendered":"Territoires et cartes"},"content":{"rendered":"\t\t<div data-elementor-type=\"wp-post\" data-elementor-id=\"18\" class=\"elementor elementor-18\" data-elementor-post-type=\"page\">\n\t\t\t\t\t\t<section class=\"elementor-section elementor-top-section elementor-element elementor-element-8bb6fed elementor-section-boxed elementor-section-height-default elementor-section-height-default\" data-id=\"8bb6fed\" data-element_type=\"section\" data-e-type=\"section\">\n\t\t\t\t\t\t<div class=\"elementor-container elementor-column-gap-default\">\n\t\t\t\t\t<div class=\"elementor-column elementor-col-66 elementor-top-column elementor-element elementor-element-2e584de\" data-id=\"2e584de\" data-element_type=\"column\" data-e-type=\"column\">\n\t\t\t<div class=\"elementor-widget-wrap elementor-element-populated\">\n\t\t\t\t\t\t<div class=\"elementor-element elementor-element-76a9906 elementor-widget elementor-widget-text-editor\" data-id=\"76a9906\" data-element_type=\"widget\" data-e-type=\"widget\" data-widget_type=\"text-editor.default\">\n\t\t\t\t<div class=\"elementor-widget-container\">\n\t\t\t\t\t\t\t\t\t<h4>CARTE DU TERRITOIRE DU SPFRQ<\/h4><p>Le territoire du Syndicat des propri\u00e9taires forestiers de la r\u00e9gion de Qu\u00e9bec s\u2019\u00e9tend autour de la ville de Qu\u00e9bec, de part et d\u2019autre du fleuve Saint-Laurent. Ce vaste territoire de plus d\u2019un million d\u2019hectares est divis\u00e9 en neuf secteurs, auxquels sont rattach\u00e9s autant d\u2019administrateurs.<\/p>\t\t\t\t\t\t\t\t<\/div>\n\t\t\t\t<\/div>\n\t\t\t\t<div class=\"elementor-element elementor-element-7c3e550 elementor-widget elementor-widget-spacer\" data-id=\"7c3e550\" data-element_type=\"widget\" data-e-type=\"widget\" data-widget_type=\"spacer.default\">\n\t\t\t\t<div class=\"elementor-widget-container\">\n\t\t\t\t\t\t\t<div class=\"elementor-spacer\">\n\t\t\t<div class=\"elementor-spacer-inner\"><\/div>\n\t\t<\/div>\n\t\t\t\t\t\t<\/div>\n\t\t\t\t<\/div>\n\t\t\t\t<div class=\"elementor-element elementor-element-226865b elementor-widget elementor-widget-image\" data-id=\"226865b\" data-element_type=\"widget\" data-e-type=\"widget\" data-widget_type=\"image.default\">\n\t\t\t\t<div class=\"elementor-widget-container\">\n\t\t\t\t\t\t\t\t\t\t\t\t\t\t\t\t<a href=\"http:\/\/www.foretprivee.ca\/regiondequebec\/wp-content\/uploads\/sites\/4\/2019\/01\/Territoire-syndicat_crop.jpg\" data-elementor-open-lightbox=\"yes\" data-elementor-lightbox-title=\"Territoire-syndicat_crop\" data-e-action-hash=\"#elementor-action%3Aaction%3Dlightbox%26settings%3DeyJpZCI6IjE3NSIsInVybCI6Imh0dHBzOlwvXC93d3cuZm9yZXRwcml2ZWUuY2FcL3JlZ2lvbmRlcXVlYmVjXC93cC1jb250ZW50XC91cGxvYWRzXC9zaXRlc1wvNFwvMjAxOVwvMDFcL1RlcnJpdG9pcmUtc3luZGljYXRfY3JvcC5qcGcifQ%3D%3D\">\n\t\t\t\t\t\t\t<img fetchpriority=\"high\" decoding=\"async\" width=\"525\" height=\"694\" src=\"https:\/\/www.foretprivee.ca\/regiondequebec\/wp-content\/uploads\/sites\/4\/2019\/01\/Territoire-syndicat_crop-768x1015.jpg\" class=\"attachment-medium_large size-medium_large wp-image-175\" alt=\"\" srcset=\"https:\/\/www.foretprivee.ca\/regiondequebec\/wp-content\/uploads\/sites\/4\/2019\/01\/Territoire-syndicat_crop-768x1015.jpg 768w, https:\/\/www.foretprivee.ca\/regiondequebec\/wp-content\/uploads\/sites\/4\/2019\/01\/Territoire-syndicat_crop-227x300.jpg 227w, https:\/\/www.foretprivee.ca\/regiondequebec\/wp-content\/uploads\/sites\/4\/2019\/01\/Territoire-syndicat_crop-775x1024.jpg 775w\" sizes=\"100vw\" \/>\t\t\t\t\t\t\t\t<\/a>\n\t\t\t\t\t\t\t\t\t\t\t\t\t\t\t<\/div>\n\t\t\t\t<\/div>\n\t\t\t\t<div class=\"elementor-element elementor-element-ab818df elementor-widget elementor-widget-text-editor\" data-id=\"ab818df\" data-element_type=\"widget\" data-e-type=\"widget\" data-widget_type=\"text-editor.default\">\n\t\t\t\t<div class=\"elementor-widget-container\">\n\t\t\t\t\t\t\t\t\t<p>R\u00e9alis\u00e9e par Jean-Fran\u00e7ois Maltais, tech.for.<br \/>Donn\u00e9es: 4<sup>e<\/sup> inventaire forestier d\u00e9cennal, Direction des inventaires forestiers MFFP<\/p>\t\t\t\t\t\t\t\t<\/div>\n\t\t\t\t<\/div>\n\t\t\t\t<div class=\"elementor-element elementor-element-3ebb9d6 elementor-widget elementor-widget-spacer\" data-id=\"3ebb9d6\" data-element_type=\"widget\" data-e-type=\"widget\" data-widget_type=\"spacer.default\">\n\t\t\t\t<div class=\"elementor-widget-container\">\n\t\t\t\t\t\t\t<div class=\"elementor-spacer\">\n\t\t\t<div class=\"elementor-spacer-inner\"><\/div>\n\t\t<\/div>\n\t\t\t\t\t\t<\/div>\n\t\t\t\t<\/div>\n\t\t\t\t<div class=\"elementor-element elementor-element-59b4306 elementor-widget elementor-widget-text-editor\" data-id=\"59b4306\" data-element_type=\"widget\" data-e-type=\"widget\" data-widget_type=\"text-editor.default\">\n\t\t\t\t<div class=\"elementor-widget-container\">\n\t\t\t\t\t\t\t\t\t<h4>TERRITOIRES DES SYNDICATS<\/h4><p><strong>CARTE PROVINCIALE DES TERRITOIRES DES SYNDICATS DE PRODUCTEURS FORESTIERS<\/strong><\/p><p>* La for\u00eat publique est en blanc et la for\u00eat priv\u00e9e est en couleurs par territoires de plans conjoints.<\/p>\t\t\t\t\t\t\t\t<\/div>\n\t\t\t\t<\/div>\n\t\t\t\t<div class=\"elementor-element elementor-element-a4df20a elementor-widget elementor-widget-image\" data-id=\"a4df20a\" data-element_type=\"widget\" data-e-type=\"widget\" data-widget_type=\"image.default\">\n\t\t\t\t<div class=\"elementor-widget-container\">\n\t\t\t\t\t\t\t\t\t\t\t\t\t\t\t\t<a href=\"http:\/\/www.foretprivee.ca\/regiondequebec\/wp-content\/uploads\/sites\/4\/2021\/01\/carte_prov_mod20170331.png\" data-elementor-open-lightbox=\"yes\" data-elementor-lightbox-title=\"carte_prov_mod20170331\" data-e-action-hash=\"#elementor-action%3Aaction%3Dlightbox%26settings%3DeyJpZCI6IjE3ODIiLCJ1cmwiOiJodHRwczpcL1wvd3d3LmZvcmV0cHJpdmVlLmNhXC9yZWdpb25kZXF1ZWJlY1wvd3AtY29udGVudFwvdXBsb2Fkc1wvc2l0ZXNcLzRcLzIwMjFcLzAxXC9jYXJ0ZV9wcm92X21vZDIwMTcwMzMxLnBuZyJ9\">\n\t\t\t\t\t\t\t<img decoding=\"async\" width=\"525\" height=\"340\" data-src=\"https:\/\/www.foretprivee.ca\/regiondequebec\/wp-content\/uploads\/sites\/4\/2021\/01\/carte_prov_mod20170331-768x497.png\" class=\"attachment-medium_large size-medium_large wp-image-1782 lazyload\" alt=\"\" data-srcset=\"https:\/\/www.foretprivee.ca\/regiondequebec\/wp-content\/uploads\/sites\/4\/2021\/01\/carte_prov_mod20170331-768x497.png 768w, https:\/\/www.foretprivee.ca\/regiondequebec\/wp-content\/uploads\/sites\/4\/2021\/01\/carte_prov_mod20170331-300x194.png 300w, https:\/\/www.foretprivee.ca\/regiondequebec\/wp-content\/uploads\/sites\/4\/2021\/01\/carte_prov_mod20170331-1024x663.png 1024w\" data-sizes=\"100vw\" src=\"data:image\/svg+xml;base64,PHN2ZyB3aWR0aD0iMSIgaGVpZ2h0PSIxIiB4bWxucz0iaHR0cDovL3d3dy53My5vcmcvMjAwMC9zdmciPjwvc3ZnPg==\" style=\"--smush-placeholder-width: 525px; --smush-placeholder-aspect-ratio: 525\/340;\" \/>\t\t\t\t\t\t\t\t<\/a>\n\t\t\t\t\t\t\t\t\t\t\t\t\t\t\t<\/div>\n\t\t\t\t<\/div>\n\t\t\t\t\t<\/div>\n\t\t<\/div>\n\t\t\t\t<div class=\"elementor-column elementor-col-33 elementor-top-column elementor-element elementor-element-cb1f0b0\" data-id=\"cb1f0b0\" data-element_type=\"column\" data-e-type=\"column\">\n\t\t\t<div class=\"elementor-widget-wrap elementor-element-populated\">\n\t\t\t\t\t\t<div class=\"elementor-element elementor-element-792f200 elementor-widget elementor-widget-complements-sidebar\" data-id=\"792f200\" data-element_type=\"widget\" data-e-type=\"widget\" data-widget_type=\"complements-sidebar.default\">\n\t\t\t\t<div class=\"elementor-widget-container\">\n\t\t\t\t\t\n\n\n\t\t <div class=\"sidebar\">\n\t\t\t<div class=\"complements-sidebar inner-sidebar\">\n\t\t\t\t<div class=\"header\" style=\"  \">\n\t\t\t\t\t<h3>Compl\u00e9ments<\/h3>\n\t\t\t\t<\/div>\n\t\t\t\t<div class=\"competence-content sidebar-content\">\n\t\t\t\t\t<ul>\n\t\t\t\t\t\t\t\t\t\t\t\t\t<li><a href=\"https:\/\/www.foretprivee.ca\/regiondequebec\/wp-content\/uploads\/sites\/4\/2025\/12\/Territoire-SPFRQ.pdf\"  target=\"_blank\"> Chaque secteur est constitu\u00e9 de territoires compris \u00e0 l'int\u00e9rieur des limites des MRC, des villes, des municipalit\u00e9s, des paroisses et des villages inscrits dans la liste suivante<\/a><\/li>\n\t\t\t\t\t\t\t\t\t\t\t\t\t<li><a href=\"https:\/\/www.google.com\/maps\/d\/u\/0\/viewer?mid=1HLDiLHA_WN69TuvSYbr0DiNBDtXUuk6W&amp;ll=47.44666463017428%2C-68.99276374736952&amp;z=7\"  target=\"_blank\"> Pour conna\u00eetre le Syndicat qui correspond \u00e0 votre r\u00e9gion, consultez la carte en ligne<\/a><\/li>\n\t\t\t\t\t\t\t\t\t\t\t<\/ul>\n\t\t\t\t<\/div>\n\t\t\t<\/div>\n\t\t<\/div>\n\t\t\t\t\t\t<\/div>\n\t\t\t\t<\/div>\n\t\t\t\t\t<\/div>\n\t\t<\/div>\n\t\t\t\t\t<\/div>\n\t\t<\/section>\n\t\t\t\t<\/div>\n\t\t","protected":false},"excerpt":{"rendered":"<p>CARTE DU TERRITOIRE DU SPFRQ Le territoire du Syndicat des propri\u00e9taires forestiers de la r\u00e9gion de Qu\u00e9bec s\u2019\u00e9tend autour de la ville de Qu\u00e9bec, de part et d\u2019autre du fleuve Saint-Laurent. Ce vaste territoire de plus d\u2019un million d\u2019hectares est divis\u00e9 en neuf secteurs, auxquels sont rattach\u00e9s autant d\u2019administrateurs. R\u00e9alis\u00e9e par Jean-Fran\u00e7ois Maltais, tech.for.Donn\u00e9es: 4e &hellip; <\/p>\n<p class=\"link-more\"><a href=\"https:\/\/www.foretprivee.ca\/regiondequebec\/mon-syndicat\/territoires-et-cartes\/\" class=\"more-link\">Lire la suite<\/a><\/p>\n","protected":false},"author":1,"featured_media":0,"parent":4,"menu_order":0,"comment_status":"closed","ping_status":"closed","template":"","meta":{"_acf_changed":false,"footnotes":""},"class_list":["post-18","page","type-page","status-publish","hentry"],"acf":[],"_links":{"self":[{"href":"https:\/\/www.foretprivee.ca\/regiondequebec\/wp-json\/wp\/v2\/pages\/18","targetHints":{"allow":["GET"]}}],"collection":[{"href":"https:\/\/www.foretprivee.ca\/regiondequebec\/wp-json\/wp\/v2\/pages"}],"about":[{"href":"https:\/\/www.foretprivee.ca\/regiondequebec\/wp-json\/wp\/v2\/types\/page"}],"author":[{"embeddable":true,"href":"https:\/\/www.foretprivee.ca\/regiondequebec\/wp-json\/wp\/v2\/users\/1"}],"replies":[{"embeddable":true,"href":"https:\/\/www.foretprivee.ca\/regiondequebec\/wp-json\/wp\/v2\/comments?post=18"}],"version-history":[{"count":0,"href":"https:\/\/www.foretprivee.ca\/regiondequebec\/wp-json\/wp\/v2\/pages\/18\/revisions"}],"up":[{"embeddable":true,"href":"https:\/\/www.foretprivee.ca\/regiondequebec\/wp-json\/wp\/v2\/pages\/4"}],"wp:attachment":[{"href":"https:\/\/www.foretprivee.ca\/regiondequebec\/wp-json\/wp\/v2\/media?parent=18"}],"curies":[{"name":"wp","href":"https:\/\/api.w.org\/{rel}","templated":true}]}}

<div data-elementor-type="wp-post" data-elementor-id="18" class="elementor elementor-18" data-elementor-post-type="page">
						<section class="elementor-section elementor-top-section elementor-element elementor-element-8bb6fed elementor-section-boxed elementor-section-height-default elementor-section-height-default" data-id="8bb6fed" data-element_type="section" data-e-type="section">
						<div class="elementor-container elementor-column-gap-default">
					<div class="elementor-column elementor-col-66 elementor-top-column elementor-element elementor-element-2e584de" data-id="2e584de" data-element_type="column" data-e-type="column">
			<div class="elementor-widget-wrap elementor-element-populated">
						<div class="elementor-element elementor-element-76a9906 elementor-widget elementor-widget-text-editor" data-id="76a9906" data-element_type="widget" data-e-type="widget" data-widget_type="text-editor.default">
				<div class="elementor-widget-container">
									<h4>CARTE DU TERRITOIRE DU SPFRQ</h4><p>Le territoire du Syndicat des propriétaires forestiers de la région de Québec s’étend autour de la ville de Québec, de part et d’autre du fleuve Saint-Laurent. Ce vaste territoire de plus d’un million d’hectares est divisé en neuf secteurs, auxquels sont rattachés autant d’administrateurs.</p>								</div>
				</div>
				<div class="elementor-element elementor-element-7c3e550 elementor-widget elementor-widget-spacer" data-id="7c3e550" data-element_type="widget" data-e-type="widget" data-widget_type="spacer.default">
				<div class="elementor-widget-container">
							<div class="elementor-spacer">
			<div class="elementor-spacer-inner"></div>
		</div>
						</div>
				</div>
				<div class="elementor-element elementor-element-226865b elementor-widget elementor-widget-image" data-id="226865b" data-element_type="widget" data-e-type="widget" data-widget_type="image.default">
				<div class="elementor-widget-container">
																<a href="http://www.foretprivee.ca/regiondequebec/wp-content/uploads/sites/4/2019/01/Territoire-syndicat_crop.jpg" data-elementor-open-lightbox="yes" data-elementor-lightbox-title="Territoire-syndicat_crop" data-e-action-hash="#elementor-action%3Aaction%3Dlightbox%26settings%3DeyJpZCI6IjE3NSIsInVybCI6Imh0dHBzOlwvXC93d3cuZm9yZXRwcml2ZWUuY2FcL3JlZ2lvbmRlcXVlYmVjXC93cC1jb250ZW50XC91cGxvYWRzXC9zaXRlc1wvNFwvMjAxOVwvMDFcL1RlcnJpdG9pcmUtc3luZGljYXRfY3JvcC5qcGcifQ%3D%3D">
							<img fetchpriority="high" decoding="async" width="525" height="694" src="https://www.foretprivee.ca/regiondequebec/wp-content/uploads/sites/4/2019/01/Territoire-syndicat_crop-768x1015.jpg" class="attachment-medium_large size-medium_large wp-image-175" alt="" srcset="https://www.foretprivee.ca/regiondequebec/wp-content/uploads/sites/4/2019/01/Territoire-syndicat_crop-768x1015.jpg 768w, https://www.foretprivee.ca/regiondequebec/wp-content/uploads/sites/4/2019/01/Territoire-syndicat_crop-227x300.jpg 227w, https://www.foretprivee.ca/regiondequebec/wp-content/uploads/sites/4/2019/01/Territoire-syndicat_crop-775x1024.jpg 775w" sizes="100vw" />								</a>
															</div>
				</div>
				<div class="elementor-element elementor-element-ab818df elementor-widget elementor-widget-text-editor" data-id="ab818df" data-element_type="widget" data-e-type="widget" data-widget_type="text-editor.default">
				<div class="elementor-widget-container">
									<p>Réalisée par Jean-François Maltais, tech.for.<br />Données: 4<sup>e</sup> inventaire forestier décennal, Direction des inventaires forestiers MFFP</p>								</div>
				</div>
				<div class="elementor-element elementor-element-3ebb9d6 elementor-widget elementor-widget-spacer" data-id="3ebb9d6" data-element_type="widget" data-e-type="widget" data-widget_type="spacer.default">
				<div class="elementor-widget-container">
							<div class="elementor-spacer">
			<div class="elementor-spacer-inner"></div>
		</div>
						</div>
				</div>
				<div class="elementor-element elementor-element-59b4306 elementor-widget elementor-widget-text-editor" data-id="59b4306" data-element_type="widget" data-e-type="widget" data-widget_type="text-editor.default">
				<div class="elementor-widget-container">
									<h4>TERRITOIRES DES SYNDICATS</h4><p><strong>CARTE PROVINCIALE DES TERRITOIRES DES SYNDICATS DE PRODUCTEURS FORESTIERS</strong></p><p>* La forêt publique est en blanc et la forêt privée est en couleurs par territoires de plans conjoints.</p>								</div>
				</div>
				<div class="elementor-element elementor-element-a4df20a elementor-widget elementor-widget-image" data-id="a4df20a" data-element_type="widget" data-e-type="widget" data-widget_type="image.default">
				<div class="elementor-widget-container">
																<a href="http://www.foretprivee.ca/regiondequebec/wp-content/uploads/sites/4/2021/01/carte_prov_mod20170331.png" data-elementor-open-lightbox="yes" data-elementor-lightbox-title="carte_prov_mod20170331" data-e-action-hash="#elementor-action%3Aaction%3Dlightbox%26settings%3DeyJpZCI6IjE3ODIiLCJ1cmwiOiJodHRwczpcL1wvd3d3LmZvcmV0cHJpdmVlLmNhXC9yZWdpb25kZXF1ZWJlY1wvd3AtY29udGVudFwvdXBsb2Fkc1wvc2l0ZXNcLzRcLzIwMjFcLzAxXC9jYXJ0ZV9wcm92X21vZDIwMTcwMzMxLnBuZyJ9">
							<img decoding="async" width="525" height="340" data-src="https://www.foretprivee.ca/regiondequebec/wp-content/uploads/sites/4/2021/01/carte_prov_mod20170331-768x497.png" class="attachment-medium_large size-medium_large wp-image-1782 lazyload" alt="" data-srcset="https://www.foretprivee.ca/regiondequebec/wp-content/uploads/sites/4/2021/01/carte_prov_mod20170331-768x497.png 768w, https://www.foretprivee.ca/regiondequebec/wp-content/uploads/sites/4/2021/01/carte_prov_mod20170331-300x194.png 300w, https://www.foretprivee.ca/regiondequebec/wp-content/uploads/sites/4/2021/01/carte_prov_mod20170331-1024x663.png 1024w" data-sizes="100vw" src="data:image/svg+xml;base64,PHN2ZyB3aWR0aD0iMSIgaGVpZ2h0PSIxIiB4bWxucz0iaHR0cDovL3d3dy53My5vcmcvMjAwMC9zdmciPjwvc3ZnPg==" style="--smush-placeholder-width: 525px; --smush-placeholder-aspect-ratio: 525/340;" />								</a>
															</div>
				</div>
					</div>
		</div>
				<div class="elementor-column elementor-col-33 elementor-top-column elementor-element elementor-element-cb1f0b0" data-id="cb1f0b0" data-element_type="column" data-e-type="column">
			<div class="elementor-widget-wrap elementor-element-populated">
						<div class="elementor-element elementor-element-792f200 elementor-widget elementor-widget-complements-sidebar" data-id="792f200" data-element_type="widget" data-e-type="widget" data-widget_type="complements-sidebar.default">
				<div class="elementor-widget-container">
					


		 <div class="sidebar">
			<div class="complements-sidebar inner-sidebar">
				<div class="header" style="  ">
					<h3>Compléments</h3>
				</div>
				<div class="competence-content sidebar-content">
					<ul>
													<li><a href="https://www.foretprivee.ca/regiondequebec/wp-content/uploads/sites/4/2025/12/Territoire-SPFRQ.pdf"  target="_blank"> Chaque secteur est constitué de territoires compris à l'intérieur des limites des MRC, des villes, des municipalités, des paroisses et des villages inscrits dans la liste suivante</a></li>
													<li><a href="https://www.google.com/maps/d/u/0/viewer?mid=1HLDiLHA_WN69TuvSYbr0DiNBDtXUuk6W&amp;ll=47.44666463017428%2C-68.99276374736952&amp;z=7"  target="_blank"> Pour connaître le Syndicat qui correspond à votre région, consultez la carte en ligne</a></li>
											</ul>
				</div>
			</div>
		</div>
						</div>
				</div>
					</div>
		</div>
					</div>
		</section>
				</div>

<p>CARTE DU TERRITOIRE DU SPFRQ Le territoire du Syndicat des propriétaires forestiers de la région de Québec s’étend autour de la ville de Québec, de part et d’autre du fleuve Saint-Laurent. Ce vaste territoire de plus d’un million d’hectares est divisé en neuf secteurs, auxquels sont rattachés autant d’administrateurs. Réalisée par Jean-François Maltais, tech.for.Données: 4e &hellip; </p>
<p class="link-more"><a href="https://www.foretprivee.ca/regiondequebec/mon-syndicat/territoires-et-cartes/" class="more-link">Lire la suite</a></p>
