{"id":24,"date":"2018-12-13T20:21:05","date_gmt":"2018-12-13T20:21:05","guid":{"rendered":"https:\/\/www.foretprivee.ca\/regiondequebec\/?page_id=24"},"modified":"2025-12-18T16:15:54","modified_gmt":"2025-12-18T16:15:54","slug":"production-de-bois-et-demande-de-contingent","status":"publish","type":"page","link":"https:\/\/www.foretprivee.ca\/regiondequebec\/mes-services\/production-de-bois-et-demande-de-contingent\/","title":{"rendered":"Production de bois et demande de contingent"},"content":{"rendered":"\t\t<div data-elementor-type=\"wp-post\" data-elementor-id=\"24\" class=\"elementor elementor-24\" data-elementor-post-type=\"page\">\n\t\t\t\t\t\t<section class=\"elementor-section elementor-top-section elementor-element elementor-element-3edec6c elementor-section-boxed elementor-section-height-default elementor-section-height-default\" data-id=\"3edec6c\" data-element_type=\"section\" data-e-type=\"section\">\n\t\t\t\t\t\t<div class=\"elementor-container elementor-column-gap-default\">\n\t\t\t\t\t<div class=\"elementor-column elementor-col-66 elementor-top-column elementor-element elementor-element-5d97b8c\" data-id=\"5d97b8c\" data-element_type=\"column\" data-e-type=\"column\">\n\t\t\t<div class=\"elementor-widget-wrap elementor-element-populated\">\n\t\t\t\t\t\t<div class=\"elementor-element elementor-element-753a1c9 elementor-widget elementor-widget-text-editor\" data-id=\"753a1c9\" data-element_type=\"widget\" data-e-type=\"widget\" data-widget_type=\"text-editor.default\">\n\t\t\t\t<div class=\"elementor-widget-container\">\n\t\t\t\t\t\t\t\t\t<h4>MISE EN MARCH\u00c9<\/h4><p><b>La mise en march\u00e9 &#8211; p\u00e2tes, panneaux, charbon et autres<\/b><\/p><ul><li>La n\u00e9gociation du prix, de la qualit\u00e9 et des volumes de bois vendus aux usines par le biais du Plan conjoint;<\/li><li>La programmation des livraisons du bois;<\/li><li>Le partage des march\u00e9s entre les producteurs;<\/li><li>L\u2019organisation du\u00a0<a href=\"https:\/\/www.foretprivee.ca\/regiondequebec\/mes-services\/liste-de-transporteurs-de-bois\/\" target=\"_blank\" rel=\"noopener\">transport<\/a>;<\/li><li>La recherche et le d\u00e9veloppement de nouveaux march\u00e9s;<\/li><li>Le service hebdomadaire des paiements du bois livr\u00e9.<\/li><\/ul><p class=\"MsoNormal\" style=\"margin-bottom: 0cm;line-height: normal;padding-left: 80px\"><span style=\"font-family: Arial, sans-serif;color: #99cc00\">Les contributions du producteur pour l\u2019administration et l\u2019application du Plan conjoint sont retenues sur le paiement. \u00c0 compter du janvier 2026, les contributions (pr\u00e9lev\u00e9s) sont de :<\/span><\/p><p class=\"MsoNormal\" style=\"margin-bottom: 0cm;line-height: normal;padding-left: 80px\"><span style=\"font-family: Arial, sans-serif;color: #99cc00\">\u2022 2,34 $\/m<sup>3<\/sup> pour le sapin-\u00e9pinettes<\/span><\/p><p class=\"MsoNormal\" style=\"margin-bottom: 0cm;line-height: normal;padding-left: 80px\"><span style=\"font-family: Arial, sans-serif;color: #99cc00\">\u2022 2,61 $\/m<sup>3<\/sup> pour les autres r\u00e9sineux<\/span><\/p><p class=\"MsoNormal\" style=\"margin-bottom: 0cm;line-height: normal;padding-left: 80px\"><span style=\"font-family: Arial, sans-serif;color: #99cc00\">\u2022 1,62 $\/m<sup>3<\/sup> pour les feuillus<\/span><\/p><p class=\"MsoNormal\" style=\"margin-bottom: 0cm;line-height: normal;padding-left: 80px\"><span style=\"font-family: Arial, sans-serif;color: #99cc00\">\u2022 1,77 $\/m<sup>3<\/sup> pour les peupliers<\/span><\/p><p class=\"MsoNormal\" style=\"margin-bottom: 0cm;line-height: normal;padding-left: 80px\"><span style=\"font-family: Arial, sans-serif;color: #99cc00\">* Pour conna\u00eetre les contributions selon d\u2019autres unit\u00e9s de mesurage, consultez le tableau \u00e9quivalence des contributions.<\/span><\/p><p><b><br \/>La mise en march\u00e9 &#8211; sciage et d\u00e9roulage<\/b><\/p><ul><li>La n\u00e9gociation du prix;<\/li><li>Les signatures des ententes avec les entreprises;<\/li><li>Le service hebdomadaire des paiements du bois livr\u00e9;<\/li><li>L\u2019information aux producteurs sur les prix offerts et les conditions qui peuvent influencer le march\u00e9;<\/li><li>La publication aux propri\u00e9taires des prix et des normes du march\u00e9 (Journal quatre fois l\u2019an et PrixBois.ca);<\/li><li>L&rsquo;intervention concernant le mesurage des bois;<\/li><li>Une pr\u00e9sence r\u00e9guli\u00e8re sur le terrain d\u2019un technicien forestier pour les conseils aux producteurs.<\/li><\/ul><p style=\"padding-left: 80px\"><span style=\"color: #99cc00\">Les contributions du producteur pour l\u2019administration et l\u2019application du Plan conjoint sont retenues sur le paiement. \u00c0 compter du janvier 2026, les contributions (pr\u00e9lev\u00e9s) sont de :<\/span><\/p><ul><li style=\"list-style-type: none\"><ul><li style=\"list-style-type: none\"><ul><li style=\"list-style-type: none\"><ul><li style=\"list-style-type: none\"><ul><li style=\"list-style-type: none\"><ul><li style=\"list-style-type: none\"><ul><li><span style=\"color: #99cc00;font-family: arial, helvetica, sans-serif\">1,57 $\/m<sup>3<\/sup> pour le sapin-\u00e9pinettes<\/span><\/li><li><span style=\"color: #99cc00;font-family: arial, helvetica, sans-serif\">1,50 $\/m<sup>3<\/sup> pour les autres r\u00e9sineux<\/span><\/li><li><span style=\"color: #99cc00\">1,93 $\/m<sup>3<\/sup> pour les feuillus<\/span><\/li><li><span style=\"color: #99cc00\">1,08 $\/m<sup>3<\/sup> pour les peupliers<\/span><\/li><\/ul><\/li><\/ul><\/li><\/ul><\/li><\/ul><\/li><\/ul><\/li><\/ul><\/li><\/ul><p style=\"padding-left: 80px\"><span style=\"color: #99cc00\">* Pour conna\u00eetre les contributions selon d\u2019autres unit\u00e9s de mesurage, consultez le tableau \u00e9quivalence des contributions.<\/span><\/p><h4>PAIEMENT DES BOIS LIVR\u00c9S<\/h4><p><b>Le Syndicat proc\u00e8de de deux fa\u00e7ons pour effectuer les paiements des bois livr\u00e9s\u00a0:<\/b><\/p><ol start=\"1\"><li>Par virement automatique dans le compte bancaire du destinataire;<\/li><li>Par l\u2019\u00e9mission d\u2019un ch\u00e8que au destinataire.<\/li><\/ol><p>Dans les deux cas, le destinataire re\u00e7oit les pi\u00e8ces justificatives reli\u00e9es au paiement.\u00a0<\/p><p>Si vous d\u00e9sirez que le Syndicat proc\u00e8de par virement automatique dans votre compte bancaire \u00e0 l\u2019avenir, vous devez faire parvenir un sp\u00e9cimen de ch\u00e8que du compte bancaire concern\u00e9 \u00e0 nos bureaux afin que les informations requises soient port\u00e9es \u00e0 votre dossier.<\/p><p><b>Fiche de renseignement du propri\u00e9taire<\/b><\/p><p>Afin de nous permettre d\u2019effectuer rapidement les paiements aux producteurs, et ce, en r\u00e9duisant le plus possible les risques d\u2019erreurs, il est tr\u00e8s important de rappeler l\u2019importance de nous transmettre les renseignements suivants\u00a0:<\/p><ol><li>le nom du producteur et no de dossier,<\/li><li>l\u2019adresse compl\u00e8te,<\/li><li>le num\u00e9ro de t\u00e9l\u00e9phone,<\/li><li>le num\u00e9ro de lot.<\/li><\/ol><p>Plusieurs producteurs ont pris la bonne habitude d\u2019inscrire ces renseignements sur une feuille de papier ins\u00e9r\u00e9e dans un sac de plastique et broch\u00e9e sur un billot \u00e0 l\u2019intention du transporteur. Celui-ci n\u2019a qu\u2019a retranscrire ces renseignements \u00e0 son arriv\u00e9e \u00e0 l\u2019usine.<\/p>\t\t\t\t\t\t\t\t<\/div>\n\t\t\t\t<\/div>\n\t\t\t\t\t<\/div>\n\t\t<\/div>\n\t\t\t\t<div class=\"elementor-column elementor-col-33 elementor-top-column elementor-element elementor-element-03f1aef\" data-id=\"03f1aef\" data-element_type=\"column\" data-e-type=\"column\">\n\t\t\t<div class=\"elementor-widget-wrap elementor-element-populated\">\n\t\t\t\t\t\t<div class=\"elementor-element elementor-element-bbae13c elementor-widget elementor-widget-complements-sidebar\" data-id=\"bbae13c\" data-element_type=\"widget\" data-e-type=\"widget\" data-widget_type=\"complements-sidebar.default\">\n\t\t\t\t<div class=\"elementor-widget-container\">\n\t\t\t\t\t\n\n\n\t\t <div class=\"sidebar\">\n\t\t\t<div class=\"complements-sidebar inner-sidebar\">\n\t\t\t\t<div class=\"header\" style=\"  \">\n\t\t\t\t\t<h3>Compl\u00e9ments<\/h3>\n\t\t\t\t<\/div>\n\t\t\t\t<div class=\"competence-content sidebar-content\">\n\t\t\t\t\t<ul>\n\t\t\t\t\t\t\t\t\t\t\t\t\t<li><a href=\"\" > Pour l'ensemble des march\u00e9s p\u00e2te, panneaux, charbon et autre, vous devez, en tout temps, faire une demande de contingent avant d'entreprendre votre production afin d'obtenir votre certificat<\/a><\/li>\n\t\t\t\t\t\t\t\t\t\t\t\t\t<li><a href=\"https:\/\/www.foretprivee.ca\/regiondequebec\/mes-services\/liste-de-transporteurs-de-bois\/\"  target=\"_blank\"> Liste de transporteurs de bois contingent\u00e9s<\/a><\/li>\n\t\t\t\t\t\t\t\t\t\t\t\t\t<li><a href=\"https:\/\/www.foretprivee.ca\/je-vends-mon-bois\/mesurage-des-bois\/\"  target=\"_blank\"> Mesurage des bois<\/a><\/li>\n\t\t\t\t\t\t\t\t\t\t\t\t\t<li><a href=\"https:\/\/www.foretprivee.ca\/je-vends-mon-bois\/entrepreneur-forestier-et-contrats\/\"  target=\"_blank\"> Entrepreneur forestier<\/a><\/li>\n\t\t\t\t\t\t\t\t\t\t\t\t\t<li><a href=\"https:\/\/www.foretprivee.ca\/wp-content\/uploads\/2022\/07\/Contrat-de-recolte-de-bois_contrat-2022_avec-champs.pdf\"  target=\"_blank\"> Contrat de r\u00e9colte de bois<\/a><\/li>\n\t\t\t\t\t\t\t\t\t\t\t\t\t<li><a href=\"https:\/\/www.foretprivee.ca\/je-vends-mon-bois\/evolution-des-marches\/\"  target=\"_blank\"> \u00c9volution des march\u00e9s<\/a><\/li>\n\t\t\t\t\t\t\t\t\t\t\t\t\t<li><a href=\"https:\/\/www.foretprivee.ca\/je-vends-mon-bois\/recolte-forestiere\/5-conseils-pour-produire-du-bois\/\"  target=\"_blank\"> Cinq conseils pour produire du bois<\/a><\/li>\n\t\t\t\t\t\t\t\t\t\t\t\t\t<li><a href=\"https:\/\/www.foretprivee.ca\/regiondequebec\/wp-content\/uploads\/sites\/4\/2025\/12\/Tableau-equivalence-preleve.pdf\"  target=\"_blank\"> Tableau \u00e9quivalence des contributions<\/a><\/li>\n\t\t\t\t\t\t\t\t\t\t\t<\/ul>\n\t\t\t\t<\/div>\n\t\t\t<\/div>\n\t\t<\/div>\n\t\t\t\t\t\t<\/div>\n\t\t\t\t<\/div>\n\t\t\t\t\t<\/div>\n\t\t<\/div>\n\t\t\t\t\t<\/div>\n\t\t<\/section>\n\t\t\t\t<section class=\"elementor-section elementor-top-section elementor-element elementor-element-5984947 elementor-section-boxed elementor-section-height-default elementor-section-height-default\" data-id=\"5984947\" data-element_type=\"section\" data-e-type=\"section\">\n\t\t\t\t\t\t<div class=\"elementor-container elementor-column-gap-default\">\n\t\t\t\t\t<div class=\"elementor-column elementor-col-66 elementor-top-column elementor-element elementor-element-2757f1d\" data-id=\"2757f1d\" data-element_type=\"column\" data-e-type=\"column\">\n\t\t\t<div class=\"elementor-widget-wrap elementor-element-populated\">\n\t\t\t\t\t\t<div class=\"elementor-element elementor-element-011e271 elementor-widget elementor-widget-text-editor\" data-id=\"011e271\" data-element_type=\"widget\" data-e-type=\"widget\" data-widget_type=\"text-editor.default\">\n\t\t\t\t<div class=\"elementor-widget-container\">\n\t\t\t\t\t\t\t\t\t<h4>CONTINGENTEMENT<\/h4><p><b>Le r\u00e8glement sur les contingents du Syndicat vise tous les produits ligneux sauf le bois destin\u00e9 au sciage et au d\u00e9roulage.<\/b><\/p><p><b>\u00a0<\/b>Il y a deux \u00e9missions de contingents par ann\u00e9e et chaque \u00e9mission peut \u00eatre divis\u00e9e en p\u00e9riode de production:<\/p><ol><li>1er avril au 31 ao\u00fbt<\/li><li>1er septembre au 31 mars<\/li><\/ol><div>Lors de l&rsquo;\u00e9mission des contingents, les producteurs admissibles sont divis\u00e9s en trois groupes distincts:<\/div><div>\u00a0<\/div><ol><li>les producteurs propri\u00e9taires de for\u00eats priv\u00e9es d&rsquo;au moins 800 hectares d&rsquo;un seul tenant;<\/li><li>les organisations qui regroupent des producteurs (OGC, Conseillers forestiers, Entrepreneurs, Producteurs-Transporteurs) et<\/li><li>tous les autres producteurs.<\/li><\/ol><div>La r\u00e9partition des volumes se fait par secteurs au prorata des possibilit\u00e9s foresti\u00e8res de chacun des trois groupes. La grille de r\u00e9partition est disponible en ligne.<\/div><div>\u00a0<\/div><div>Des p\u00e9nalit\u00e9s sont \u00e9galement pr\u00e9vues en cas de production sans contingents ou afin d&rsquo;adresser des probl\u00e9matiques r\u00e9currentes. La p\u00e9nalit\u00e9 est de 10 % du prix provisoire pour une premi\u00e8re production hors contingent et de 25 % pour une r\u00e9cidive dans les six p\u00e9riodes de production suivant le premier \u00e9v\u00e8nement.<\/div><div>\u00a0<\/div><div>D&rsquo;o\u00f9 l&rsquo;importance de toujours demander un contingent et d&rsquo;aviser le syndicat dans les d\u00e9lais en cas de non-production.<\/div>\t\t\t\t\t\t\t\t<\/div>\n\t\t\t\t<\/div>\n\t\t\t\t\t<\/div>\n\t\t<\/div>\n\t\t\t\t<div class=\"elementor-column elementor-col-33 elementor-top-column elementor-element elementor-element-1299178\" data-id=\"1299178\" data-element_type=\"column\" data-e-type=\"column\">\n\t\t\t<div class=\"elementor-widget-wrap elementor-element-populated\">\n\t\t\t\t\t\t<div class=\"elementor-element elementor-element-dc057ee elementor-widget elementor-widget-complements-sidebar\" data-id=\"dc057ee\" data-element_type=\"widget\" data-e-type=\"widget\" data-widget_type=\"complements-sidebar.default\">\n\t\t\t\t<div class=\"elementor-widget-container\">\n\t\t\t\t\t\n\n\n\t\t <div class=\"sidebar\">\n\t\t\t<div class=\"complements-sidebar inner-sidebar\">\n\t\t\t\t<div class=\"header\" style=\"  \">\n\t\t\t\t\t<h3>Compl\u00e9ments<\/h3>\n\t\t\t\t<\/div>\n\t\t\t\t<div class=\"competence-content sidebar-content\">\n\t\t\t\t\t<ul>\n\t\t\t\t\t\t\t\t\t\t\t\t\t<li><a href=\"http:\/\/legisquebec.gouv.qc.ca\/fr\/showdoc\/cr\/M-35.1,%20r.%20116\"  target=\"_blank\"> R\u00e8glement sur le contingentement des producteurs de bois de la r\u00e9gion de Qu\u00e9bec<\/a><\/li>\n\t\t\t\t\t\t\t\t\t\t\t\t\t<li><a href=\"http:\/\/www.foretprivee.ca\/regiondequebec\/wp-content\/uploads\/sites\/4\/2021\/01\/Resume-du-nouveau-Reglement-sur-le-contingentement.pdf\"  target=\"_blank\"> R\u00e9sum\u00e9 des modifications du nouveau r\u00e8glement sur le contingentement<\/a><\/li>\n\t\t\t\t\t\t\t\t\t\t\t\t\t<li><a href=\"\" > Grille de r\u00e9partition des volumes \u00e0 venir<\/a><\/li>\n\t\t\t\t\t\t\t\t\t\t\t\t\t<li><a href=\"https:\/\/www.foretprivee.ca\/regiondequebec\/nous-joindre\/\"  target=\"_blank\"> Formulaire de demande de contingent \u00e9lectronique en construction, contactez le secr\u00e9tariat du Syndicat afin d'obtenir celui de votre secteur<\/a><\/li>\n\t\t\t\t\t\t\t\t\t\t\t<\/ul>\n\t\t\t\t<\/div>\n\t\t\t<\/div>\n\t\t<\/div>\n\t\t\t\t\t\t<\/div>\n\t\t\t\t<\/div>\n\t\t\t\t\t<\/div>\n\t\t<\/div>\n\t\t\t\t\t<\/div>\n\t\t<\/section>\n\t\t\t\t<section class=\"elementor-section elementor-top-section elementor-element elementor-element-602e558c elementor-section-boxed elementor-section-height-default elementor-section-height-default\" data-id=\"602e558c\" data-element_type=\"section\" data-e-type=\"section\">\n\t\t\t\t\t\t<div class=\"elementor-container elementor-column-gap-default\">\n\t\t\t\t\t<div class=\"elementor-column elementor-col-100 elementor-top-column elementor-element elementor-element-3fdaf844\" data-id=\"3fdaf844\" data-element_type=\"column\" data-e-type=\"column\">\n\t\t\t<div class=\"elementor-widget-wrap elementor-element-populated\">\n\t\t\t\t\t\t<div class=\"elementor-element elementor-element-4f85c1f4 colorH2 f24 elementor-widget elementor-widget-outils\" data-id=\"4f85c1f4\" data-element_type=\"widget\" data-e-type=\"widget\" data-widget_type=\"outils.default\">\n\t\t\t\t<div class=\"elementor-widget-container\">\n\t\t\t\t\t\t\t<div class=\"penega-outils-container\">\n\t\t\t\t\t\t\t<h2>Outils<\/h2>\n\t\t\t\t\t\t<div class=\"boutons\">\n\t\t\t\t\t\t\t\t\t<a target=\"_blank\" class=\"btn-color second-color full\" href=\"http:\/\/www.prixbois.ca\/#Recherche\">\n\t\t\t\t\t\t<img decoding=\"async\" data-src=\"http:\/\/www.foretprivee.ca\/regiondequebec\/wp-content\/uploads\/sites\/4\/2019\/01\/icone-calculator.png\" src=\"data:image\/svg+xml;base64,PHN2ZyB3aWR0aD0iMSIgaGVpZ2h0PSIxIiB4bWxucz0iaHR0cDovL3d3dy53My5vcmcvMjAwMC9zdmciPjwvc3ZnPg==\" class=\"lazyload\" \/>\n\t\t\t\t\t\t<span>Conna\u00eetre le prix du bois<\/span>\n\t\t\t\t\t\t<svg viewBox=\"0 0 41.303 28.299\">\n\t\t\t\t\t\t  <defs>\n\t\t\t\t\t\t    <style>\n\t\t\t\t\t\t      .outils-1, .outils-2, .outils-4, .outils-7 {\n\t\t\t\t\t\t        fill: none;\n\t\t\t\t\t\t      }\n\n\t\t\t\t\t\t      .outils-2 {\n\t\t\t\t\t\t        clip-rule: evenodd;\n\t\t\t\t\t\t      }\n\n\t\t\t\t\t\t      .outils-3 {\n\t\t\t\t\t\t        clip-path: url(#clip-path);\n\t\t\t\t\t\t      }\n\n\t\t\t\t\t\t      .outils-4, .outils-7 {\n\t\t\t\t\t\t        stroke: #ffffff;\n\t\t\t\t\t\t      }\n\n\t\t\t\t\t\t      .outils-4 {\n\t\t\t\t\t\t        stroke-linecap: square;\n\t\t\t\t\t\t        stroke-width: 2px;\n\t\t\t\t\t\t      }\n\n\t\t\t\t\t\t      .outils-5 {\n\t\t\t\t\t\t        clip-path: url(#clip-path-2);\n\t\t\t\t\t\t      }\n\n\t\t\t\t\t\t      .outils-6 {\n\t\t\t\t\t\t        clip-path: url(#clip-path-3);\n\t\t\t\t\t\t      }\n\n\t\t\t\t\t\t      .outils-7 {\n\t\t\t\t\t\t        stroke-width: 4px;\n\t\t\t\t\t\t      }\n\t\t\t\t\t\t    <\/style>\n\t\t\t\t\t\t    <clipPath id=\"clip-path\">\n\t\t\t\t\t\t      <path id=\"Trac\u00e9_73\" data-name=\"Trac\u00e9 73\" class=\"outils-1\" d=\"M0,12.3H41.3V-16H0Z\" transform=\"translate(0 16)\"\/>\n\t\t\t\t\t\t    <\/clipPath>\n\t\t\t\t\t\t    <clipPath id=\"clip-path-2\">\n\t\t\t\t\t\t      <path id=\"Trac\u00e9_76\" data-name=\"Trac\u00e9 76\" class=\"outils-2\" d=\"M27.728-15.136,38.267-4.6,27.728,5.942\" transform=\"translate(-27.728 15.136)\"\/>\n\t\t\t\t\t\t    <\/clipPath>\n\t\t\t\t\t\t    <clipPath id=\"clip-path-3\">\n\t\t\t\t\t\t      <path id=\"Trac\u00e9_75\" data-name=\"Trac\u00e9 75\" class=\"outils-1\" d=\"M0,6.782H48.245V-16H0Z\" transform=\"translate(0 16)\"\/>\n\t\t\t\t\t\t    <\/clipPath>\n\t\t\t\t\t\t  <\/defs>\n\t\t\t\t\t\t  <g id=\"Symbole_7_7\" data-name=\"Symbole 7 \u2013 7\" transform=\"translate(-621 -3612)\">\n\t\t\t\t\t\t    <g id=\"Groupe_90\" data-name=\"Groupe 90\" class=\"outils-3\" transform=\"translate(621 3612)\">\n\t\t\t\t\t\t      <g id=\"Groupe_89\" data-name=\"Groupe 89\" transform=\"translate(2.29 14.149)\">\n\t\t\t\t\t\t        <path id=\"Trac\u00e9_72\" data-name=\"Trac\u00e9 72\" class=\"outils-4\" d=\"M1,1.5H36.057\" transform=\"translate(-0.996 -1.5)\"\/>\n\t\t\t\t\t\t      <\/g>\n\t\t\t\t\t\t    <\/g>\n\t\t\t\t\t\t    <g id=\"Groupe_93\" data-name=\"Groupe 93\" class=\"outils-5\" transform=\"translate(650.992 3616.033)\">\n\t\t\t\t\t\t      <g id=\"Groupe_92\" data-name=\"Groupe 92\" class=\"outils-6\" transform=\"translate(-37.159 -1.158)\">\n\t\t\t\t\t\t        <g id=\"Groupe_91\" data-name=\"Groupe 91\" transform=\"translate(37.159 1.158) rotate(45)\">\n\t\t\t\t\t\t          <path id=\"Trac\u00e9_74\" data-name=\"Trac\u00e9 74\" class=\"outils-7\" d=\"M0,0H14.9V14.9\" transform=\"translate(0 0)\"\/>\n\t\t\t\t\t\t        <\/g>\n\t\t\t\t\t\t      <\/g>\n\t\t\t\t\t\t    <\/g>\n\t\t\t\t\t\t  <\/g>\n\t\t\t\t\t\t<\/svg>\n\t\t\t\t\t<\/a>\n\t\t\t\t\t\t\t\t\t<a target=\"_blank\" class=\"btn-color second-color full\" href=\"https:\/\/www.foretprivee.ca\/bibliotheque\/outils\/nos-facteurs-de-conversion-et-mesures\/\">\n\t\t\t\t\t\t<img decoding=\"async\" data-src=\"http:\/\/www.foretprivee.ca\/regiondequebec\/wp-content\/uploads\/sites\/4\/2019\/01\/icone_mesures.png\" src=\"data:image\/svg+xml;base64,PHN2ZyB3aWR0aD0iMSIgaGVpZ2h0PSIxIiB4bWxucz0iaHR0cDovL3d3dy53My5vcmcvMjAwMC9zdmciPjwvc3ZnPg==\" class=\"lazyload\" \/>\n\t\t\t\t\t\t<span>Nos facteurs de conversion et mesures<\/span>\n\t\t\t\t\t\t<svg viewBox=\"0 0 41.303 28.299\">\n\t\t\t\t\t\t  <defs>\n\t\t\t\t\t\t    <style>\n\t\t\t\t\t\t      .outils-1, .outils-2, .outils-4, .outils-7 {\n\t\t\t\t\t\t        fill: none;\n\t\t\t\t\t\t      }\n\n\t\t\t\t\t\t      .outils-2 {\n\t\t\t\t\t\t        clip-rule: evenodd;\n\t\t\t\t\t\t      }\n\n\t\t\t\t\t\t      .outils-3 {\n\t\t\t\t\t\t        clip-path: url(#clip-path);\n\t\t\t\t\t\t      }\n\n\t\t\t\t\t\t      .outils-4, .outils-7 {\n\t\t\t\t\t\t        stroke: #ffffff;\n\t\t\t\t\t\t      }\n\n\t\t\t\t\t\t      .outils-4 {\n\t\t\t\t\t\t        stroke-linecap: square;\n\t\t\t\t\t\t        stroke-width: 2px;\n\t\t\t\t\t\t      }\n\n\t\t\t\t\t\t      .outils-5 {\n\t\t\t\t\t\t        clip-path: url(#clip-path-2);\n\t\t\t\t\t\t      }\n\n\t\t\t\t\t\t      .outils-6 {\n\t\t\t\t\t\t        clip-path: url(#clip-path-3);\n\t\t\t\t\t\t      }\n\n\t\t\t\t\t\t      .outils-7 {\n\t\t\t\t\t\t        stroke-width: 4px;\n\t\t\t\t\t\t      }\n\t\t\t\t\t\t    <\/style>\n\t\t\t\t\t\t    <clipPath id=\"clip-path\">\n\t\t\t\t\t\t      <path id=\"Trac\u00e9_73\" data-name=\"Trac\u00e9 73\" class=\"outils-1\" d=\"M0,12.3H41.3V-16H0Z\" transform=\"translate(0 16)\"\/>\n\t\t\t\t\t\t    <\/clipPath>\n\t\t\t\t\t\t    <clipPath id=\"clip-path-2\">\n\t\t\t\t\t\t      <path id=\"Trac\u00e9_76\" data-name=\"Trac\u00e9 76\" class=\"outils-2\" d=\"M27.728-15.136,38.267-4.6,27.728,5.942\" transform=\"translate(-27.728 15.136)\"\/>\n\t\t\t\t\t\t    <\/clipPath>\n\t\t\t\t\t\t    <clipPath id=\"clip-path-3\">\n\t\t\t\t\t\t      <path id=\"Trac\u00e9_75\" data-name=\"Trac\u00e9 75\" class=\"outils-1\" d=\"M0,6.782H48.245V-16H0Z\" transform=\"translate(0 16)\"\/>\n\t\t\t\t\t\t    <\/clipPath>\n\t\t\t\t\t\t  <\/defs>\n\t\t\t\t\t\t  <g id=\"Symbole_7_7\" data-name=\"Symbole 7 \u2013 7\" transform=\"translate(-621 -3612)\">\n\t\t\t\t\t\t    <g id=\"Groupe_90\" data-name=\"Groupe 90\" class=\"outils-3\" transform=\"translate(621 3612)\">\n\t\t\t\t\t\t      <g id=\"Groupe_89\" data-name=\"Groupe 89\" transform=\"translate(2.29 14.149)\">\n\t\t\t\t\t\t        <path id=\"Trac\u00e9_72\" data-name=\"Trac\u00e9 72\" class=\"outils-4\" d=\"M1,1.5H36.057\" transform=\"translate(-0.996 -1.5)\"\/>\n\t\t\t\t\t\t      <\/g>\n\t\t\t\t\t\t    <\/g>\n\t\t\t\t\t\t    <g id=\"Groupe_93\" data-name=\"Groupe 93\" class=\"outils-5\" transform=\"translate(650.992 3616.033)\">\n\t\t\t\t\t\t      <g id=\"Groupe_92\" data-name=\"Groupe 92\" class=\"outils-6\" transform=\"translate(-37.159 -1.158)\">\n\t\t\t\t\t\t        <g id=\"Groupe_91\" data-name=\"Groupe 91\" transform=\"translate(37.159 1.158) rotate(45)\">\n\t\t\t\t\t\t          <path id=\"Trac\u00e9_74\" data-name=\"Trac\u00e9 74\" class=\"outils-7\" d=\"M0,0H14.9V14.9\" transform=\"translate(0 0)\"\/>\n\t\t\t\t\t\t        <\/g>\n\t\t\t\t\t\t      <\/g>\n\t\t\t\t\t\t    <\/g>\n\t\t\t\t\t\t  <\/g>\n\t\t\t\t\t\t<\/svg>\n\t\t\t\t\t<\/a>\n\t\t\t\t\t\t\t<\/div>\n\t\t\t\t\t<\/div>\n\t\t\t\t\t\t<\/div>\n\t\t\t\t<\/div>\n\t\t\t\t\t<\/div>\n\t\t<\/div>\n\t\t\t\t\t<\/div>\n\t\t<\/section>\n\t\t\t\t<\/div>\n\t\t","protected":false},"excerpt":{"rendered":"<p>MISE EN MARCH\u00c9 La mise en march\u00e9 &#8211; p\u00e2tes, panneaux, charbon et autres La n\u00e9gociation du prix, de la qualit\u00e9 et des volumes de bois vendus aux usines par le biais du Plan conjoint; La programmation des livraisons du bois; Le partage des march\u00e9s entre les producteurs; L\u2019organisation du\u00a0transport; La recherche et le d\u00e9veloppement de &hellip; <\/p>\n<p class=\"link-more\"><a href=\"https:\/\/www.foretprivee.ca\/regiondequebec\/mes-services\/production-de-bois-et-demande-de-contingent\/\" class=\"more-link\">Lire la suite<\/a><\/p>\n","protected":false},"author":1,"featured_media":0,"parent":22,"menu_order":0,"comment_status":"closed","ping_status":"closed","template":"","meta":{"_acf_changed":false,"footnotes":""},"class_list":["post-24","page","type-page","status-publish","hentry"],"acf":[],"_links":{"self":[{"href":"https:\/\/www.foretprivee.ca\/regiondequebec\/wp-json\/wp\/v2\/pages\/24","targetHints":{"allow":["GET"]}}],"collection":[{"href":"https:\/\/www.foretprivee.ca\/regiondequebec\/wp-json\/wp\/v2\/pages"}],"about":[{"href":"https:\/\/www.foretprivee.ca\/regiondequebec\/wp-json\/wp\/v2\/types\/page"}],"author":[{"embeddable":true,"href":"https:\/\/www.foretprivee.ca\/regiondequebec\/wp-json\/wp\/v2\/users\/1"}],"replies":[{"embeddable":true,"href":"https:\/\/www.foretprivee.ca\/regiondequebec\/wp-json\/wp\/v2\/comments?post=24"}],"version-history":[{"count":0,"href":"https:\/\/www.foretprivee.ca\/regiondequebec\/wp-json\/wp\/v2\/pages\/24\/revisions"}],"up":[{"embeddable":true,"href":"https:\/\/www.foretprivee.ca\/regiondequebec\/wp-json\/wp\/v2\/pages\/22"}],"wp:attachment":[{"href":"https:\/\/www.foretprivee.ca\/regiondequebec\/wp-json\/wp\/v2\/media?parent=24"}],"curies":[{"name":"wp","href":"https:\/\/api.w.org\/{rel}","templated":true}]}}